000
CXUS53 KGRB 040054
CLSRHI

CLIMATE REPORT
NATIONAL WEATHER SERVICE GREEN BAY
755 PM CDT MON JUN 3 2019

...THE RHINELANDER WI SPRING CLIMATE SUMMARY FROM 3/1/2019 TO
5/31/2019...

CLIMATE NORMAL PERIOD 1981 TO 2010
CLIMATE RECORD PERIOD 1908 TO 2019

WEATHER         OBSERVED          NORMAL  DEPART  LAST YEAR`S
                 VALUE   DATE(S)  VALUE   FROM    VALUE  DATE(S)
                                          NORMAL
................................................................
TEMPERATURE (F)
RECORD
 HIGH              99   05/31/1934
 LOW              -36   03/01/1962
HIGHEST            91   05/31        87       4       94  05/26
LOWEST            -25   03/04       -10     -15       -4  04/08
AVG. MAXIMUM     49.7              51.9    -2.2     52.4
AVG. MINIMUM     27.4              29.1    -1.7     26.9
MEAN             38.6              40.5    -1.9     39.7
DAYS MAX >= 90      1               0.1     0.9        4
DAYS MAX <= 32      9              11.8    -2.8       16
DAYS MIN <= 32     49              51.7    -2.7       61
DAYS MIN <= 0       7               3.4     3.6        3

PRECIPITATION (INCHES)
RECORD
 MAXIMUM        14.87   1991
 MINIMUM         2.28   1931
TOTALS           9.46              7.64    1.82     6.18
DAILY AVG.       0.10              0.08    0.02     0.07
DAYS >= .01        37                MM      MM       29
DAYS >= .10        20                MM      MM       15
DAYS >= .50         6                MM      MM        4
DAYS >= 1.00        3                MM      MM        1

SNOWFALL (INCHES)
RECORDS
 TOTAL           47.0   1923
 24 HR TOTAL       MM
TOTALS           19.2                MM      MM     44.3
SINCE 7/1       107.1                MM      MM     99.7
DAYS >= TRACE      24                MM      MM       19
DAYS >= 1.0         5                MM      MM        8
GREATEST
 SNOW DEPTH        37   03/02                         19  04/15
 24 HR TOTAL      8.7   MM

DEGREE_DAYS
HEATING TOTAL    2408              2264     144     2383
 SINCE 7/1       8925              8886      39     8958
COOLING TOTAL       9                12      -3       83
 SINCE 1/1          9                12      -3       83

FREEZE DATES
RECORD
 EARLIEST     08/27/1915
 LATEST       07/30/1928
EARLIEST                        09/23
LATEST                          05/20
.................................................................

WIND (MPH)
AVERAGE WIND SPEED              7.4
RESULTANT WIND SPEED/DIRECTION   1/273
HIGHEST WIND SPEED/DIRECTION    33/080    DATE  04/11
HIGHEST GUST SPEED/DIRECTION    47/110    DATE  04/11

SKY COVER
POSSIBLE SUNSHINE (PERCENT)   MM
AVERAGE SKY COVER           0.50
NUMBER OF DAYS FAIR           33
NUMBER OF DAYS PC             32
NUMBER OF DAYS CLOUDY         27

AVERAGE RH (PERCENT)     62

WEATHER CONDITIONS. NUMBER OF DAYS WITH
THUNDERSTORM              1      MIXED PRECIP                0
HEAVY RAIN                4      RAIN                        9
LIGHT RAIN               34      FREEZING RAIN               0
LT FREEZING RAIN          3      HAIL                        0
HEAVY SNOW                1      SNOW                        2
LIGHT SNOW               23      SLEET                       0
FOG                      39      FOG W/VIS <= 1/4 MILE       9
HAZE                     33

$$
ECKBERG
