000
CXUS53 KGRB 031049
CLSRHI

CLIMATE REPORT
NATIONAL WEATHER SERVICE GREEN BAY
452 AM CST MON DEC 3 2018

...TIED 34TH COOLEST FALL ON RECORD...
...11TH WETTEST FALL ON RECORD...
...6TH SNOWIEST FALL ON RECORD...

...THE RHINELANDER WI FALL CLIMATE SUMMARY FROM 9/1/2018 TO
11/30/2018...

CLIMATE NORMAL PERIOD 1981 TO 2010
CLIMATE RECORD PERIOD 1908 TO 2018

WEATHER         OBSERVED          NORMAL  DEPART  LAST YEAR`S
                 VALUE   DATE(S)  VALUE   FROM    VALUE  DATE(S)
                                          NORMAL
................................................................
TEMPERATURE (F)
RECORD
 HIGH              98   09/10/1908
 LOW              -16   11/30/1976
HIGHEST            90   09/15        86       4       87  09/24
LOWEST             -3   11/20         2      -5        0  11/10
AVG. MAXIMUM     51.4              52.7    -1.3     55.2
AVG. MINIMUM     34.5              33.6     0.9     35.9
MEAN             43.0              43.2    -0.2     45.5
DAYS MAX >= 90      1               0.0     1.0        0
DAYS MAX <= 32     19              10.3     8.7        9
DAYS MIN <= 32     43              42.4     0.6       42
DAYS MIN <= 0       1               0.5     0.5        1

PRECIPITATION (INCHES)
RECORD
 MAXIMUM        17.47   1934
 MINIMUM         1.11   1976
TOTALS          12.67              9.08    3.59     7.47
DAILY AVG.       0.14              0.10    0.04     0.08
DAYS >= .01        40                MM      MM       37
DAYS >= .10        22                MM      MM       20
DAYS >= .50         8                MM      MM        4
DAYS >= 1.00        3                MM      MM        1

SNOWFALL (INCHES)
RECORDS
 TOTAL           35.1   2014
 24 HR TOTAL       MM
TOTALS           16.8                MM      MM     13.7
SINCE 7/1        16.8                MM      MM     13.7
DAYS >= TRACE      25                MM      MM       20
DAYS >= 1.0         5                MM      MM        4
GREATEST
 SNOW DEPTH         4   11/21                          4  11/11
                        11/19
                        11/20
 24 HR TOTAL      3.8   11/04

DEGREE_DAYS
HEATING TOTAL    2071              2007      64     1771
 SINCE 7/1       2114              2134     -20     1937
COOLING TOTAL      80                21      59       53
 SINCE 1/1        566               261     305      215

FREEZE DATES
RECORD
 EARLIEST     08/27/1915
 LATEST       07/30/1928
EARLIEST                        09/23
LATEST                          05/20
.................................................................

WIND (MPH)
AVERAGE WIND SPEED              6.9
HIGHEST WIND SPEED/DIRECTION    31/270    DATE  09/21
HIGHEST GUST SPEED/DIRECTION    45/260    DATE  09/21

SKY COVER
POSSIBLE SUNSHINE (PERCENT)   MM
AVERAGE SKY COVER           0.60
NUMBER OF DAYS FAIR           22
NUMBER OF DAYS PC             24
NUMBER OF DAYS CLOUDY         45

AVERAGE RH (PERCENT)     71

WEATHER CONDITIONS. NUMBER OF DAYS WITH
THUNDERSTORM              4     MIXED PRECIP               0
HEAVY RAIN                6     RAIN                      15
LIGHT RAIN               37     FREEZING RAIN              0
LT FREEZING RAIN          0     HAIL                       0
HEAVY SNOW                2     SNOW                       5
LIGHT SNOW               26     SLEET                      0
FOG                      51     FOG W/VIS <= 1/4 MILE     10
HAZE                     35

-  INDICATES NEGATIVE NUMBERS.
R  INDICATES RECORD WAS SET OR TIED.
MM INDICATES DATA IS MISSING.
T  INDICATES TRACE AMOUNT.

$$
ECKBERG
