000
CXUS53 KGRB 031441
CLSRHI

CLIMATE REPORT
NATIONAL WEATHER SERVICE GREEN BAY
840 AM CST SUN MAR 3 2019

...THE RHINELANDER WI WINTER CLIMATE SUMMARY FROM 12/1/2018 TO
2/28/2019...

...TIED 26TH COLDEST WINTER ON RECORD...
...5TH WETTEST AND 3RD SNOWIEST WINTER ON RECORD...

.................................................................
CLIMATE NORMAL PERIOD 1981 TO 2010
CLIMATE RECORD PERIOD 1908 TO 2019

WEATHER         OBSERVED          NORMAL  DEPART  LAST YEAR`S
                 VALUE   DATE(S)  VALUE   FROM    VALUE  DATE(S)
                                          NORMAL
................................................................
TEMPERATURE (F)
RECORD
 HIGH              62   12/02/1998
 LOW              -42   02/03/1996
HIGHEST            45   01/04        48      -3       56  12/04
LOWEST            -30   01/31       -27      -3      -24  01/14
AVG. MAXIMUM     21.3              24.2    -2.9     23.1
AVG. MINIMUM      1.5               6.0    -4.5      4.2
MEAN             11.4              15.1    -3.7     13.7
DAYS MAX >= 90      0               0.0     0.0        0
DAYS MAX <= 32     50              70.1   -20.1       65
DAYS MIN <= 32     59              88.6   -29.6       89
DAYS MIN <= 0      27              30.5    -3.5       35

PRECIPITATION (INCHES)
RECORD
 MAXIMUM         7.94   2005
 MINIMUM         0.93   1958
TOTALS           6.00              3.48    2.52     4.02
DAILY AVG.       0.11              0.04    0.07     0.05
DAYS >= .01        26                MM      MM       30
DAYS >= .10        11                MM      MM       12
DAYS >= .50         3                MM      MM        2
DAYS >= 1.00        2                MM      MM        0

SNOWFALL (INCHES)
RECORDS
 TOTAL           79.0   1969
 24 HR TOTAL       MM
TOTALS           71.1                MM      MM     41.7
SINCE 7/1        87.9                MM      MM     55.4
DAYS >= TRACE      38                MM      MM       44
DAYS >= 1.0        12                MM      MM       13
GREATEST
 SNOW DEPTH        34   02/27                         20  02/25
                        02/24
                        02/26
 24 HR TOTAL     14.9   02/12

DEGREE_DAYS
HEATING TOTAL    3149              4488   -1339     4602
 SINCE 7/1       6517              6622    -105     6575
COOLING TOTAL       0                 0       0        0
 SINCE 1/1          0                 0       0        0

FREEZE DATES
RECORD
 EARLIEST     08/27/1915
 LATEST       07/30/1928
EARLIEST                        09/23
LATEST                          05/20
.................................................................

WIND (MPH)
AVERAGE WIND SPEED              7.2
RESULTANT WIND SPEED/DIRECTION   2/265
HIGHEST WIND SPEED/DIRECTION    35/280    DATE  02/24
HIGHEST GUST SPEED/DIRECTION    53/280    DATE  02/24

SKY COVER
POSSIBLE SUNSHINE (PERCENT)   MM
AVERAGE SKY COVER           0.60
NUMBER OF DAYS FAIR           13
NUMBER OF DAYS PC             20
NUMBER OF DAYS CLOUDY         26

AVERAGE RH (PERCENT)     70

WEATHER CONDITIONS. NUMBER OF DAYS WITH
THUNDERSTORM              0      MIXED PRECIP                0
HEAVY RAIN                0      RAIN                        1
LIGHT RAIN                2      FREEZING RAIN               1
LT FREEZING RAIN          6      HAIL                        0
HEAVY SNOW                7      SNOW                       10
LIGHT SNOW               39      SLEET                       0
FOG                      21      FOG W/VIS <= 1/4 MILE       5
HAZE                     35

$$
ECKBERG
