000
CXUS51 KRNK 020310
CLSRNK


CLIMATE REPORT
NATIONAL WEATHER SERVICE BLACKSBURG VA
948 PM EST SAT DEC 1 2018

...................................

...THE BLACKSBURG VA CLIMATE SUMMARY FOR THE SEASON, FROM
9/1/2018 TO 11/30/2018...

CLIMATE NORMAL PERIOD 1981 TO 2010
CLIMATE RECORD PERIOD 1952 TO 2018

WEATHER         OBSERVED          NORMAL  DEPART  LAST YEAR`S
                 VALUE   DATE(S)  VALUE   FROM    VALUE
                                          NORMAL
.............................................................
TEMPERATURE (F)
RECORD
 HIGH              96   09/02/1953
 LOW                0   11/25/1970
HIGHEST            87   09/06                         87
                        09/03
                        09/04
LOWEST             15   11/11                         18
AVG. MAXIMUM     63.4              65.4    -2.0     66.7
AVG. MINIMUM     45.5              40.4     5.1     43.2
MEAN             54.4              52.9     1.5     55.0
DAYS MAX >= 90      0               0.3    -0.3        0
DAYS MAX <= 32      2               0.4     1.6        0
DAYS MIN <= 32     26              25.2     0.8       20
DAYS MIN <= 0       0               0.0     0.0        0

PRECIPITATION (INCHES)
RECORD
 MAXIMUM        17.83   1977
 MINIMUM         2.63   1953
TOTALS          16.97              8.75    8.22    10.40
DAILY AVG.       0.19              0.10    0.09     0.11
DAYS >= .01        43              26.6    16.4       30
DAYS >= .10        28              16.5    11.5       15
DAYS >= .50        12               6.4     5.6        6
DAYS >= 1.00        6               1.9     4.1        3
GREATEST
 24 HR. TOTAL    1.86                               2.00

SNOWFALL (INCHES)
TOTALS              T                                  T
DAYS >= TRACE       5                                  3
DAYS >= 1.0         0                                  0
GREATEST
 24 HR TOTAL      0.0                                0.0

DEGREE_DAYS
HEATING TOTAL    1144              1162     -18      981
COOLING TOTAL     208                62     146       96
..............................................................

WIND (MPH)
AVERAGE WIND SPEED              4.1
HIGHEST WIND SPEED/DIRECTION    29/320    DATE  10/20
HIGHEST GUST SPEED/DIRECTION    43/320    DATE  10/20

SKY COVER
AVERAGE SKY COVER           0.60

AVERAGE RH (PERCENT)     80

WEATHER CONDITIONS. NUMBER OF DAYS WITH
THUNDERSTORM              6     MIXED PRECIP                 0
HEAVY RAIN               19     RAIN                        30
LIGHT RAIN               55     FREEZING RAIN                1
LIGHT FREEZING RAIN       4     HAIL                         0
HEAVY SNOW                0     SNOW                         0
LIGHT SNOW                4     SLEET                        2
FOG                      56     FOG W/VIS <= 1/4 MILE       19
HAZE                      0

-  INDICATES NEGATIVE NUMBERS.
R  INDICATES RECORD WAS SET OR TIED.
MM INDICATES DATA IS MISSING.
T  INDICATES TRACE AMOUNT.

$$

RAB
