000
CXUS51 KRNK 011235
CLSRNK


CLIMATE REPORT
NATIONAL WEATHER SERVICE BLACKSBURG VA
830 AM EDT SAT JUN 1 2019

...................................

...THE BLACKSBURG VA CLIMATE SUMMARY FOR THE SEASON, FROM
3/1/2019 TO 5/31/2019...

CLIMATE NORMAL PERIOD 1981 TO 2010
CLIMATE RECORD PERIOD 1952 TO 2019

WEATHER         OBSERVED          NORMAL  DEPART  LAST YEAR`S
                 VALUE   DATE(S)  VALUE   FROM    VALUE
                                          NORMAL
.............................................................
TEMPERATURE (F)
RECORD
 HIGH              92   05/31/2011
 LOW                2   03/11/1969
HIGHEST            83   04/30                         85
LOWEST             14   03/06                         21
AVG. MAXIMUM     60.4              62.7    -2.3     62.3
AVG. MINIMUM     36.3              38.4    -2.1     40.3
MEAN             48.4              50.5    -2.1     51.3
DAYS MAX >= 90      0               0.0     0.0        0
DAYS MAX <= 32      2               1.1     0.9        1
DAYS MIN <= 32     25              27.7    -2.7       33
DAYS MIN <= 0       0               0.0     0.0        0

PRECIPITATION (INCHES)
RECORD
 MAXIMUM        18.52   1975
 MINIMUM         5.31   1969
TOTALS           6.69             11.45   -4.76    15.04
DAILY AVG.       0.11              0.12   -0.01     0.16
DAYS >= .01        23              37.0   -14.0       44
DAYS >= .10        14              24.0   -10.0       32
DAYS >= .50         7               8.0    -1.0       10
DAYS >= 1.00        1               2.3    -1.3        5
GREATEST
 24 HR. TOTAL    1.33                               1.83

SNOWFALL (INCHES)
TOTALS            0.8                               23.9
DAYS >= TRACE       4                                 19
DAYS >= 1.0         0                                  6
GREATEST
 24 HR TOTAL      0.8                                9.5

DEGREE_DAYS
HEATING TOTAL    1009              1360    -351     1329
COOLING TOTAL       3                29     -26       92
..............................................................

WIND (MPH)
AVERAGE WIND SPEED              5.5
HIGHEST WIND SPEED/DIRECTION    28/310    DATE  04/26
HIGHEST GUST SPEED/DIRECTION    45/310    DATE  04/26

SKY COVER
AVERAGE SKY COVER           0.40

AVERAGE RH (PERCENT)     65

WEATHER CONDITIONS. NUMBER OF DAYS WITH:
THUNDERSTORM              5     MIXED PRECIP                 0
HEAVY RAIN                6     RAIN                        12
LIGHT RAIN               25     FREEZING RAIN                0
LIGHT FREEZING RAIN       2     HAIL                         0
HEAVY SNOW                0     SNOW                         1
LIGHT SNOW                4     SLEET                        1
FOG                      18     FOG W/VIS <= 1/4 MILE        3
HAZE                      0

-  INDICATES NEGATIVE NUMBERS.
R  INDICATES RECORD WAS SET OR TIED.
MM INDICATES DATA IS MISSING.
T  INDICATES TRACE AMOUNT.

$$
RCS
