000
CXUS53 KEAX 010713 RRA
CLSSTJ

CLIMATE REPORT
NATIONAL WEATHER SERVICE KANSAS CITY/PLEASANT HILL MO
207 AM CDT SAT SEP 1 2018

...................................

...THE ST. JOSEPH MO CLIMATE SUMMARY FOR THE SEASON, FROM
6/1/2018 TO 8/31/2018...

CLIMATE NORMAL PERIOD 1981 TO 2010
CLIMATE RECORD PERIOD 1892 TO 2018

WEATHER         OBSERVED          NORMAL  DEPART  LAST YEAR`S
                 VALUE   DATE(S)  VALUE   FROM    VALUE  DATE(S)
                                          NORMAL
................................................................
TEMPERATURE (F)
RECORD
 HIGH             110   08/13/1936
                        08/10/1934
 LOW               41   08/28/1986
                        06/01/1982
                        07/05/1972
HIGHEST            98   08/05        98       0       96  07/22
                        07/13                             06/05
                        07/12
LOWEST             54   06/05        50       4       47  08/04
AVG. MAXIMUM     88.3              85.8     2.5     86.3
AVG. MINIMUM     65.8              64.9     0.9     63.2
MEAN             77.1              75.3     1.8     74.7
DAYS MAX >= 90     41              31.2     9.8       29
DAYS MAX <= 32      0               0.0     0.0        0
DAYS MIN <= 32      0               0.0     0.0        0
DAYS MIN <= 0       0               0.0     0.0        0

PRECIPITATION (INCHES)
RECORD
 MAXIMUM        28.88   1951
 MINIMUM         3.94   1901
TOTALS           7.41             13.35   -5.94     8.17
DAILY AVG.       0.09              0.15   -0.06     0.09
DAYS >= .01        24              26.4    -2.4       23
DAYS >= .10        14              16.4    -2.4       18
DAYS >= .50         6               8.2    -2.2        7
DAYS >= 1.00        1               3.9    -2.9        2
GREATEST
 24 HR. TOTAL    1.46   MM

DEGREE_DAYS
HEATING TOTAL       0                13     -13       10
COOLING TOTAL    1132               965     167      925
.................................................................

WIND (MPH)
AVERAGE WIND SPEED              7.0
HIGHEST WIND SPEED/DIRECTION    41/330    DATE  06/02
HIGHEST GUST SPEED/DIRECTION    57/330    DATE  06/02

SKY COVER
POSSIBLE SUNSHINE (PERCENT)    0
AVERAGE SKY COVER           0.20
NUMBER OF DAYS FAIR           75
NUMBER OF DAYS PC             13
NUMBER OF DAYS CLOUDY          4

AVERAGE RH (PERCENT)     73

WEATHER CONDITIONS. NUMBER OF DAYS WITH
  0
 15
  0
  0
  0
  0
 12
HAZE                      5

-  INDICATES NEGATIVE NUMBERS.
R  INDICATES RECORD WAS SET OR TIED.
MM INDICATES DATA IS MISSING.
T  INDICATES TRACE AMOUNT.

$$
