884
CXUS53 KEAX 011359
CLSSTJ

CLIMATE REPORT
NATIONAL WEATHER SERVICE KANSAS CITY/PLEASANT HILL MO
853 AM CDT SAT JUN 1 2019

...................................

...THE ST. JOSEPH MO CLIMATE SUMMARY FOR THE SEASON, FROM
3/1/2019 TO 5/31/2019...

CLIMATE NORMAL PERIOD 1981 TO 2010
CLIMATE RECORD PERIOD 1892 TO 2019

WEATHER         OBSERVED          NORMAL  DEPART  LAST YEAR`S
                 VALUE   DATE(S)  VALUE   FROM    VALUE  DATE(S)
                                          NORMAL
................................................................
TEMPERATURE (F)
RECORD
 HIGH             103   05/30/1934
 LOW              -13   03/04/1978
HIGHEST            93   05/16        90       3      102  05/26
LOWEST             -2   03/04        14     -16       10  04/02
AVG. MAXIMUM     62.4              65.2    -2.8     66.6
AVG. MINIMUM     41.5              42.4    -0.9     41.5
MEAN             52.0              53.8    -1.8     54.0
DAYS MAX >= 90      1               2.0    -1.0        9
DAYS MAX <= 32      4               1.1     2.9        2
DAYS MIN <= 32     22              21.5     0.5       33
DAYS MIN <= 0       1               0.0     1.0        0

PRECIPITATION (INCHES)
RECORD
 MAXIMUM        19.06   1944
 MINIMUM         2.67   1966
TOTALS          12.36             11.46    0.90     3.90
DAILY AVG.       0.14              0.12    0.02     0.04
DAYS >= .01        36              28.8     7.2       23
DAYS >= .10        24              18.2     5.8       12
DAYS >= .50         9               7.2     1.8        2
DAYS >= 1.00        3               2.6     0.4        0
GREATEST
 24 HR. TOTAL    1.31   MM

DEGREE_DAYS
HEATING TOTAL    1176              1142      34     1272
COOLING TOTAL     101               112     -11      294
.................................................................

WIND (MPH)
AVERAGE WIND SPEED              9.9
HIGHEST WIND SPEED/DIRECTION    37/320    DATE  04/27
HIGHEST GUST SPEED/DIRECTION    51/200    DATE  03/14

SKY COVER
POSSIBLE SUNSHINE (PERCENT)   MM
AVERAGE SKY COVER           0.40
NUMBER OF DAYS FAIR           41
NUMBER OF DAYS PC             29
NUMBER OF DAYS CLOUDY         22

AVERAGE RH (PERCENT)     70

-  INDICATES NEGATIVE NUMBERS.
R  INDICATES RECORD WAS SET OR TIED.
MM INDICATES DATA IS MISSING.
T  INDICATES TRACE AMOUNT.

$$
