000
CXUS51 KBGM 012054
CLSSYR


CLIMATE REPORT
NATIONAL WEATHER SERVICE BINGHAMTON NY
314 PM EST SAT DEC 1 2018

...................................

...THE SYRACUSE NY CLIMATE SUMMARY FOR THE SEASON, FROM
9/1/2018 TO 11/30/2018...

CLIMATE NORMAL PERIOD 1981 TO 2010
CLIMATE RECORD PERIOD 1902 TO 2018

WEATHER         OBSERVED          NORMAL  DEPART  LAST YEAR`S
                 VALUE   DATE(S)  VALUE   FROM    VALUE  DATE(S)
                                          NORMAL
................................................................
TEMPERATURE (F)
RECORD
 HIGH              97   09/04/1953
                        09/03/1953
 LOW                    11/23/2018
HIGHEST            92   09/05        60      32       91  09/27
                                                          09/26
LOWEST               R  11/23        42     -43       16  11/11
AVG. MAXIMUM     57.3              60.2    -2.9     63.5
AVG. MINIMUM     42.8              41.9     0.9     42.8
MEAN             50.0              51.1    -1.1     53.2
DAYS MAX >= 90      2               0.4     1.6        3
DAYS MAX <= 32      4               1.6     2.4        1
DAYS MIN <= 32     26              18.3     7.7       24
DAYS MIN <= 0       1               0.0     1.0        0

PRECIPITATION (INCHES)
RECORD
 MAXIMUM        16.60   1977
 MINIMUM         4.47   1964
TOTALS          13.76             10.66    3.10    11.12
DAILY AVG.       0.15              0.12    0.03     0.12
DAYS >= .01        49              43.0     6.0       40
DAYS >= .10        34              23.6    10.4       21
DAYS >= .50         9               6.3     2.7        7
DAYS >= 1.00        2               1.9     0.1        2
GREATEST
 24 HR. TOTAL    1.67   11/15 TO 11/16

SNOWFALL (INCHES)
RECORDS
 TOTAL           34.2   1995
 24 HR TOTAL     18.3   11/21/2016 TO 11/21/2016
 SNOW DEPTH        22   11/21/2016
                        11/22/2016
TOTALS           22.8               9.9    12.9      5.2
SINCE 7/1        22.8               9.9    12.9      5.2
SNOWDEPTH AVG.      1                MM      MM        0
DAYS >= TRACE      22               6.3    15.7       10
DAYS >= 1.0         8               2.8     5.2        2
GREATEST
 SNOW DEPTH        12   11/16                          4  11/20
 24 HR TOTAL     10.9   11/15 TO 11/16

DEGREE_DAYS
HEATING TOTAL    1500              1323     177     1161
 SINCE 7/1       1500              1349     151     1197
COOLING TOTAL     156                56     100      112
 SINCE 1/1        806               569     237      562

FREEZE DATES
RECORD
 EARLIEST     09/23/1963
 LATEST       05/24/1963
EARLIEST                        10/14
LATEST                          04/29
.................................................................

WIND (MPH)
AVERAGE WIND SPEED              7.9
RESULTANT WIND SPEED/DIRECTION   2/247
HIGHEST WIND SPEED/DIRECTION    35/250    DATE  11/10
HIGHEST GUST SPEED/DIRECTION    48/280    DATE  10/15

SKY COVER
POSSIBLE SUNSHINE (PERCENT)   MM
AVERAGE SKY COVER           0.80

AVERAGE RH (PERCENT)     80

WEATHER CONDITIONS. NUMBER OF DAYS WITH
THUNDERSTORM              5     MIXED PRECIP                0
HEAVY RAIN               11     RAIN                       24
LIGHT RAIN               50     FREEZING RAIN               2
LT FREEZING RAIN          3     HAIL                        6
HEAVY SNOW                2     SNOW                       10
LIGHT SNOW               21     SLEET                       3
FOG                      61     FOG W/VIS <= 1/4 MILE       3
HAZE                      5

-  INDICATES NEGATIVE NUMBERS.
R  INDICATES RECORD WAS SET OR TIED.
MM INDICATES DATA IS MISSING.
T  INDICATES TRACE AMOUNT.

&&

10TH WETTEST SEPTEMBER TO NOVEMBER
6TH SNOWIEST SEPTEMBER TO NOVEMBER

$$
