499
CXUS51 KBGM 121550 CCA
CLSSYR

CLIMATE REPORT...CORRECTED
NATIONAL WEATHER SERVICE BINGHAMTON NY
1148 AM EDT WED JUN 12 2019

...................................

...THE SYRACUSE NY CLIMATE SUMMARY FOR THE SEASON, FROM
3/1/2019 TO 5/31/2019...

CLIMATE NORMAL PERIOD 1981 TO 2010
CLIMATE RECORD PERIOD 1902 TO 2019

WEATHER         OBSERVED          NORMAL  DEPART  LAST YEAR`S
                 VALUE   DATE(S)  VALUE   FROM    VALUE  DATE(S)
                                          NORMAL
................................................................
TEMPERATURE (F)
RECORD
 HIGH              96   05/21/1977
 LOW              -16   03/04/1950
HIGHEST            89   05/19        56      33       90  05/30
LOWEST              7   03/09        36     -29        8  03/20
AVG. MAXIMUM     55.6              56.4    -0.8     53.8
AVG. MINIMUM     36.1              36.0     0.1     35.0
MEAN             45.8              46.2    -0.4     44.4
DAYS MAX >= 90      0               0.3    -0.3        1
DAYS MAX <= 32      6               5.5     0.5        6
DAYS MIN <= 32     34              32.6     1.4       49
DAYS MIN <= 0       0               0.4    -0.4        0

PRECIPITATION (INCHES)
RECORD
 MAXIMUM        20.15   1976
 MINIMUM         5.66   1981
TOTALS          11.55              9.36    2.19     8.24
DAILY AVG.       0.13              0.10    0.03     0.09
DAYS >= .01        51              42.7     8.3       46
DAYS >= .10        25              23.3     1.7       24
DAYS >= .50         6               5.8     0.2        2
DAYS >= 1.00        2               0.8     1.2        1
GREATEST
 24 HR. TOTAL    1.56   05/13 TO 05/14

SNOWFALL (INCHES)
RECORDS
 TOTAL           66.7   1993
 24 HR TOTAL     22.1   03/13/1993 TO 03/13/1993
 SNOW DEPTH        35   03/15/1993
TOTALS           17.3              21.9    -4.6     46.1
SINCE 7/1       115.0             123.8    -8.8    153.6
SNOWDEPTH AVG.      1                MM      MM        2
DAYS >= TRACE      23              12.6    10.4       32
DAYS >= 1.0         8               6.3     1.7        8
GREATEST
 SNOW DEPTH         8   03/07                         20  03/15
 24 HR TOTAL      3.6   03/06 TO 03/06

DEGREE_DAYS
HEATING TOTAL    1757              1759      -2     1926
 SINCE 7/1       6724              6590     134     6593
COOLING TOTAL      13                30     -17       59
 SINCE 1/1         13                30     -17       59

FREEZE DATES
RECORD
 EARLIEST     09/23/1963
 LATEST       05/24/1963
EARLIEST                        10/14
LATEST                          04/29
.................................................................

WIND (MPH)
AVERAGE WIND SPEED              9.1
RESULTANT WIND SPEED/DIRECTION   3/267
HIGHEST WIND SPEED/DIRECTION    36/260    DATE  04/03
HIGHEST GUST SPEED/DIRECTION    46/320    DATE  05/23

SKY COVER
POSSIBLE SUNSHINE (PERCENT)   MM
AVERAGE SKY COVER           0.80

AVERAGE RH (PERCENT)     67

WEATHER CONDITIONS. NUMBER OF DAYS WITH
THUNDERSTORM              7     MIXED PRECIP                0
HEAVY RAIN               10     RAIN                       23
LIGHT RAIN               51     FREEZING RAIN               0
LT FREEZING RAIN          0     HAIL                        8
HEAVY SNOW                0     SNOW                        9
LIGHT SNOW               20     SLEET                       2
FOG                      50     FOG W/VIS <= 1/4 MILE       2
HAZE                      4

-  INDICATES NEGATIVE NUMBERS.
R  INDICATES RECORD WAS SET OR TIED.
MM INDICATES DATA IS MISSING.
T  INDICATES TRACE AMOUNT.

&&
CORRECTED GREATEST 24 HOUR PRECIPITATION
$$
TAC
