000
CXUS55 KLKN 031057
CLSTPH


CLIMATE REPORT
NATIONAL WEATHER SERVICE ELKO NV
238 AM PST MON DEC 3 2018

...................................

...THE TONOPAH AIRPORT NV CLIMATE SUMMARY FOR THE SEASON, FROM
9/1/2018 TO 11/30/2018...

CLIMATE NORMAL PERIOD 1981 TO 2010
CLIMATE RECORD PERIOD 1954 TO 2018

WEATHER         OBSERVED          NORMAL  DEPART  LAST YEAR`S
                 VALUE   DATE(S)  VALUE   FROM    VALUE  DATE(S)
                                          NORMAL
................................................................
TEMPERATURE (F)
RECORD
 HIGH              96   09/02/2017
                        09/02/1959
                        09/02/1959
 LOW                4   11/15/1985
HIGHEST            93   09/08        91       2       96  09/02
LOWEST             18   11/10        13       5       16  11/18
AVG. MAXIMUM     69.1              67.6     1.5     69.9
AVG. MINIMUM     38.7              37.3     1.4     38.5
MEAN             53.9              52.5     1.4     54.2
DAYS MAX >= 90      4               2.1     1.9        5
DAYS MAX <= 32      0               0.4    -0.4        0
DAYS MIN <= 32     26              29.3    -3.3       30
DAYS MIN <= 0       0               0.0     0.0        0

PRECIPITATION (INCHES)
RECORD
 MAXIMUM         3.38   2015
 MINIMUM            T   1955
TOTALS           0.73              1.16   -0.43     0.10
DAILY AVG.          T              0.01   -0.01     0.00
DAYS >= .01         6               7.4    -1.4        4
DAYS >= .10         2               3.5    -1.5        0
DAYS >= .50         0               0.3    -0.3        0
DAYS >= 1.00        0               0.1    -0.1        0
GREATEST
 24 HR. TOTAL    0.42   MM                          0.07

DEGREE_DAYS
HEATING TOTAL    1073              1211    -138     1076
 SINCE 7/1       1073              1217    -144     1076
COOLING TOTAL      88                70      18      117
 SINCE 1/1       1171               783     388     1222
.................................................................

WIND (MPH)
AVERAGE WIND SPEED              9.6
HIGHEST WIND SPEED/DIRECTION    35/320    DATE  11/24
HIGHEST GUST SPEED/DIRECTION    46/320    DATE  11/24

AVERAGE RH (PERCENT)     34

WEATHER CONDITIONS. NUMBER OF DAYS WITH
THUNDERSTORM              5     MIXED PRECIP               0
HEAVY RAIN                0     RAIN                       3
LIGHT RAIN               10     FREEZING RAIN              0
LT FREEZING RAIN          0     HAIL                       0
HEAVY SNOW                0     SNOW                       0
LIGHT SNOW                0     SLEET                      0
FOG                       3     FOG W/VIS <= 1/4 MILE      1
HAZE                      1

-  INDICATES NEGATIVE NUMBERS.
R  INDICATES RECORD WAS SET OR TIED.
MM INDICATES DATA IS MISSING.
T  INDICATES TRACE AMOUNT.

&&
==============================================================

...15TH WARMEST METEOROLOGICAL FALL ON RECORD IN TONOPAH...
...22ND DRIEST METEOROLOGICAL FALL ON RECORD IN TONOPAH...

THE AVERAGE TEMPERATURE IN TONOPAH DURING METEOROLOGICAL FALL
(SEP-NOV) 2018 WAS 53.9 DEGREES...WHICH IS 1.4 DEGREES ABOVE
THE 1981-2010 CLIMATOLOGICAL NORMAL 52.5 DEGREES. THIS MAKES
METEOROLOGICAL FALL 2018 THE 15TH WARMEST ON RECORD. THE
TOTAL PRECIPITATION WAS 0.73 INCHES...WHICH IS 0.43 INCHES
BELOW OR 63 PERCENT OF THE 1981-2010 CLIMATOLOGICAL NORMAL
OF 1.16 INCHES. THIS MAKES FALL 2018 THE 22ND DRIEST ON
RECORD.

$$
DTK
