604
CXUS54 KJAN 222103
CLSTVR


CLIMATE REPORT
NATIONAL WEATHER SERVICE JACKSON MS
350 PM CDT FRI MAR 22 2019

...................................

...THE VICKSBURG CLIMATE SUMMARY FOR THE SEASON, FROM
12/1/2018 TO 2/28/2019...

CLIMATE NORMAL PERIOD 1981 TO 2010
CLIMATE RECORD PERIOD 1948 TO 2019

WEATHER         OBSERVED          NORMAL  DEPART  LAST YEAR`S
                 VALUE   DATE(S)  VALUE   FROM    VALUE  DATE(S)
                                          NORMAL
................................................................
TEMPERATURE (F)
RECORD
 HIGH              86   02/20/2018
 LOW              -12   02/02/1951
HIGHEST            81   12/01        MM      MM       86  02/20
LOWEST             25   12/11        MM      MM        8  01/18
AVG. MAXIMUM     59.7              58.1     1.6     60.0
AVG. MINIMUM     42.0              37.3     4.7     37.6
MEAN             50.9              47.7     3.2     48.8
DAYS MAX >= 90      0               0.0     0.0        0
DAYS MAX <= 32      0               0.9    -0.9        3
DAYS MIN <= 32     14              30.4   -16.4       39
DAYS MIN <= 0       0               0.0     0.0        0

PRECIPITATION (INCHES)
RECORD
 MAXIMUM        31.88   1983
 MINIMUM         6.01   2000
TOTALS          20.17             15.95    4.22    15.82
DAILY AVG.       0.22              0.18    0.04     0.18
DAYS >= .01        41                MM      MM       34
DAYS >= .10        24                MM      MM       22
DAYS >= .50        14                MM      MM        9
DAYS >= 1.00        7                MM      MM        4

SNOWFALL (INCHES)
TOTALS              T

DEGREE_DAYS
HEATING TOTAL    1285              1573    -288     1529
 SINCE 7/1       1751              1976    -225     1886
COOLING TOTAL      21                15       6       63
 SINCE 1/1         17                 9       8       57

FREEZE DATES
RECORD
 EARLIEST     MM
 LATEST       MM
.................................................................

WIND (MPH)
AVERAGE WIND SPEED              6.5
HIGHEST WIND SPEED/DIRECTION    33/010    DATE  01/28
HIGHEST GUST SPEED/DIRECTION    43/310    DATE  12/27

SKY COVER
POSSIBLE SUNSHINE (PERCENT)   MM
AVERAGE SKY COVER           0.50
NUMBER OF DAYS FAIR           34
NUMBER OF DAYS PC             21
NUMBER OF DAYS CLOUDY         35

AVERAGE RH (PERCENT)     76

WEATHER CONDITIONS. NUMBER OF DAYS WITH
THUNDERSTORM              6     MIXED PRECIP               0
HEAVY RAIN               17     RAIN                      27
LIGHT RAIN               47     FREEZING RAIN              0
LT FREEZING RAIN          0     HAIL                       0
HEAVY SNOW                0     SNOW                       0
LIGHT SNOW                3     SLEET                      1
FOG                      57     FOG W/VIS <= 1/4 MILE     11
HAZE                      5

-  INDICATES NEGATIVE NUMBERS.
R  INDICATES RECORD WAS SET OR TIED.
MM INDICATES DATA IS MISSING.
T  INDICATES TRACE AMOUNT.

$$
