000
CXUS54 KJAN 030150
CLSTVR


CLIMATE REPORT
NATIONAL WEATHER SERVICE JACKSON MS
841 PM CDT SUN JUN 2 2019

...................................

...THE VICKSBURG CLIMATE SUMMARY FOR THE SEASON, FROM
3/1/2019 TO 5/31/2019...

CLIMATE NORMAL PERIOD 1981 TO 2010
CLIMATE RECORD PERIOD 1948 TO 2019

WEATHER         OBSERVED          NORMAL  DEPART  LAST YEAR`S
                 VALUE   DATE(S)  VALUE   FROM    VALUE  DATE(S)
                                          NORMAL
................................................................
TEMPERATURE (F)
RECORD
 HIGH              97   05/31/1977
                        05/30/1977
                        05/30/1951
 LOW               11   03/03/1980
HIGHEST            91   05/31        MM      MM       95  05/15
LOWEST             29   03/06        MM      MM       35  03/08
AVG. MAXIMUM     74.4              76.1    -1.7     77.5
AVG. MINIMUM     56.3              53.6     2.7     55.5
MEAN             65.3              64.8     0.5     66.5
DAYS MAX >= 90      1               4.3    -3.3       14
DAYS MAX <= 32      0               0.0     0.0        0
DAYS MIN <= 32      3               1.7     1.3        0
DAYS MIN <= 0       0               0.0     0.0        0

PRECIPITATION (INCHES)
RECORD
 MAXIMUM        35.51   1991
 MINIMUM         4.48   2007
TOTALS          18.53             14.96    3.57    13.23
DAILY AVG.       0.20              0.16    0.04     0.14
DAYS >= .01        25                MM      MM       24
DAYS >= .10        19                MM      MM       17
DAYS >= .50        13                MM      MM        9
DAYS >= 1.00        7                MM      MM        4

SNOWFALL (INCHES)
TOTALS            0.0

DEGREE_DAYS
HEATING TOTAL     376               375       1      319
 SINCE 7/1       2127              2351    -224     2205
COOLING TOTAL     434               361      73      478
 SINCE 1/1        451               370      81      535

FREEZE DATES
RECORD
 EARLIEST     MM
 LATEST       MM
.................................................................

WIND (MPH)
AVERAGE WIND SPEED              6.3
HIGHEST WIND SPEED/DIRECTION    26/360    DATE  03/20
HIGHEST GUST SPEED/DIRECTION    37/310    DATE  04/18

SKY COVER
POSSIBLE SUNSHINE (PERCENT)   MM
AVERAGE SKY COVER           0.30
NUMBER OF DAYS FAIR           61
NUMBER OF DAYS PC             15
NUMBER OF DAYS CLOUDY         15

AVERAGE RH (PERCENT)     72

WEATHER CONDITIONS. NUMBER OF DAYS WITH
THUNDERSTORM             17     MIXED PRECIP               0
HEAVY RAIN               18     RAIN                      21
LIGHT RAIN               32     FREEZING RAIN              0
LT FREEZING RAIN          0     HAIL                       0
HEAVY SNOW                0     SNOW                       0
LIGHT SNOW                0     SLEET                      0
FOG                      46     FOG W/VIS <= 1/4 MILE      4
HAZE                      2

-  INDICATES NEGATIVE NUMBERS.
R  INDICATES RECORD WAS SET OR TIED.
MM INDICATES DATA IS MISSING.
T  INDICATES TRACE AMOUNT.

$$
