000
CXUS54 KJAN 031616
CLSTVR


CLIMATE REPORT
NATIONAL WEATHER SERVICE JACKSON MS
1005 AM CST MON DEC 3 2018

...................................

...THE VICKSBURG CLIMATE SUMMARY FOR THE SEASON, FROM
9/1/2018 TO 11/30/2018...

CLIMATE NORMAL PERIOD 1981 TO 2010
CLIMATE RECORD PERIOD 1948 TO 2018

WEATHER         OBSERVED          NORMAL  DEPART  LAST YEAR`S
                 VALUE   DATE(S)  VALUE   FROM    VALUE  DATE(S)
                                          NORMAL
................................................................
TEMPERATURE (F)
RECORD
 HIGH             105   09/01/2000
 LOW               15   11/19/1951
HIGHEST            98   09/19        MM      MM       94  09/22
LOWEST             28   11/27        MM      MM       25  11/23
                        11/15
AVG. MAXIMUM     76.6              77.7    -1.1     79.6
AVG. MINIMUM     57.3              53.1     4.2     54.6
MEAN             66.9              65.4     1.5     67.1
DAYS MAX >= 90     26              10.1    15.9       19
DAYS MAX <= 32      0               0.0     0.0        0
DAYS MIN <= 32      4               4.2    -0.2        9
DAYS MIN <= 0       0               0.0     0.0        0

PRECIPITATION (INCHES)
RECORD
 MAXIMUM        25.96   1948
 MINIMUM         2.73   1953
TOTALS          14.73             12.56    2.17     4.20
DAILY AVG.       0.17              0.14    0.03     0.05
DAYS >= .01        34                MM      MM       14
DAYS >= .10        20                MM      MM       11
DAYS >= .50        11                MM      MM        2
DAYS >= 1.00        4                MM      MM        1

SNOWFALL (INCHES)
TOTALS            0.0

DEGREE_DAYS
HEATING TOTAL     466               401      65      357
 SINCE 7/1        466               402      64      357
COOLING TOTAL     670               436     234      576
 SINCE 1/1       2755              2225     530     2498

FREEZE DATES
RECORD
 EARLIEST     MM
 LATEST       MM
.................................................................

WIND (MPH)
AVERAGE WIND SPEED              5.3
HIGHEST WIND SPEED/DIRECTION    25/170    DATE  09/03
HIGHEST GUST SPEED/DIRECTION    36/170    DATE  09/03

SKY COVER
POSSIBLE SUNSHINE (PERCENT)   MM
AVERAGE SKY COVER           0.40
NUMBER OF DAYS FAIR           50
NUMBER OF DAYS PC             21
NUMBER OF DAYS CLOUDY         20

AVERAGE RH (PERCENT)     76

WEATHER CONDITIONS. NUMBER OF DAYS WITH
THUNDERSTORM             17     MIXED PRECIP               0
HEAVY RAIN               20     RAIN                      26
LIGHT RAIN               44     FREEZING RAIN              0
LT FREEZING RAIN          0     HAIL                       0
HEAVY SNOW                0     SNOW                       0
LIGHT SNOW                0     SLEET                      0
FOG                      59     FOG W/VIS <= 1/4 MILE     11
HAZE                      3

-  INDICATES NEGATIVE NUMBERS.
R  INDICATES RECORD WAS SET OR TIED.
MM INDICATES DATA IS MISSING.
T  INDICATES TRACE AMOUNT.

$$
