000
CXUS54 KMRX 051649
CLSTYS


CLIMATE REPORT
NATIONAL WEATHER SERVICE MORRISTOWN TN
1249 PM EDT WED SEP 5 2018

...................................

...THE KNOXVILLE    ASOS CLIMATE SUMMARY FOR THE SEASON, FROM
6/1/2018 TO 8/31/2018...

CLIMATE NORMAL PERIOD 1981 TO 2010
CLIMATE RECORD PERIOD 1871 TO 2018

WEATHER         OBSERVED          NORMAL  DEPART
                 VALUE   DATE(S)  VALUE   FROM
                                          NORMAL
................................................
TEMPERATURE (F)
HIGHEST            95   06/19
                        06/18
LOWEST             57   08/24
AVG. MAXIMUM     87.5
AVG. MINIMUM     68.2
MEAN             77.8              77.1     0.7
DAYS MAX >= 90     33              27.5     5.5
DAYS MIN <= 32      0               0.0     0.0

PRECIPITATION (INCHES)
RECORD
 MAXIMUM        19.09   1999
 MINIMUM        10.88   2000
TOTALS          14.09             12.16    1.93
DAILY AVG.       0.15
DAYS >= .01        31
DAYS >= .10        21
DAYS >= .50        12
DAYS >= 1.00        4
GREATEST
 24 HR. TOTAL    1.80   MM

DEGREE_DAYS
COOLING TOTAL    1201              1119      82
.................................................

WIND (MPH)
HIGHEST WIND SPEED/DIRECTION    40/020    DATE  07/01
HIGHEST GUST SPEED/DIRECTION    53/030    DATE  07/01


WEATHER CONDITIONS. NUMBER OF DAYS WITH
THUNDERSTORM             35     RAIN                      18
SNOW                      0     FOG                       47
FOG W/VIS <= 1/4 MILE     1

-  INDICATES NEGATIVE NUMBERS.
R  INDICATES RECORD WAS SET OR TIED.
MM INDICATES DATA IS MISSING.
T  INDICATES TRACE AMOUNT.

$$
