000
CXUS53 KLSX 021742 RRA
CLSUIN

CLIMATE REPORT
NATIONAL WEATHER SERVICE ST LOUIS MO
1230 PM CDT SUN JUN 2 2019

...................................

...THE QUINCY IL CLIMATE SUMMARY FOR THE SEASON, FROM
3/1/2019 TO 5/31/2019...

CLIMATE NORMAL PERIOD 1981 TO 2010
CLIMATE RECORD PERIOD 1901 TO 2019

WEATHER         OBSERVED          NORMAL  DEPART
                 VALUE   DATE(S)  VALUE   FROM
                                          NORMAL
................................................
TEMPERATURE (F)
RECORD
 HIGH             103   05/30/1934
 LOW              -13   03/05/1960
HIGHEST            90   05/16
LOWEST             -2   03/04
AVG. MAXIMUM     61.2              62.5    -1.3
AVG. MINIMUM     42.4
MEAN             51.8              52.6    -0.8
DAYS MAX >= 90      1
DAYS MAX <= 32      4
DAYS MIN <= 32     23
DAYS MIN <= 0       1

PRECIPITATION (INCHES)
RECORD
 MAXIMUM        25.78   1973
 MINIMUM         4.20   1956
TOTALS          16.43             10.69    5.74
DAYS >= .01        44
DAYS >= .10        30
DAYS >= .50        11
DAYS >= 1.00        7
GREATEST
 24 HR. TOTAL    2.36   04/30 TO 04/30

DEGREE_DAYS
HEATING TOTAL    1305              1224      81
 SINCE 7/1       5796              5566     230
COOLING TOTAL     110                86      24
 SINCE 1/1        110                86      24
.................................................

WIND (MPH)
HIGHEST WIND SPEED/DIRECTION    45/360    DATE  05/25
HIGHEST GUST SPEED/DIRECTION    70/360    DATE  05/25


WEATHER CONDITIONS. NUMBER OF DAYS WITH
THUNDERSTORM             22     FOG W/VIS <= 1/4 MILE      6

-  INDICATES NEGATIVE NUMBERS.
R  INDICATES RECORD WAS SET OR TIED.
MM INDICATES DATA IS MISSING.
T  INDICATES TRACE AMOUNT.


...SEASONAL...

7TH WETTEST METEOROLOGICAL SPRING ON RECORD (16.43 INCHES).

TIED MOST OCCURRENCES WITH MEASURABLE PRECIPITATION (44 DAYS...
ALSO TIED WITH 1998 AND 1973).

4TH MOST OCCURRENCES WITH AT LEAST ONCE INCH OF PRECIPITATION
(7 DAYS).


...MONTHLY...

16TH WETTEST MAY ON RECORD (6.92 INCHES).


...DAILY...

RECORD LOW TEMPERATURE OF 32 DEGREES SET ON 04/28. PREVIOUS RECORD
WAS 34 DEGREES IN 1928.

RECORD PRECIPITATION VALUE OF 1.19 INCHES SET ON 03/09. PREVIOUS
RECORD WAS 1.16 INCHES IN 2013.

$$
