982
CXUS55 KLKN 031150
CLSWMC

CLIMATE REPORT
NATIONAL WEATHER SERVICE ELKO NV
238 AM PST MON DEC 3 2018

...................................

...THE WINNEMUCCA AIRPORT NV CLIMATE SUMMARY FOR THE SEASON, FROM
9/1/2018 TO 11/30/2018...

CLIMATE NORMAL PERIOD 1981 TO 2010
CLIMATE RECORD PERIOD 1877 TO 2018

WEATHER         OBSERVED          NORMAL  DEPART  LAST YEAR`S
                 VALUE   DATE(S)  VALUE   FROM    VALUE
                                          NORMAL
.............................................................
TEMPERATURE (F)
RECORD
 HIGH             103   09/03/2017
                        09/02/1950
                        09/02/1950
 LOW              -10   11/25/2010
HIGHEST            95   09/07        95       0      103
                        09/04
LOWEST              2   11/20         6      -4       13
                        11/09
AVG. MAXIMUM     68.6              66.4     2.2     68.4
AVG. MINIMUM     27.9              30.5    -2.6     32.2
MEAN             48.2              48.4    -0.2     50.3
DAYS MAX >= 90      9               5.6     3.4       10
DAYS MAX <= 32      0               0.7    -0.7        0
DAYS MIN <= 32     57              49.8     7.2       49
DAYS MIN <= 0       0               0.5    -0.5        0

PRECIPITATION (INCHES)
RECORD
 MAXIMUM         4.79   1998
 MINIMUM         0.07   1929
TOTALS           1.22              1.99   -0.77     1.19
DAILY AVG.          T              0.02   -0.02     0.01
DAYS >= .01         9              15.7    -6.7       11
DAYS >= .10         4               6.3    -2.3        3
DAYS >= .50         0               0.5    -0.5        0
DAYS >= 1.00        0               0.0     0.0        0

SNOWFALL (INCHES)
RECORDS
 TOTAL           19.6   1985
TOTALS            0.5               3.5    -3.0        T
DAYS >= 1.0         0               1.3    -1.3        0
GREATEST
 SNOW DEPTH         0   MM                             0

DEGREE_DAYS
HEATING TOTAL    1529              1538      -9     1436
COOLING TOTAL      31                31       0      120
..............................................................

WIND (MPH)
AVERAGE WIND SPEED              6.2
HIGHEST WIND SPEED/DIRECTION    35/340    DATE  10/09
HIGHEST GUST SPEED/DIRECTION    54/200    DATE  10/04

AVERAGE RH (PERCENT)     43

WEATHER CONDITIONS. NUMBER OF DAYS WITH
THUNDERSTORM              2     MIXED PRECIP               0
HEAVY RAIN                0     RAIN                       3
LIGHT RAIN               13     FREEZING RAIN              0
LT FREEZING RAIN          0     HAIL                       0
HEAVY SNOW                0     SNOW                       0
LIGHT SNOW                3     SLEET                      0
FOG                       4     FOG W/VIS <= 1/4 MILE      0
HAZE                     10

-  INDICATES NEGATIVE NUMBERS.
R  INDICATES RECORD WAS SET OR TIED.
MM INDICATES DATA IS MISSING.
T  INDICATES TRACE AMOUNT.

&&
==============================================================

...50TH COOLEST METEOROLOGICAL FALL ON RECORD IN WINNEMUCCA...
...41ST DRIEST METEOROLOGICAL FALL ON RECORD IN WINNEMUCCA...
...43RD LEAST SNOWY METEOROLOGICAL FALL ON RECORD IN WINNEMUCCA...

THE AVERAGE TEMPERATURE IN WINNEMUCCA DURING METEOROLOGICAL FALL
(SEP-NOV) 2018 WAS 48.2 DEGREES...WHICH IS 0.2 DEGREES BELOW THE
1981-2010 CLIMATOLOGICAL NORMAL 48.4 DEGREES. THIS MAKES
METEOROLOGICAL FALL 2018 THE 50TH COOLEST ON RECORD. THE TOTAL
PRECIPITATION WAS 1.22 INCHES...WHICH IS 0.77 INCHES BELOW OR 61
PERCENT OF THE 1981-2010 CLIMATOLOGICAL NORMAL OF 1.99 INCHES. THIS
MAKES FALL 2018 THE 41ST DRIEST ON RECORD. THE TOTAL SNOWFALL WAS
0.5 INCHES...WHICH IS 3.0 INCHES BELOW OR 14 PERCENT OF THE 1981-
2010 CLIMATOLOGICAL NORMAL OF 3.5 INCHES. THIS MAKES FALL 2018 THE
43RD LEAST SNOWY ON RECORD.

$$
DTK
