878
CXUS55 KLKN 021305
CLSWMC


CLIMATE REPORT
NATIONAL WEATHER SERVICE ELKO NV
339 AM PST SAT MAR 2 2019

...................................

...THE WINNEMUCCA AIRPORT NV CLIMATE SUMMARY FOR THE SEASON, FROM
12/1/2018 TO 2/28/2019...

CLIMATE NORMAL PERIOD 1981 TO 2010
CLIMATE RECORD PERIOD 1877 TO 2019

WEATHER         OBSERVED          NORMAL  DEPART  LAST YEAR`S
                 VALUE   DATE(S)  VALUE   FROM    VALUE
                                          NORMAL
.............................................................
TEMPERATURE (F)
RECORD
 HIGH              74   02/28/1986
                        02/19/1981
 LOW              -37   12/22/1990
HIGHEST            61   02/27        65      -4       66
LOWEST              1   02/12        -9      10        0
AVG. MAXIMUM     42.1              43.3    -1.2     48.6
AVG. MINIMUM     21.8              19.5     2.3     18.4
MEAN             31.9              31.4     0.5     33.5
DAYS MAX >= 90      0               0.0     0.0        0
DAYS MAX <= 32     15              10.2     4.8        3
DAYS MIN <= 32     76              80.3    -4.3       84
DAYS MIN <= 0       0               4.3    -4.3        1

PRECIPITATION (INCHES)
RECORD
 MAXIMUM         7.84   1890
 MINIMUM         0.51   1977
TOTALS           4.70              2.46    2.24     1.40
DAILY AVG.       0.05              0.03    0.02     0.02
DAYS >= .01        34              24.0    10.0       19
DAYS >= .10        14               8.7     5.3        7
DAYS >= .50         1               0.5     0.5        0
DAYS >= 1.00        1               0.0     1.0        0

SNOWFALL (INCHES)
RECORDS
 TOTAL           68.0   1890
TOTALS           32.4              12.5    19.9     11.2
DAYS >= 1.0        13               4.6     8.4        4
GREATEST
 SNOW DEPTH         5   02/12                          3
                        02/10
                        02/11

DEGREE_DAYS
HEATING TOTAL    2952              3021     -69     2803
COOLING TOTAL       0                 0       0        0
..............................................................

WIND (MPH)
AVERAGE WIND SPEED              7.7
HIGHEST WIND SPEED/DIRECTION    40/190    DATE  02/09
HIGHEST GUST SPEED/DIRECTION    51/180    DATE  02/09

AVERAGE RH (PERCENT)     72

WEATHER CONDITIONS. NUMBER OF DAYS WITH
THUNDERSTORM              2     MIXED PRECIP               0
HEAVY RAIN                1     RAIN                       6
LIGHT RAIN               13     FREEZING RAIN              0
LT FREEZING RAIN          0     HAIL                       0
HEAVY SNOW                4     SNOW                       6
LIGHT SNOW               23     SLEET                      0
FOG                      32     FOG W/VIS <= 1/4 MILE      8
HAZE                      6

-  INDICATES NEGATIVE NUMBERS.
R  INDICATES RECORD WAS SET OR TIED.
MM INDICATES DATA IS MISSING.
T  INDICATES TRACE AMOUNT.

&&
==============================================================

...8TH SNOWIEST METEOROLOGICAL WINTER ON RECORD IN WINNEMUCCA...
...8TH WETTEST METEOROLOGICAL WINTER ON RECORD IN WINNEMUCCA...
...59TH WARMEST METEOROLOGICAL WINTER ON RECORD IN WINNEMUCCA...

THE AVERAGE TEMPERATURE IN WINNEMUCCA DURING 2018/2019
METEOROLOGICAL WINTER (DEC-FEB) WAS 31.9 DEGREES...WHICH IS
0.5 DEGREE ABOVE THE 1981-2010 CLIMATOLOGICAL NORMAL OF 31.4
DEGREES. THIS MAKES WINTER 2018/2019 THE 59TH WARMEST ON RECORD.
THE TOTAL PRECIPITATION WAS 4.70 INCHES...WHICH IS 2.24 INCHES
ABOVE OR 191 PERCENT OF THE 1981-2010 CLIMATOLOGICAL NORMAL OF
2.46 INCHES. THIS MAKES WINTER 2018/2019 THE 8TH WETTEST ON
RECORD. THE TOTAL SNOWFALL WAS 32.4 INCHES...WHICH IS 19.9 INCHES
ABOVE OR 259 PERCENT OF THE 1981-2010 CLIMATOLOGICAL NORMAL OF
12.5 INCHES. THIS MAKES WINTER 2018/2019 THE 8TH SNOWIEST ON
RECORD.

$$
DTK
