892
CXUS55 KLKN 020110
CLSWMC


CLIMATE REPORT
NATIONAL WEATHER SERVICE ELKO NV
609 PM PDT SAT JUN 1 2019

...................................

...THE WINNEMUCCA AIRPORT NV CLIMATE SUMMARY FOR THE SEASON, FROM
3/1/2019 TO 5/31/2019...

CLIMATE NORMAL PERIOD 1981 TO 2010
CLIMATE RECORD PERIOD 1877 TO 2019

WEATHER         OBSERVED          NORMAL  DEPART  LAST YEAR`S
                 VALUE   DATE(S)  VALUE   FROM    VALUE
                                          NORMAL
.............................................................
TEMPERATURE (F)
RECORD
 HIGH              98   05/29/2003
                        05/28/2003
                        05/31/1910
 LOW               -3   03/02/1971
                        03/01/1971
                        03/12/1954
HIGHEST            86   05/13        90      -4       89
LOWEST             13   03/14        11       2       15
AVG. MAXIMUM     62.1              63.5    -1.4     64.2
AVG. MINIMUM     34.5              31.8     2.7     34.2
MEAN             48.3              47.6     0.7     49.2
DAYS MAX >= 90      0               1.4    -1.4        0
DAYS MAX <= 32      0               0.0     0.0        0
DAYS MIN <= 32     36              47.6   -11.6       44
DAYS MIN <= 0       0               0.0     0.0        0

PRECIPITATION (INCHES)
RECORD
 MAXIMUM         6.73   1998
 MINIMUM         0.71   1931
TOTALS           4.34              2.84    1.50     5.19
DAILY AVG.       0.05              0.03    0.02     0.05
DAYS >= .01        36              22.7    13.3       33
DAYS >= .10        15               9.1     5.9       19
DAYS >= .50         0               0.9    -0.9        4
DAYS >= 1.00        0               0.1    -0.1        0

SNOWFALL (INCHES)
RECORDS
 TOTAL           23.4   1952
                        1896
TOTALS            8.5               4.9     3.6     16.9
DAYS >= 1.0         4               1.6     2.4        6
GREATEST
 SNOW DEPTH         2   03/03                          8

DEGREE_DAYS
HEATING TOTAL    1519              1611     -92     1433
COOLING TOTAL       0                12     -12        5
..............................................................

WIND (MPH)
AVERAGE WIND SPEED              7.8
HIGHEST WIND SPEED/DIRECTION    36/270    DATE  04/20
HIGHEST GUST SPEED/DIRECTION    44/270    DATE  04/20

AVERAGE RH (PERCENT)     59

WEATHER CONDITIONS. NUMBER OF DAYS WITH
THUNDERSTORM              3     MIXED PRECIP               0
HEAVY RAIN                5     RAIN                      12
LIGHT RAIN               43     FREEZING RAIN              0
LT FREEZING RAIN          0     HAIL                       0
HEAVY SNOW                1     SNOW                       6
LIGHT SNOW                9     SLEET                      0
FOG                      29     FOG W/VIS <= 1/4 MILE      5
HAZE                      5

-  INDICATES NEGATIVE NUMBERS.
R  INDICATES RECORD WAS SET OR TIED.
MM INDICATES DATA IS MISSING.
T  INDICATES TRACE AMOUNT.

$$
