606
CXUS51 KCLE 041956
CLSYNG


CLIMATE REPORT
NATIONAL WEATHER SERVICE CLEVELAND OH
339 PM EDT TUE JUN 4 2019

...................................

...THE YOUNGSTOWN OH CLIMATE SUMMARY FOR THE SEASON, FROM
3/1/2019 TO 5/31/2019...

CLIMATE NORMAL PERIOD 1981 TO 2010
CLIMATE RECORD PERIOD 1897 TO 2019

WEATHER         OBSERVED          NORMAL  DEPART
                 VALUE   DATE(S)  VALUE   FROM
                                          NORMAL
................................................
TEMPERATURE (F)
RECORD
 HIGH              92   05/28/2018
                        05/18/1962
                        05/18/1962
 LOW              -10   03/02/1980
HIGHEST            87   05/25
                        05/19
LOWEST              3   03/05
AVG. MAXIMUM     59.7              57.9     1.8
AVG. MINIMUM     39.0              37.4     1.6
MEAN             49.3              47.7     1.6
DAYS MAX >= 90      0               0.0
DAYS MAX <= 32      5               4.8
DAYS MIN <= 32     27              31.0
DAYS MIN <= 0       0               0.1

PRECIPITATION (INCHES)
RECORD
 MAXIMUM        20.33   2011
 MINIMUM         3.83   1915
TOTALS          11.47             10.09    1.38
DAYS >= .01        52              42.2
DAYS >= .10        24              23.9
DAYS >= .50         9               6.2
DAYS >= 1.00        2               1.5

SNOWFALL (INCHES)
RECORDS
 TOTAL           33.0   1987
TOTALS            6.3              13.9
DAYS >= TRACE      15
DAYS >= 1.0         1               3.3

DEGREE_DAYS
HEATING TOTAL    1478              1632    -154
COOLING TOTAL      56                38      18
.................................................

WIND (MPH)
HIGHEST GUST SPEED/DIRECTION    49/240    DATE  04/14

SKY COVER
POSSIBLE SUNSHINE (PERCENT)   MM
NUMBER OF DAYS FAIR            4
NUMBER OF DAYS PC             33
NUMBER OF DAYS CLOUDY         55


WEATHER CONDITIONS. NUMBER OF DAYS WITH
THUNDERSTORM             10     MIXED PRECIP               0
HEAVY RAIN                5     RAIN                      21
LIGHT RAIN               55     FREEZING RAIN              0
LT FREEZING RAIN          0     HAIL                       0
HEAVY SNOW                1     SNOW                       8
LIGHT SNOW               15     SLEET                      2
FOG                      52     FOG W/VIS <= 1/4 MILE      6
HAZE                      5

-  INDICATES NEGATIVE NUMBERS.
R  INDICATES RECORD WAS SET OR TIED.
MM INDICATES DATA IS MISSING.
T  INDICATES TRACE AMOUNT.

$$
