000
CXUS51 KPBZ 011431
CLSZZV


CLIMATE REPORT
NATIONAL WEATHER SERVICE PITTSBURGH PA
1029 AM EDT SAT JUN 1 2019

...................................

...THE ZANESVILLE OH CLIMATE SUMMARY FOR THE SEASON, FROM
3/1/2019 TO 5/31/2019...

CLIMATE NORMAL PERIOD 1981 TO 2010
CLIMATE RECORD PERIOD 1895 TO 2019

WEATHER         OBSERVED          NORMAL  DEPART  LAST YEAR`S
                 VALUE   DATE(S)  VALUE   FROM    VALUE  DATE(S)
                                          NORMAL
................................................................
TEMPERATURE (F)
RECORD
 HIGH              98   MM
 LOW               -6   03/06/2015
HIGHEST            86   05/28        MM      MM       88  05/29
                        05/19                             05/28
                        05/25
LOWEST              8   03/05        MM      MM       18  03/10
AVG. MAXIMUM     63.4              62.3     1.1     61.9
AVG. MINIMUM     42.1              39.6     2.5     40.8
MEAN             52.8              50.9     1.9     51.3
DAYS MAX >= 90      0               0.1    -0.1        0
DAYS MAX <= 32      3               1.6     1.4        0
DAYS MIN <= 32     26              25.6     0.4       40
DAYS MIN <= 0       0               0.1    -0.1        0

PRECIPITATION (INCHES)
RECORD
 MAXIMUM           MM   MM
 MINIMUM           MM   MM
TOTALS          11.46             10.63    0.83    12.96
DAILY AVG.       0.13              0.12    0.01     0.14
DAYS >= .01        42              38.4     3.6       42
DAYS >= .10        28              23.7     4.3       21
DAYS >= .50         7               7.3    -0.3        7
DAYS >= 1.00        2               1.7     0.3        4
GREATEST
 24 HR. TOTAL    1.10

DEGREE_DAYS
HEATING TOTAL    1214              1348    -134     1410
 SINCE 7/1       5157              5539    -382     5359
COOLING TOTAL     111                55      56      180
 SINCE 1/1        111                54      57      185
.................................................................

WIND (MPH)
AVERAGE WIND SPEED              6.6
HIGHEST WIND SPEED/DIRECTION    33/280    DATE  04/14
HIGHEST GUST SPEED/DIRECTION    47/280    DATE  04/14

AVERAGE RH (PERCENT)     65

WEATHER CONDITIONS. NUMBER OF DAYS WITH
THUNDERSTORM             14     MIXED PRECIP               0
HEAVY RAIN               16     RAIN                      22
LIGHT RAIN               41     FREEZING RAIN              0
LT FREEZING RAIN          0     HAIL                       0
HEAVY SNOW                0     SNOW                       2
LIGHT SNOW                8     SLEET                      0
FOG                      50     FOG W/VIS <= 1/4 MILE      9
HAZE                     21

-  INDICATES NEGATIVE NUMBERS.
R  INDICATES RECORD WAS SET OR TIED.
MM INDICATES DATA IS MISSING.
T  INDICATES TRACE AMOUNT.

$$
