000
CXUS51 KPBZ 011431
CLSZZV


CLIMATE REPORT
NATIONAL WEATHER SERVICE PITTSBURGH PA
930 AM EST SAT DEC 1 2018

...................................

...THE ZANESVILLE OH CLIMATE SUMMARY FOR THE SEASON, FROM
9/1/2018 TO 11/30/2018...

CLIMATE NORMAL PERIOD 1981 TO 2010
CLIMATE RECORD PERIOD 1895 TO 2018

WEATHER         OBSERVED          NORMAL  DEPART  LAST YEAR`S
                 VALUE   DATE(S)  VALUE   FROM    VALUE  DATE(S)
                                          NORMAL
................................................................
TEMPERATURE (F)
RECORD
 HIGH             103   MM
 LOW               12   11/19/2014
                        11/18/2014
                        11/18/2014
HIGHEST            93   09/04        MM      MM       MM  MM
LOWEST             21   11/11        MM      MM       MM  MM
AVG. MAXIMUM     63.3              64.5    -1.2       MM
AVG. MINIMUM     46.8              42.7     4.1       MM
MEAN             55.1              53.6     1.5       MM
DAYS MAX >= 90      4               1.0     3.0       MM
DAYS MAX <= 32      3               0.5     2.5       MM
DAYS MIN <= 32     21              19.7     1.3       MM
DAYS MIN <= 0       0               0.0     0.0       MM

PRECIPITATION (INCHES)
RECORD
 MAXIMUM           MM   MM
 MINIMUM           MM   MM
TOTALS          14.63              8.76    5.87       MM
DAILY AVG.       0.16              0.10    0.06       MM
DAYS >= .01        40              29.7    10.3       MM
DAYS >= .10        27              18.0     9.0       MM
DAYS >= .50         8               5.7     2.3       MM
DAYS >= 1.00        4               1.5     2.5       MM
GREATEST
 24 HR. TOTAL    2.52

DEGREE_DAYS
HEATING TOTAL    1160              1130      30       MM
 SINCE 7/1       1160              1141      19       MM
COOLING TOTAL     278                91     187       MM
 SINCE 1/1       1277               768     509       MM
.................................................................

WIND (MPH)
AVERAGE WIND SPEED              5.8
HIGHEST WIND SPEED/DIRECTION    30/320    DATE  10/20
HIGHEST GUST SPEED/DIRECTION    47/300    DATE  10/20

AVERAGE RH (PERCENT)     74

WEATHER CONDITIONS. NUMBER OF DAYS WITH
THUNDERSTORM              8     MIXED PRECIP               0
HEAVY RAIN               16     RAIN                      22
LIGHT RAIN               41     FREEZING RAIN              1
LT FREEZING RAIN          1     HAIL                       0
HEAVY SNOW                0     SNOW                       0
LIGHT SNOW                7     SLEET                      0
FOG                      60     FOG W/VIS <= 1/4 MILE      9
HAZE                     14

-  INDICATES NEGATIVE NUMBERS.
R  INDICATES RECORD WAS SET OR TIED.
MM INDICATES DATA IS MISSING.
T  INDICATES TRACE AMOUNT.

$$
