000
CXUS54 KHGX 011515
CF611R
PRELIMINARY LOCAL CLIMATOLOGICAL DATA (WS FORM: F-6)
STATION: BRENHAM
MONTH: MAY
YEAR: 2020
LATITUDE: 30 13 N
LONGITUDE: 96 22 W
TEMPERATURE IN F: :PCPN: SNOW: WIND :SUNSHINE: SKY :PK WND
================================================================================
1 2 3 4 5 6A 6B 7 8 9 10 11 12 13 14 15 16 17 18
12Z AVG MX 2MIN
DY MAX MIN AVG DEP HDD CDD WTR SNW DPTH SPD SPD DIR MIN PSBL S-S WX SPD DR
================================================================================
1 86 61 74 M 0 9 0.00 0.0 0 6.7 13 190 M M 0 20 190
2 87 65 76 M 0 11 0.00 0.0 0 8.8 15 150 M M 3 20 170
3 89 66 78 M 0 13 0.00 0.0 0 8.2 14 190 M M 3 20 190
4 91 71 81 M 0 16 0.00 0.0 0 9.4 16 200 M M 6 20 200
5 86 71 79 M 0 14 0.10 0.0 0 7.2 16 360 M M 8 3 25 360
6 85 62 74 M 0 9 0.07 0.0 0 4.5 10 80 M M 3 3 17 80
7 85 56 71 M 0 6 0.00 0.0 0 8.5 18 180 M M 5 27 160
8 89 64 77 M 0 12 0.00 0.0 0 14.0 29 350 M M 7 36 350
9 75 57 66 M 0 1 0.00 0.0 0 6.8 14 100 M M 2 21 90
10 81 52 67 M 0 2 0.00 0.0 0 3.0 7 80 M M 0 M M
11 85 55 70 M 0 5 0.00 0.0 0 6.0 13 150 M M 2 16 130
12 82 67 75 M 0 10 0.79 0.0 0 5.5 15 160 M M 8 3 21 160
13 89 68 79 M 0 14 0.00 0.0 0 6.4 12 150 M M 7 17 140
14 91 73 82 M 0 17 0.00 0.0 0 7.3 15 180 M M 6 1 21 180
15 93 70 82 M 0 17 0.00 0.0 0 6.5 20 120 M M 4 13 29 120
16 80 66 73 M 0 8 0.72 0.0 0 7.9 15 300 M M 8 3 29 290
17 86 67 77 M 0 12 0.00 0.0 0 7.2 14 330 M M 0 20 330
18 92 64 78 M 0 13 0.00 0.0 0 2.8 9 210 M M 0 M M
19 94 71 83 M 0 18 0.00 0.0 0 8.3 12 160 M M 2 17 210
20 92 75 84 M 0 19 0.00 0.0 0 6.0 10 190 M M 6 1 16 190
21 90 75 83 M 0 18 0.00 0.0 0 8.6 15 150 M M 6 1 23 160
22 92 76 84 M 0 19 0.00 0.0 0 9.2 15 180 M M 6 22 190
23 93 78 86 M 0 21 0.00 0.0 0 9.2 13 170 M M 7 21 150
24 89 67 78 M 0 13 0.06 0.0 0 8.5 16 350 M M 6 3 23 150
25 79 67 73 M 0 8 0.24 0.0 0 4.0 10 320 M M 8 3 17 320
26 85 66 76 M 0 11 0.34 0.0 0 4.9 14 140 M M 3 3 24 140
27 87 62 75 M 0 10 0.64 0.0 0 4.6 14 20 M M 4 3 33 20
28 88 62 75 M 0 10 0.01 0.0 0 2.6 8 310 M M 3 8 M M
29 87 69 78 M 0 13 0.00 0.0 0 4.6 10 10 M M 2 1 16 20
30 88 66 77 M 0 12 0.00 0.0 0 2.8 7 60 M M 2 M M
31 86 73 80 M 0 15 0.00 0.0 0 3.4 9 80 M M 4 3 M M
================================================================================
SM 2702 2062 0 376 2.97 0.0 203.4 M 131
================================================================================
AV 87.2 66.5 6.6 FASTST M M 4 MAX(MPH)
MISC ----> # 29 350 # 36 350
================================================================================
NOTES:
# LAST OF SEVERAL OCCURRENCES
COLUMN 17 PEAK WIND IN M.P.H.
PRELIMINARY LOCAL CLIMATOLOGICAL DATA (WS FORM: F-6) , PAGE 2
STATION: BRENHAM
MONTH: MAY
YEAR: 2020
LATITUDE: 30 13 N
LONGITUDE: 96 22 W
[TEMPERATURE DATA] [PRECIPITATION DATA] SYMBOLS USED IN COLUMN 16
AVERAGE MONTHLY: 76.8 TOTAL FOR MONTH: 2.97 1 = FOG OR MIST
DPTR FM NORMAL: 24.4 DPTR FM NORMAL: -1.68 2 = FOG REDUCING VISIBILITY
HIGHEST: 94 ON 19 GRTST 24HR 0.79 ON 12-12 TO 1/4 MILE OR LESS
LOWEST: 52 ON 10 3 = THUNDER
SNOW, ICE PELLETS, HAIL 4 = ICE PELLETS
TOTAL MONTH: 0.0 INCH 5 = HAIL
GRTST 24HR 0.0 6 = FREEZING RAIN OR DRIZZLE
GRTST DEPTH: 0 7 = DUSTSTORM OR SANDSTORM:
VSBY 1/2 MILE OR LESS
8 = SMOKE OR HAZE
[NO. OF DAYS WITH] [WEATHER - DAYS WITH] 9 = BLOWING SNOW
X = TORNADO
MAX 32 OR BELOW: 0 0.01 INCH OR MORE: 9
MAX 90 OR ABOVE: 9 0.10 INCH OR MORE: 6
MIN 32 OR BELOW: 0 0.50 INCH OR MORE: 3
MIN 0 OR BELOW: 0 1.00 INCH OR MORE: 0
[HDD (BASE 65) ]
TOTAL THIS MO. 0 CLEAR (SCALE 0-3) 12
DPTR FM NORMAL M PTCLDY (SCALE 4-7) 18
TOTAL FM JUL 1 1315 CLOUDY (SCALE 8-10) 1
DPTR FM NORMAL M
[CDD (BASE 65) ]
TOTAL THIS MO. 376
DPTR FM NORMAL M [PRESSURE DATA]
TOTAL FM JAN 1 770 HIGHEST SLP M ON M
DPTR FM NORMAL M LOWEST SLP M ON M
[REMARKS]
#FINAL-05-20#