000
CXUS53 KUNR 010930
CF62WX
PRELIMINARY LOCAL CLIMATOLOGICAL DATA (WS FORM: F-6)
STATION: BUFFALO SD
MONTH: JULY
YEAR: 2021
LATITUDE: 45 35 N
LONGITUDE: 103 33 W
TEMPERATURE IN F: :PCPN: SNOW: WIND :SUNSHINE: SKY :PK WND
================================================================================
1 2 3 4 5 6A 6B 7 8 9 10 11 12 13 14 15 16 17 18
12Z AVG MX 2MIN
DY MAX MIN AVG DEP HDD CDD WTR SNW DPTH SPD SPD DIR MIN PSBL S-S WX SPD DR
================================================================================
1 94 66 80 11 0 15 0.00 M M 15.8 26 130 M M M 45 120
2 96 65 81 11 0 16 0.05 M M 18.9 38 230 M M M 50 200
3 105 66 86 16 0 21 0.00 M M 11.4 24 320 M M M 33 320
4 98 67 83 13 0 18 0.01 M M 9.4 45 310 M M M 57 320
5 97 67 82 12 0 17 0.54 M M 9.2 28 60 M M M 35 60
6 84 62 73 2 0 8 0.00 M M 9.0 24 80 M M M 32 80
7 83 62 73 2 0 8 0.30 M M 13.2 31 290 M M M 43 290
8 88 62 75 4 0 10 0.09 M M 10.4 33 140 M M M 43 130
9 85 61 73 2 0 8 0.00 M M 11.2 22 340 M M M 28 320
10 85 60 73 1 0 8 0.00 M M 7.8 26 320 M M M 34 310
11 92 59 76 4 0 11 0.00 M M 12.0 22 150 M M M 29 160
12 88 61 75 3 0 10 0.00 M M 11.0 22 330 M M M 28 340
13 85 56 71 -1 0 6 0.05 M M 8.5 20 130 M M M 24 130
14 83 58 71 -1 0 6 0.00 M M 6.9 16 130 M M M 20 120
15 92 58 75 3 0 10 0.00 M M 11.9 20 140 M M M 26 140
16 93 63 78 5 0 13 0.00 M M 9.8 28 320 M M M 35 320
17 97 64 81 8 0 16 0.00 M M 12.7 25 140 M M M 33 150
18 98 66 82 9 0 17 0.00 M M 9.6 20 130 M M M 26 160
19 100 66 83 10 0 18 0.00 M M 14.4 25 140 M M M 34 180
20 99 67 83 10 0 18 0.01 M M 19.8 35 150 M M M 46 210
21 97 70 84 11 0 19 0.00 M M 9.2 22 330 M M M 26 330
22 104 70 87 14 0 22 0.07 M M 10.7 56 310 M M M 70 310
23 95 63 79 6 0 14 0.00 M M 8.8 28 330 M M M 34 330
24 94 60 77 4 0 12 0.00 M M 7.3 17 320 M M M 23 320
25 98 65 82 9 0 17 0.00 M M 7.8 17 100 M M M 26 130
26 103 66 85 12 0 20 0.00 M M 8.1 16 30 M M M 22 340
27 111 66 89 16 0 24 0.00 M M 9.7 33 230 M M M 42 220
28 95 71 83 10 0 18 0.00 M M 18.5 33 40 M M M 42 40
29 76 63 70 -3 0 5 0.00 M M 13.2 23 70 M M M 32 80
30 89 59 74 1 0 9 0.00 M M 9.5 23 170 M M M 30 180
31 89 62 76 3 0 11 0.00 M M 8.1 18 40 M M M 25 20
================================================================================
SM 2893 1971 0 425 1.12 M 343.8 M M
================================================================================
AV 93.3 63.6 11.1 FASTST M M M MAX(MPH)
MISC ----> 56 310 70 310
================================================================================
NOTES:
# LAST OF SEVERAL OCCURRENCES
COLUMN 17 PEAK WIND IN M.P.H.
PRELIMINARY LOCAL CLIMATOLOGICAL DATA (WS FORM: F-6) , PAGE 2
STATION: BUFFALO SD
MONTH: JULY
YEAR: 2021
LATITUDE: 45 35 N
LONGITUDE: 103 33 W
[TEMPERATURE DATA] [PRECIPITATION DATA] SYMBOLS USED IN COLUMN 16
AVERAGE MONTHLY: 78.5 TOTAL FOR MONTH: 1.12 1 = FOG OR MIST
DPTR FM NORMAL: 6.4 DPTR FM NORMAL: -1.04 2 = FOG REDUCING VISIBILITY
HIGHEST: 111 ON 27 GRTST 24HR 0.54 ON 5- 5 TO 1/4 MILE OR LESS
LOWEST: 56 ON 13 3 = THUNDER
SNOW, ICE PELLETS, HAIL 4 = ICE PELLETS
TOTAL MONTH: M 5 = HAIL
GRTST 24HR M ON M 6 = FREEZING RAIN OR DRIZZLE
GRTST DEPTH: M ON M 7 = DUSTSTORM OR SANDSTORM:
VSBY 1/2 MILE OR LESS
8 = SMOKE OR HAZE
[NO. OF DAYS WITH] [WEATHER - DAYS WITH] 9 = BLOWING SNOW
X = TORNADO
MAX 32 OR BELOW: 0 0.01 INCH OR MORE: 8
MAX 90 OR ABOVE: 20 0.10 INCH OR MORE: 2
MIN 32 OR BELOW: 0 0.50 INCH OR MORE: 1
MIN 0 OR BELOW: 0 1.00 INCH OR MORE: 0
[HDD (BASE 65) ]
TOTAL THIS MO. 0 CLEAR (SCALE 0-3) 0
DPTR FM NORMAL -13 PTCLDY (SCALE 4-7) 0
TOTAL FM JUL 1 0 CLOUDY (SCALE 8-10) 31
DPTR FM NORMAL -6
[CDD (BASE 65) ]
TOTAL THIS MO. 425
DPTR FM NORMAL 192 [PRESSURE DATA]
TOTAL FM JAN 1 648 HIGHEST SLP 30.23 ON 31
DPTR FM NORMAL 329 LOWEST SLP 29.66 ON 3
[REMARKS]
#FINAL-07-21#