000
CXUS55 KBOU 010759
CF633V
PRELIMINARY LOCAL CLIMATOLOGICAL DATA (WS FORM: F-6)
STATION: Walden
MONTH: MAY
YEAR: 2020
LATITUDE: 40 45 N
LONGITUDE: 106 16 W
TEMPERATURE IN F: :PCPN: SNOW: WIND :SUNSHINE: SKY :PK WND
================================================================================
1 2 3 4 5 6A 6B 7 8 9 10 11 12 13 14 15 16 17 18
12Z AVG MX 2MIN
DY MAX MIN AVG DEP HDD CDD WTR SNW DPTH SPD SPD DIR MIN PSBL S-S WX SPD DR
================================================================================
1 68 32 50 M 15 0 M M M 10.7 22 340 M M 4 35 340
2 59 37 48 M 17 0 M M M 6.1 24 280 M M 6 48 280
3 63 34 49 M 16 0 M M M 11.4 24 230 M M 7 35 230
4 46 30 38 M 27 0 M M M 7.7 21 270 M M 6 29 290
5 55 23 39 M 26 0 M M M 7.6 17 310 M M 0 28 280
6 63 21 42 M 23 0 M M M 10.0 23 270 M M 1 29 270
7 52 27 40 M 25 0 M M M 18.0 30 290 M M 1 43 290
8 57 19 38 M 27 0 M M M 7.5 17 310 M M 2 27 270
9 54 27 41 M 24 0 M M M 8.8 16 340 M M 3 16 320
10 61 21 41 M 24 0 M M M 6.0 14 280 M M 0 21 260
11 54 34 44 M 21 0 M M M 8.4 16 330 M M 8 29 330
12 64 34 49 M 16 0 M M M 12.2 23 230 M M 5 36 230
13 61 37 49 M 16 0 M M M 13.6 25 240 M M 4 33 240
14 57 37 47 M 18 0 M M M 8.6 27 230 M M 9 33 230
15 54 34 44 M 21 0 M M M 4.9 21 240 M M 8 29 240
16 55 36 46 M 19 0 M M M 5.5 10 280 M M 5 16 270
17 70 30 50 M 15 0 M M M 6.0 13 250 M M 1 18 250
18 77 37 57 M 8 0 M M M 11.0 21 230 M M 0 29 250
19 75 36 56 M 9 0 M M M 12.0 28 190 M M 1 36 190
20 70 36 53 M 12 0 M M M 11.3 29 250 M M 1 39 250
21 57 27 42 M 23 0 M M M 11.3 22 230 M M 0 29 270
22 68 27 48 M 17 0 M M M 8.3 23 220 M M 0 29 220
23 61 37 49 M 16 0 M M M 10.3 22 240 M M 4 33 240
24 45 30 38 M 27 0 M M M 8.3 16 350 M M 9 20 350
25 54 27 41 M 24 0 M M M 3.7 10 360 M M 7 M M
26 64 27 46 M 19 0 M M M 6.5 15 250 M M 5 24 250
27 66 34 50 M 15 0 M M M 7.0 15 250 M M 4 M M
28 75 37 56 M 9 0 M M M 5.5 12 320 M M 1 22 260
29 77 37 57 M 8 0 M M M 7.6 16 240 M M 2 24 290
30 77 43 60 M 5 0 M M M 6.8 17 350 M M 3 28 160
31 75 41 58 M 7 0 0.00 0.0 0 8.7 14 230 M M 2 20 260
================================================================================
SM 1934 989 549 0 0.00 0.0 271.3 M 109
================================================================================
AV 62.4 31.9 8.8 FASTST M M 4 MAX(MPH)
MISC ----> # 30 290 # 48 280
================================================================================
NOTES:
# LAST OF SEVERAL OCCURRENCES
COLUMN 17 PEAK WIND IN M.P.H.
PRELIMINARY LOCAL CLIMATOLOGICAL DATA (WS FORM: F-6) , PAGE 2
STATION: Walden
MONTH: MAY
YEAR: 2020
LATITUDE: 40 45 N
LONGITUDE: 106 16 W
[TEMPERATURE DATA] [PRECIPITATION DATA] SYMBOLS USED IN COLUMN 16
AVERAGE MONTHLY: 47.2 TOTAL FOR MONTH: 0.00 1 = FOG OR MIST
DPTR FM NORMAL: M DPTR FM NORMAL: M 2 = FOG REDUCING VISIBILITY
HIGHEST: 77 ON 30,29 GRTST 24HR 0.00 ON 31-31 TO 1/4 MILE OR LESS
LOWEST: 19 ON 8 3 = THUNDER
SNOW, ICE PELLETS, HAIL 4 = ICE PELLETS
TOTAL MONTH: 0.0 INCH 5 = HAIL
GRTST 24HR 0.0 6 = FREEZING RAIN OR DRIZZLE
GRTST DEPTH: 0 7 = DUSTSTORM OR SANDSTORM:
VSBY 1/2 MILE OR LESS
8 = SMOKE OR HAZE
[NO. OF DAYS WITH] [WEATHER - DAYS WITH] 9 = BLOWING SNOW
X = TORNADO
MAX 32 OR BELOW: 0 0.01 INCH OR MORE: 0
MAX 90 OR ABOVE: 0 0.10 INCH OR MORE: 0
MIN 32 OR BELOW: 14 0.50 INCH OR MORE: 0
MIN 0 OR BELOW: 0 1.00 INCH OR MORE: 0
[HDD (BASE 65) ]
TOTAL THIS MO. 549 CLEAR (SCALE 0-3) 16
DPTR FM NORMAL M PTCLDY (SCALE 4-7) 13
TOTAL FM JUL 1 9632 CLOUDY (SCALE 8-10) 2
DPTR FM NORMAL M
[CDD (BASE 65) ]
TOTAL THIS MO. 0
DPTR FM NORMAL M [PRESSURE DATA]
TOTAL FM JAN 1 0 HIGHEST SLP M ON M
DPTR FM NORMAL M LOWEST SLP M ON M
[REMARKS]
#FINAL-05-20#