000
CXUS53 KABR 011200
CF68D3
PRELIMINARY LOCAL CLIMATOLOGICAL DATA (WS FORM: F-6)
STATION: SISSETON SD
MONTH: DECEMBER
YEAR: 2022
LATITUDE: 45 40 N
LONGITUDE: 96 59 W
TEMPERATURE IN F: :PCPN: SNOW: WIND :SUNSHINE: SKY :PK WND
================================================================================
1 2 3 4 5 6A 6B 7 8 9 10 11 12 13 14 15 16 17 18
12Z AVG MX 2MIN
DY MAX MIN AVG DEP HDD CDD WTR SNW DPTH SPD SPD DIR MIN PSBL S-S WX SPD DR
================================================================================
1 39 10 25 0 40 0 0.00 0.0 0 12.8 26 150 M M 0 33 150
2 44 5 25 1 40 0 T T 0 21.3 36 320 M M 0 49 320
3 26 0 13 -11 52 0 0.00 0.0 T 9.7 23 300 M M 0 30 300
4 41 17 29 6 36 0 0.00 0.0 T 14.4 29 230 M M 0 39 220
5 29 9 19 -4 46 0 0.00 0.0 0 11.4 21 340 M M 0 25 340
6 28 8 18 -4 47 0 0.00 0.0 0 12.5 26 340 M M 0 31 340
7 8 -3 3 -19 62 0 0.17 2.1 2 9.0 20 360 M M 0 24 360
8 24 3 14 -8 51 0 0.00 0.0 2 6.0 13 150 M M 0 16 150
9 32 18 25 4 40 0 0.01 0.0 2 10.5 24 140 M M 0 29 140
10 35 7 21 0 44 0 0.00 0.0 2 8.6 22 160 M M 0 29 150
11 29 5 17 -3 48 0 0.00 0.0 2 13.4 26 150 M M 0 34 150
12 32 28 30 10 35 0 0.04 0.0 2 20.6 30 140 M M 0 36 140
13 35 32 34 14 31 0 0.78 7.1 3 18.3 25 110 M M 0 33 120
14 36 34 35 16 30 0 0.09 0.9 8 13.7 23 100 M M 0 30 110
15 34 23 29 10 36 0 0.30 6.3 9 26.5 39 310 M M 0 56 310
16 24 15 20 1 45 0 0.03 3.4 18 27.4 33 320 M M 0 42 320
17 15 -1 7 -11 58 0 T T 18 22.5 29 320 M M 0 37 320
18 0 -8 -4 -22 69 0 0.00 0.0 18 9.7 17 320 M M 0 21 310
19 4 -6 -1 -19 66 0 0.01 T 18 8.2 18 320 M M 0 22 320
20 -2 -13 -7 -25 72 0 0.00 0.0 17 10.8 22 310 M M 0 26 310
21 -6 -10 -8 -25 73 0 0.07 1.6 19 10.9 24 310 M M 0 31 320
22 -8 -16 -12 -29 77 0 0.00 0.0 19 23.8 35 310 M M 0 47 310
23 -4 -9 -6 -23 71 0 0.00 0.0 18 29.3 39 310 M M 0 50 320
24 0 -6 -3 -19 68 0 0.00 0.0 18 19.6 30 320 M M 0 38 310
25 8 -9 0 -16 65 0 0.23 1.8 18 9.9 21 340 M M 0 27 330
26 15 -3 6 -10 59 0 0.00 0.0 19 11.7 22 330 M M 0 29 330
27 33 11 22 6 43 0 0.00 0.0 19 10.3 23 170 M M 0 26 170
28 37 19 28 13 37 0 0.00 0.0 18 4.0 12 330 M M 0 14 310
29 33 15 24 9 41 0 0.00 0.0 16 13.8 26 310 M M 0 32 320
30 22 8 15 0 50 0 0.00 0.0 16 9.2 18 170 M M 0 23 160
31 29 15 22 7 43 0 0.00 0.0 16 6.6 15 140 M M 0 17 140
================================================================================
SM 672 198 1575 0 1.73 23.2 436.4 M 0
================================================================================
AV 21.7 6.4 14.1 FASTST M M 0 MAX(MPH)
MISC ----> # 39 310 56 310
================================================================================
NOTES:
# LAST OF SEVERAL OCCURRENCES
COLUMN 17 PEAK WIND IN M.P.H.
PRELIMINARY LOCAL CLIMATOLOGICAL DATA (WS FORM: F-6) , PAGE 2
STATION: SISSETON SD
MONTH: DECEMBER
YEAR: 2022
LATITUDE: 45 40 N
LONGITUDE: 96 59 W
[TEMPERATURE DATA] [PRECIPITATION DATA] SYMBOLS USED IN COLUMN 16
AVERAGE MONTHLY: 14.0 TOTAL FOR MONTH: 1.73 1 = FOG OR MIST
DPTR FM NORMAL: -5.1 DPTR FM NORMAL: 1.13 2 = FOG REDUCING VISIBILITY
HIGHEST: 44 ON 2 GRTST 24HR 0.80 ON 12-13 TO 1/4 MILE OR LESS
LOWEST: -16 ON 22 3 = THUNDER
SNOW, ICE PELLETS, HAIL 4 = ICE PELLETS
TOTAL MONTH: 23.2 INCHES 5 = HAIL
GRTST 24HR 7.1 ON 13-13 6 = FREEZING RAIN OR DRIZZLE
GRTST DEPTH: 19 ON 27,26 7 = DUSTSTORM OR SANDSTORM:
VSBY 1/2 MILE OR LESS
8 = SMOKE OR HAZE
[NO. OF DAYS WITH] [WEATHER - DAYS WITH] 9 = BLOWING SNOW
X = TORNADO
MAX 32 OR BELOW: 21 0.01 INCH OR MORE: 10
MAX 90 OR ABOVE: 0 0.10 INCH OR MORE: 4
MIN 32 OR BELOW: 30 0.50 INCH OR MORE: 1
MIN 0 OR BELOW: 12 1.00 INCH OR MORE: 0
[HDD (BASE 65) ]
TOTAL THIS MO. 1575 CLEAR (SCALE 0-3) 31
DPTR FM NORMAL 152 PTCLDY (SCALE 4-7) 0
TOTAL FM JUL 1 3112 CLOUDY (SCALE 8-10) 0
DPTR FM NORMAL -93
[CDD (BASE 65) ]
TOTAL THIS MO. 0
DPTR FM NORMAL 0 [PRESSURE DATA]
TOTAL FM JAN 1 924 HIGHEST SLP 30.78 ON 20
DPTR FM NORMAL 357 LOWEST SLP 29.28 ON 28
[REMARKS]
#FINAL-12-22#