278
CXUS52 KTAE 011254
CF6AAF
PRELIMINARY LOCAL CLIMATOLOGICAL DATA (WS FORM: F-6)
STATION: APALACHICOLA
MONTH: AUGUST
YEAR: 2020
LATITUDE: 29 43 N
LONGITUDE: 85 2 W
TEMPERATURE IN F: :PCPN: SNOW: WIND :SUNSHINE: SKY :PK WND
================================================================================
1 2 3 4 5 6A 6B 7 8 9 10 11 12 13 14 15 16 17 18
12Z AVG MX 2MIN
DY MAX MIN AVG DEP HDD CDD WTR SNW DPTH SPD SPD DIR MIN PSBL S-S WX SPD DR
================================================================================
1 91 73 82 0 0 17 0.00 0.0 0 5.3 14 180 M M 1 17 190
2 93 72 83 1 0 18 0.00 0.0 0 4.8 14 250 M M 0 1 17 250
3 97 76 87 5 0 22 0.00 0.0 0 7.2 21 240 M M 0 24 250
4 97 77 87 5 0 22 0.00 0.0 0 5.7 15 260 M M 1 19 300
5 92 75 84 2 0 19 0.00 0.0 0 5.3 14 220 M M 1 18 220
6 91 75 83 1 0 18 0.02 0.0 0 5.3 15 170 M M 2 19 190
7 88 76 82 0 0 17 0.04 0.0 0 5.3 14 160 M M 2 1 18 150
8 93 76 85 3 0 20 T 0.0 0 4.6 14 250 M M 2 18 210
9 90 75 83 1 0 18 0.18 0.0 0 4.1 13 90 M M 3 1 16 30
10 92 76 84 2 0 19 T 0.0 0 3.3 16 30 M M 1 8 18 20
11 95 75 85 3 0 20 0.44 0.0 0 3.9 36 40 M M 2 18 46 30
12 91 77 84 2 0 19 0.11 0.0 0 4.6 15 250 M M 3 13 19 330
13 M M M M M M 1.35 M 0 5.0 23 250 M M 1 1238 29 250
14 88 M M M M M 0.39 M 0 6.2 15 210 M M 2 1 21 310
15 88 74 81 -1 0 16 0.32 0.0 0 8.5 23 290 M M 2 13 27 300
16 94 76 85 3 0 20 T 0.0 0 4.9 21 240 M M 2 3 24 250
17 93 75 84 2 0 19 0.00 0.0 0 4.6 13 250 M M 2 1 16 260
18 92 75 84 2 0 19 T 0.0 0 5.0 15 250 M M 1 38 18 260
19 90 73 82 0 0 17 0.36 0.0 0 7.2 22 20 M M 1 13 29 30
20 85 72 79 -3 0 14 0.42 0.0 0 4.6 29 170 M M 4 138 37 170
21 86 69 78 -4 0 13 0.01 0.0 0 3.8 15 180 M M 1 1 21 180
22 83 73 78 -4 0 13 0.98 0.0 0 7.2 26 270 M M 5 13 31 260
23 84 73 79 -3 0 14 7.85 0.0 0 8.8 21 50 M M 6 123 26 30
24 87 74 81 -1 0 16 2.35 0.0 0 9.3 20 160 M M 8 13 28 170
25 90 78 84 2 0 19 0.00 0.0 0 9.2 18 110 M M 3 24 130
26 91 80 86 4 0 21 0.00 0.0 0 9.0 17 130 M M 2 22 130
27 91 81 86 5 0 21 0.01 0.0 M 10.1 18 230 M M 2 8 25 230
28 90 81 86 5 0 21 T 0.0 0 9.7 17 230 M M 2 21 210
29 85 75 80 -1 0 15 1.28 0.0 0 10.8 31 240 M M 6 128 40 240
30 88 78 83 2 0 18 0.26 0.0 0 7.9 24 260 M M 1 138 34 250
31 90 78 84 3 0 19 0.13 0.0 0 8.0 22 260 M M 2 13 28 260
================================================================================
SM 2705 2188 0 524 16.50 0.0 199.2 M 71
================================================================================
AV 90.2 75.5 6.4 FASTST M M 2 MAX(MPH)
MISC ----> # 36 40 # 46 30
================================================================================
NOTES:
# LAST OF SEVERAL OCCURRENCES
COLUMN 17 PEAK WIND IN M.P.H.
PRELIMINARY LOCAL CLIMATOLOGICAL DATA (WS FORM: F-6) , PAGE 2
STATION: APALACHICOLA
MONTH: AUGUST
YEAR: 2020
LATITUDE: 29 43 N
LONGITUDE: 85 2 W
[TEMPERATURE DATA] [PRECIPITATION DATA] SYMBOLS USED IN COLUMN 16
AVERAGE MONTHLY: 82.8 TOTAL FOR MONTH: 16.50 1 = FOG OR MIST
DPTR FM NORMAL: 1.1 DPTR FM NORMAL: 8.28 2 = FOG REDUCING VISIBILITY
HIGHEST: 97 ON 4, 3 GRTST 24HR 7.85 ON 23-23 TO 1/4 MILE OR LESS
LOWEST: 69 ON 21 3 = THUNDER
SNOW, ICE PELLETS, HAIL 4 = ICE PELLETS
TOTAL MONTH: 0.0 INCH 5 = HAIL
GRTST 24HR 0.0 6 = FREEZING RAIN OR DRIZZLE
GRTST DEPTH: 0 7 = DUSTSTORM OR SANDSTORM:
VSBY 1/2 MILE OR LESS
8 = SMOKE OR HAZE
[NO. OF DAYS WITH] [WEATHER - DAYS WITH] 9 = BLOWING SNOW
X = TORNADO
MAX 32 OR BELOW: 0 0.01 INCH OR MORE: 18
MAX 90 OR ABOVE: 20 0.10 INCH OR MORE: 14
MIN 32 OR BELOW: 0 0.50 INCH OR MORE: 5
MIN 0 OR BELOW: 0 1.00 INCH OR MORE: 4
[HDD (BASE 65) ]
TOTAL THIS MO. 0 CLEAR (SCALE 0-3) 25
DPTR FM NORMAL 0 PTCLDY (SCALE 4-7) 6
TOTAL FM JUL 1 0 CLOUDY (SCALE 8-10) 0
DPTR FM NORMAL 0
[CDD (BASE 65) ]
TOTAL THIS MO. 524
DPTR FM NORMAL 6 [PRESSURE DATA]
TOTAL FM JAN 1 1969 HIGHEST SLP 30.18 ON 9
DPTR FM NORMAL 43 LOWEST SLP 29.78 ON 20
[REMARKS]
#FINAL-08-20#