000
CXUS52 KTAE 011350
CLMAAF
CLIMATE REPORT
NATIONAL WEATHER SERVICE TALLAHASSEE FL
950 AM EDT THU JUN 01 2023
...................................
...THE APALACHICOLA CLIMATE SUMMARY FOR THE MONTH OF MAY 2023...
CLIMATE NORMAL PERIOD 1991 TO 2020
CLIMATE RECORD PERIOD 1931 TO 2023
WEATHER OBSERVED NORMAL DEPART LAST YEAR`S
VALUE DATE(S) VALUE FROM VALUE DATE(S)
NORMAL
................................................................
TEMPERATURE (F)
RECORD
HIGH 98 05/09/1986
LOW 47 05/05/2013
05/05/2004
05/12/1981
HIGHEST 88 05/14 90 -2 88 05/18
05/21
05/22
LOWEST 54 05/04 MM MM 56 05/11
AVG. MAXIMUM 83.0 83.7 -0.7 84.1
AVG. MINIMUM 66.1 65.9 0.2 67.9
MEAN 74.6 74.8 -0.2 76.0
DAYS MAX >= 90 0 2.4 -2.4 0
DAYS MAX <= 32 0 0.0 0.0 0
DAYS MIN <= 32 0 0.0 0.0 0
DAYS MIN <= 0 0 0.0 0.0 0
PRECIPITATION (INCHES)
RECORD
MAXIMUM 12.14 1991
MINIMUM MM
TOTALS 2.34 1.87 0.47 7.94
DEGREE DAYS
HEATING TOTAL 0 2 -2 0
SINCE 7/1 854 1222 -368 MM
COOLING TOTAL 301 306 -5 350
SINCE 1/1 674 479 195 MM
................................................................
WIND (MPH)
AVERAGE WIND SPEED 6.7
HIGHEST WIND SPEED/DIRECTION 25/250 DATE 05/01
HIGHEST GUST SPEED/DIRECTION 34/260 DATE 05/01
SKY COVER
POSSIBLE SUNSHINE (PERCENT) MM
AVERAGE SKY COVER 0.03
NUMBER OF DAYS FAIR 31
NUMBER OF DAYS PC 0
NUMBER OF DAYS CLOUDY 0
AVERAGE RH (PERCENT) 76
WEATHER CONDITIONS. NUMBER OF DAYS WITH
THUNDERSTORM 11 MIXED PRECIP 0
HEAVY RAIN 6 RAIN 4
LIGHT RAIN 8 FREEZING RAIN 0
LT FREEZING RAIN 0 HAIL 0
HEAVY SNOW 0 SNOW 0
LIGHT SNOW 0 SLEET 0
FOG 15 FOG W/VIS <= 1/4 MILE 3
HAZE 2
- INDICATES NEGATIVE NUMBERS.
R INDICATES RECORD WAS SET OR TIED.
MM INDICATES DATA IS MISSING.
T INDICATES TRACE AMOUNT.
$$