000
CXUS52 KTAE 011520
CLMAAF
CLIMATE REPORT
NATIONAL WEATHER SERVICE TALLAHASSEE FL
1120 AM EDT MON APR 01 2024
...................................
...THE APALACHICOLA CLIMATE SUMMARY FOR THE MONTH OF MARCH 2024...
CLIMATE NORMAL PERIOD 1991 TO 2020
CLIMATE RECORD PERIOD 1931 TO 2024
WEATHER OBSERVED NORMAL DEPART LAST YEAR`S
VALUE DATE(S) VALUE FROM VALUE DATE(S)
NORMAL
................................................................
TEMPERATURE (F)
RECORD
HIGH 90 03/22/2017
LOW 22 03/03/1980
HIGHEST 80 03/16 90 -10 80 03/26
03/27
03/28
LOWEST 41 03/12 MM MM 37 03/20
03/20
AVG. MAXIMUM 72.4 70.9 1.5 71.9
AVG. MINIMUM 55.5 52.5 3.0 54.0
MEAN 64.0 61.7 2.3 63.0
DAYS MAX >= 90 0 0.0 0.0 0
DAYS MAX <= 32 0 0.0 0.0 0
DAYS MIN <= 32 0 0.2 -0.2 0
DAYS MIN <= 0 0 0.0 0.0 0
PRECIPITATION (INCHES)
RECORD
MAXIMUM 14.33 1959
MINIMUM MM
TOTALS 8.34 4.34 4.00 0.38
DEGREE DAYS
HEATING TOTAL 73 144 -71 87
SINCE 7/1 1056 1181 -125 MM
COOLING TOTAL 48 42 6 54
SINCE 1/1 72 64 8 MM
................................................................
WIND (MPH)
AVERAGE WIND SPEED 7.6
HIGHEST WIND SPEED/DIRECTION 22/030 DATE 03/19
22/270 03/22
22/320 03/28
HIGHEST GUST SPEED/DIRECTION 34/100 DATE 03/24
SKY COVER
POSSIBLE SUNSHINE (PERCENT) MM
AVERAGE SKY COVER 0.36
NUMBER OF DAYS FAIR 16
NUMBER OF DAYS PC 10
NUMBER OF DAYS CLOUDY 5
AVERAGE RH (PERCENT) 75
WEATHER CONDITIONS. NUMBER OF DAYS WITH
THUNDERSTORM 5 MIXED PRECIP 0
HEAVY RAIN 5 RAIN 5
LIGHT RAIN 9 FREEZING RAIN 0
LT FREEZING RAIN 0 HAIL 0
HEAVY SNOW 0 SNOW 0
LIGHT SNOW 0 SLEET 0
FOG 19 FOG W/VIS <= 1/4 MILE 6
HAZE 2
- INDICATES NEGATIVE NUMBERS.
R INDICATES RECORD WAS SET OR TIED.
MM INDICATES DATA IS MISSING.
T INDICATES TRACE AMOUNT.
$$