000
CXUS54 KSJT 011504
CF6ABI
PRELIMINARY LOCAL CLIMATOLOGICAL DATA (WS FORM: F-6)
STATION: ABILENE
MONTH: MARCH
YEAR: 2021
LATITUDE: 32 25 N
LONGITUDE: 99 41 W
TEMPERATURE IN F: :PCPN: SNOW: WIND :SUNSHINE: SKY :PK WND
================================================================================
1 2 3 4 5 6A 6B 7 8 9 10 11 12 13 14 15 16 17 18
12Z AVG MX 2MIN
DY MAX MIN AVG DEP HDD CDD WTR SNW DPTH SPD SPD DIR MIN PSBL S-S WX SPD DR
================================================================================
1 56 39 48 -4 17 0 0.29 0.0 0 12.6 23 360 M M 8 13 35 40
2 63 29 46 -6 19 0 0.00 0.0 0 3.9 10 150 M M 0 17 210
3 75 40 58 5 7 0 0.00 0.0 0 9.9 21 220 M M 0 27 220
4 80 53 67 14 0 2 0.00 0.0 0 13.6 24 150 M M 0 31 180
5 66 48 57 4 8 0 0.00 0.0 0 16.4 32 330 M M 4 45 340
6 65 34 50 -4 15 0 0.00 0.0 0 7.8 16 110 M M 1 1 20 120
7 69 39 54 0 11 0 0.00 0.0 0 11.8 23 160 M M 0 30 150
8 72 42 57 3 8 0 0.00 0.0 0 14.7 26 180 M M 1 34 180
9 74 55 65 11 0 0 0.00 0.0 0 22.7 37 180 M M 2 51 180
10 75 61 68 13 0 3 0.00 0.0 0 16.7 29 190 M M 2 39 200
11 77 64 71 16 0 6 0.00 0.0 0 14.2 26 200 M M 0 37 180
12 78 64 71 16 0 6 0.00 0.0 0 15.5 25 160 M M 6 35 150
13 76 52 64 8 1 0 0.61 0.0 0 17.8 33 140 M M 9 138 48 150
14 69 51 60 4 5 0 T 0.0 0 12.7 30 250 M M 5 8 40 250
15 76 47 62 6 3 0 0.00 0.0 0 10.5 17 340 M M 1 25 260
16 81 50 66 10 0 1 0.00 0.0 0 14.8 30 260 M M 0 44 290
17 69 44 57 0 8 0 0.03 0.0 0 23.0 38 300 M M 3 38 56 290
18 62 38 50 -7 15 0 0.00 0.0 0 12.9 25 350 M M 0 32 340
19 65 35 50 -7 15 0 0.00 0.0 0 6.5 14 360 M M 0 19 330
20 73 38 56 -2 9 0 0.00 0.0 0 8.6 20 160 M M 0 28 150
21 75 49 62 4 3 0 0.00 0.0 0 17.7 28 170 M M 0 48 160
22 65 50 58 0 7 0 0.08 0.0 0 16.3 35 160 M M 7 138 46 160
23 71 43 57 -1 8 0 0.00 0.0 0 7.9 18 290 M M 0 25 280
24 62 48 55 -4 10 0 0.25 0.0 0 10.4 25 350 M M 5 13 32 360
25 69 44 57 -2 8 0 0.01 0.0 0 10.5 17 310 M M 3 31 260
26 85 50 68 9 0 3 0.00 0.0 0 16.0 31 180 M M 0 45 180
27 79 52 66 7 0 1 0.00 0.0 0 11.0 24 360 M M 1 31 10
28 73 46 60 0 5 0 0.00 0.0 0 7.6 16 60 M M 0 24 10
29 82 49 66 6 0 1 0.00 0.0 0 15.5 22 190 M M 0 38 190
30 80 53 67 7 0 2 0.00 0.0 0 14.5 26 200 M M 0 37 190
31 66 45 56 -4 9 0 0.00 0.0 0 13.5 25 60 M M 4 37 20
================================================================================
SM 2228 1452 191 25 1.27 0.0 407.4 M 62
================================================================================
AV 71.9 46.8 13.1 FASTST M M 2 MAX(MPH)
MISC ----> 38 300 56 290
================================================================================
NOTES:
# LAST OF SEVERAL OCCURRENCES
COLUMN 17 PEAK WIND IN M.P.H.
PRELIMINARY LOCAL CLIMATOLOGICAL DATA (WS FORM: F-6) , PAGE 2
STATION: ABILENE
MONTH: MARCH
YEAR: 2021
LATITUDE: 32 25 N
LONGITUDE: 99 41 W
[TEMPERATURE DATA] [PRECIPITATION DATA] SYMBOLS USED IN COLUMN 16
AVERAGE MONTHLY: 59.4 TOTAL FOR MONTH: 1.27 1 = FOG OR MIST
DPTR FM NORMAL: 3.0 DPTR FM NORMAL: -0.47 2 = FOG REDUCING VISIBILITY
HIGHEST: 85 ON 26 GRTST 24HR 0.61 ON 13-13 TO 1/4 MILE OR LESS
LOWEST: 29 ON 2 3 = THUNDER
SNOW, ICE PELLETS, HAIL 4 = ICE PELLETS
TOTAL MONTH: 0.0 INCH 5 = HAIL
GRTST 24HR 0.0 6 = FREEZING RAIN OR DRIZZLE
GRTST DEPTH: 0 7 = DUSTSTORM OR SANDSTORM:
VSBY 1/2 MILE OR LESS
8 = SMOKE OR HAZE
[NO. OF DAYS WITH] [WEATHER - DAYS WITH] 9 = BLOWING SNOW
X = TORNADO
MAX 32 OR BELOW: 0 0.01 INCH OR MORE: 6
MAX 90 OR ABOVE: 0 0.10 INCH OR MORE: 3
MIN 32 OR BELOW: 1 0.50 INCH OR MORE: 1
MIN 0 OR BELOW: 0 1.00 INCH OR MORE: 0
[HDD (BASE 65) ]
TOTAL THIS MO. 191 CLEAR (SCALE 0-3) 23
DPTR FM NORMAL -107 PTCLDY (SCALE 4-7) 7
TOTAL FM JUL 1 2352 CLOUDY (SCALE 8-10) 1
DPTR FM NORMAL -79
[CDD (BASE 65) ]
TOTAL THIS MO. 25
DPTR FM NORMAL -4 [PRESSURE DATA]
TOTAL FM JAN 1 28 HIGHEST SLP 30.47 ON 31
DPTR FM NORMAL -6 LOWEST SLP 29.52 ON 16
[REMARKS]
#FINAL-03-21#