444
CXUS55 KABR 011100
CF6ABR
PRELIMINARY LOCAL CLIMATOLOGICAL DATA (WS FORM: F-6)
STATION: ABERDEEN SD
MONTH: MARCH
YEAR: 2021
LATITUDE: 45 27 N
LONGITUDE: 98 26 W
TEMPERATURE IN F: :PCPN: SNOW: WIND :SUNSHINE: SKY :PK WND
================================================================================
1 2 3 4 5 6A 6B 7 8 9 10 11 12 13 14 15 16 17 18
12Z AVG MX 2MIN
DY MAX MIN AVG DEP HDD CDD WTR SNW DPTH SPD SPD DIR MIN PSBL S-S WX SPD DR
================================================================================
1 33 10 22 -1 43 0 T T 0 14.6 25 30 M M 2 33 180
2 67 26 47 23 18 0 0.00 0.0 0 11.7 22 300 M M 0 30 300
3 64 25 45 21 20 0 0.00 0.0 0 5.3 13 170 M M 0 1 18 190
4 63 24 44 20 21 0 0.00 0.0 0 4.9 10 150 M M 0 128 14 160
5 54 26 40 15 25 0 0.00 0.0 0 4.6 10 80 M M 3 128 14 30
6 59 23 41 16 24 0 0.00 0.0 0 12.7 25 160 M M 1 128 36 160
7 69 33 51 25 14 0 0.00 0.0 0 13.6 29 160 M M 0 41 160
8 65 25 45 19 20 0 0.00 0.0 0 9.2 24 110 M M 0 31 150
9 69 42 56 29 9 0 0.00 0.0 0 16.0 25 160 M M 0 33 160
10 43 29 36 9 29 0 0.29 4.9 0 16.5 28 350 M M 9 12 38 350
11 42 19 31 3 34 0 T T 5 7.5 16 330 M M 4 1 20 320
12 47 18 33 5 32 0 0.00 0.0 2 7.7 16 170 M M 1 23 180
13 57 29 43 15 22 0 0.00 0.0 1 7.3 14 190 M M 0 18 210
14 46 34 40 11 25 0 0.00 0.0 0 13.8 28 70 M M 2 34 80
15 36 31 34 5 31 0 0.38 3.3 3 10.8 21 80 M M 10 18 31 80
16 37 31 34 4 31 0 T T 2 3.8 8 190 M M 10 18 11 70
17 40 30 35 5 30 0 T T 1 5.0 20 360 M M 10 18 25 360
18 52 25 39 8 26 0 0.00 0.0 T 5.5 9 170 M M 1 12 170
19 55 27 41 10 24 0 0.00 0.0 0 17.5 30 170 M M 0 40 180
20 67 38 53 21 12 0 0.00 0.0 0 23.1 37 180 M M 0 49 180
21 54 34 44 12 21 0 0.01 0.0 0 12.7 28 340 M M 4 35 320
22 61 23 42 9 23 0 0.00 0.0 0 7.2 14 140 M M 0 18 130
23 53 33 43 10 22 0 0.00 0.0 0 10.4 25 10 M M 5 34 10
24 52 25 39 5 26 0 0.00 0.0 0 13.7 26 350 M M 2 36 360
25 57 21 39 5 26 0 0.00 0.0 0 12.7 26 160 M M 0 39 160
26 54 32 43 9 22 0 0.00 0.0 0 8.0 16 360 M M 6 22 160
27 50 26 38 3 27 0 T 0.0 0 10.4 31 350 M M 7 1 40 340
28 54 15 35 -1 30 0 0.00 0.0 0 11.9 25 170 M M 1 32 170
29 81 29 55 19 10 0 0.00 0.0 0 22.6 38 290 M M 2 8 59 300
30 39 19 29 -7 36 0 0.00 0.0 0 20.9 36 310 M M 4 50 310
31 40 15 28 -9 37 0 0.00 0.0 0 10.4 21 320 M M 0 28 320
================================================================================
SM 1660 817 770 0 0.68 8.2 352.0 M 84
================================================================================
AV 53.5 26.4 11.4 FASTST M M 3 MAX(MPH)
MISC ----> 38 290 59 300
================================================================================
NOTES:
# LAST OF SEVERAL OCCURRENCES
COLUMN 17 PEAK WIND IN M.P.H.
PRELIMINARY LOCAL CLIMATOLOGICAL DATA (WS FORM: F-6) , PAGE 2
STATION: ABERDEEN SD
MONTH: MARCH
YEAR: 2021
LATITUDE: 45 27 N
LONGITUDE: 98 26 W
[TEMPERATURE DATA] [PRECIPITATION DATA] SYMBOLS USED IN COLUMN 16
AVERAGE MONTHLY: 40.0 TOTAL FOR MONTH: 0.68 1 = FOG OR MIST
DPTR FM NORMAL: 10.1 DPTR FM NORMAL: -0.48 2 = FOG REDUCING VISIBILITY
HIGHEST: 81 ON 29 GRTST 24HR 0.38 ON 15-15 TO 1/4 MILE OR LESS
LOWEST: 10 ON 1 3 = THUNDER
SNOW, ICE PELLETS, HAIL 4 = ICE PELLETS
TOTAL MONTH: 8.2 INCHES 5 = HAIL
GRTST 24HR 4.9 ON 10-10 6 = FREEZING RAIN OR DRIZZLE
GRTST DEPTH: 5 ON 11 7 = DUSTSTORM OR SANDSTORM:
VSBY 1/2 MILE OR LESS
8 = SMOKE OR HAZE
[NO. OF DAYS WITH] [WEATHER - DAYS WITH] 9 = BLOWING SNOW
X = TORNADO
MAX 32 OR BELOW: 0 0.01 INCH OR MORE: 3
MAX 90 OR ABOVE: 0 0.10 INCH OR MORE: 2
MIN 32 OR BELOW: 25 0.50 INCH OR MORE: 0
MIN 0 OR BELOW: 0 1.00 INCH OR MORE: 0
[HDD (BASE 65) ]
TOTAL THIS MO. 770 CLEAR (SCALE 0-3) 20
DPTR FM NORMAL -318 PTCLDY (SCALE 4-7) 7
TOTAL FM JUL 1 6460 CLOUDY (SCALE 8-10) 4
DPTR FM NORMAL -1091
[CDD (BASE 65) ]
TOTAL THIS MO. 0
DPTR FM NORMAL 0 [PRESSURE DATA]
TOTAL FM JAN 1 0 HIGHEST SLP 30.53 ON 31
DPTR FM NORMAL 0 LOWEST SLP 29.13 ON 29
[REMARKS]
#FINAL-03-21#