000
CXUS52 KTAE 010800
CF6ABY
PRELIMINARY LOCAL CLIMATOLOGICAL DATA (WS FORM: F-6)
STATION: ALBANY
MONTH: OCTOBER
YEAR: 2021
LATITUDE: 31 31 N
LONGITUDE: 84 11 W
TEMPERATURE IN F: :PCPN: SNOW: WIND :SUNSHINE: SKY :PK WND
================================================================================
1 2 3 4 5 6A 6B 7 8 9 10 11 12 13 14 15 16 17 18
12Z AVG MX 2MIN
DY MAX MIN AVG DEP HDD CDD WTR SNW DPTH SPD SPD DIR MIN PSBL S-S WX SPD DR
================================================================================
1 92 72 82 8 0 17 0.00 0.0 0 3.8 13 110 M M 0 18 110
2 91 70 81 7 0 16 0.00 0.0 0 4.3 12 130 M M 1 18 17 120
3 88 68 78 4 0 13 T 0.0 0 3.8 15 210 M M 1 20 230
4 86 70 78 5 0 13 0.01 0.0 0 3.7 12 200 M M 6 14 210
5 81 72 77 4 0 12 0.25 0.0 0 4.6 14 140 M M 6 13 17 150
6 83 72 78 6 0 13 0.22 0.0 0 6.0 15 130 M M 7 13 21 150
7 89 73 81 9 0 16 T 0.0 M 3.7 13 140 M M 8 138 16 140
8 90 71 81 9 0 16 0.39 0.0 M 3.5 15 340 M M 6 13 18 340
9 87 68 78 6 0 13 0.00 0.0 M 4.2 13 340 M M 3 128 16 40
10 86 66 76 5 0 11 0.00 0.0 0 4.5 14 80 M M 1 17 80
11 86 64 75 4 0 10 0.00 0.0 0 2.7 9 70 M M 2 14 70
12 89 67 78 8 0 13 0.00 0.0 0 4.6 12 60 M M 4 17 150
13 87 63 75 5 0 10 0.00 0.0 0 2.3 13 60 M M 0 1 16 70
14 90 62 76 6 0 11 0.00 0.0 0 2.1 7 50 M M 0 18 11 30
15 91 62 77 8 0 12 0.00 0.0 0 1.5 8 320 M M 0 11 320
16 86 58 72 3 0 7 0.00 0.0 0 8.6 20 320 M M 4 1 25 310
17 77 50 64 -5 1 0 0.00 0.0 0 5.4 14 50 M M 0 21 40
18 76 45 61 -7 4 0 0.00 M M 2.6 10 80 M M 0 8 15 80
19 83 47 65 -3 0 0 0.00 M M 1.8 9 70 M M 0 13 90
20 85 52 69 1 0 4 0.00 0.0 M 2.0 10 180 M M 0 1 13 120
21 87 61 74 7 0 9 T 0.0 0 3.1 14 340 M M 5 13 20 190
22 88 60 74 7 0 9 0.00 0.0 M 4.5 14 320 M M 3 18 20 320
23 85 51 68 2 0 3 0.00 0.0 0 2.5 10 330 M M 0 16 350
24 85 51 68 2 0 3 T 0.0 0 3.0 12 140 M M 0 15 150
25 86 67 77 11 0 12 0.07 0.0 0 4.3 14 250 M M 6 1 18 250
26 78 59 69 4 0 4 0.00 M M 7.3 14 310 M M 0 18 290
27 80 52 66 1 0 1 0.00 0.0 M 2.9 8 160 M M 0 11 50
28 83 60 72 8 0 7 1.54 0.0 0 8.7 25 240 M M 6 1 41 240
29 70 52 61 -3 4 0 0.00 0.0 0 8.9 22 230 M M 5 28 220
30 67 51 59 -5 6 0 0.00 0.0 0 6.8 16 280 M M 9 22 260
31 71 50 61 -3 4 0 0.00 M M 5.2 16 320 M M 5 20 340
================================================================================
SM 2603 1886 19 255 2.48 0.0 132.9 M 88
================================================================================
AV 84.0 60.8 4.3 FASTST M M 3 MAX(MPH)
MISC ----> 25 240 41 240
================================================================================
NOTES:
# LAST OF SEVERAL OCCURRENCES
COLUMN 17 PEAK WIND IN M.P.H.
PRELIMINARY LOCAL CLIMATOLOGICAL DATA (WS FORM: F-6) , PAGE 2
STATION: ALBANY
MONTH: OCTOBER
YEAR: 2021
LATITUDE: 31 31 N
LONGITUDE: 84 11 W
[TEMPERATURE DATA] [PRECIPITATION DATA] SYMBOLS USED IN COLUMN 16
AVERAGE MONTHLY: 72.4 TOTAL FOR MONTH: 2.48 1 = FOG OR MIST
DPTR FM NORMAL: 3.5 DPTR FM NORMAL: 0.18 2 = FOG REDUCING VISIBILITY
HIGHEST: 92 ON 1 GRTST 24HR 1.54 ON 28-28 TO 1/4 MILE OR LESS
LOWEST: 45 ON 18 3 = THUNDER
SNOW, ICE PELLETS, HAIL 4 = ICE PELLETS
TOTAL MONTH: 0.0 INCH 5 = HAIL
GRTST 24HR 0.0 6 = FREEZING RAIN OR DRIZZLE
GRTST DEPTH: 0 7 = DUSTSTORM OR SANDSTORM:
VSBY 1/2 MILE OR LESS
8 = SMOKE OR HAZE
[NO. OF DAYS WITH] [WEATHER - DAYS WITH] 9 = BLOWING SNOW
X = TORNADO
MAX 32 OR BELOW: 0 0.01 INCH OR MORE: 6
MAX 90 OR ABOVE: 5 0.10 INCH OR MORE: 4
MIN 32 OR BELOW: 0 0.50 INCH OR MORE: 1
MIN 0 OR BELOW: 0 1.00 INCH OR MORE: 1
[HDD (BASE 65) ]
TOTAL THIS MO. 19 CLEAR (SCALE 0-3) 17
DPTR FM NORMAL -26 PTCLDY (SCALE 4-7) 13
TOTAL FM JUL 1 19 CLOUDY (SCALE 8-10) 1
DPTR FM NORMAL -25
[CDD (BASE 65) ]
TOTAL THIS MO. 255
DPTR FM NORMAL 89 [PRESSURE DATA]
TOTAL FM JAN 1 3027 HIGHEST SLP 30.30 ON 20
DPTR FM NORMAL 381 LOWEST SLP 29.54 ON 28
[REMARKS]
#FINAL-10-21#