000
CXUS52 KTAE 010800
CF6ABY
PRELIMINARY LOCAL CLIMATOLOGICAL DATA (WS FORM: F-6)
STATION: ALBANY
MONTH: JUNE
YEAR: 2021
LATITUDE: 31 31 N
LONGITUDE: 84 11 W
TEMPERATURE IN F: :PCPN: SNOW: WIND :SUNSHINE: SKY :PK WND
================================================================================
1 2 3 4 5 6A 6B 7 8 9 10 11 12 13 14 15 16 17 18
12Z AVG MX 2MIN
DY MAX MIN AVG DEP HDD CDD WTR SNW DPTH SPD SPD DIR MIN PSBL S-S WX SPD DR
================================================================================
1 92 63 78 -1 0 13 0.00 0.0 0 5.3 14 100 M M 0 18 90
2 94 65 80 1 0 15 0.00 0.0 0 3.0 10 200 M M 2 1 16 190
3 92 69 81 2 0 16 0.00 0.0 M 3.4 10 270 M M 2 13 280
4 96 73 85 5 0 20 0.00 0.0 M 4.9 17 330 M M 3 22 330
5 92 72 82 2 0 17 0.00 0.0 M 3.5 14 190 M M 1 18 180
6 94 73 84 4 0 19 0.35 0.0 M 4.3 31 190 M M 2 138 39 190
7 93 74 84 4 0 19 0.08 0.0 M 5.0 22 180 M M 4 1 30 190
8 95 73 84 4 0 19 T 0.0 0 4.8 24 180 M M 4 3 28 190
9 96 72 84 4 0 19 0.00 0.0 0 3.9 15 250 M M 2 19 240
10 95 71 83 3 0 18 0.00 0.0 0 6.0 16 250 M M 2 21 250
11 93 74 84 4 0 19 0.14 0.0 0 6.2 17 250 M M 3 3 24 270
12 95 76 86 5 0 21 0.00 0.0 0 7.5 16 240 M M 4 3 22 240
13 94 73 84 3 0 19 0.42 0.0 M 5.2 26 250 M M 3 3 36 240
14 98 73 86 5 0 21 0.00 0.0 M 3.1 12 30 M M 3 15 360
15 101 75 88 7 0 23 T 0.0 M 5.8 15 240 M M 1 3 22 250
16 96 71 84 3 0 19 0.00 0.0 M 5.2 17 280 M M 1 26 290
17 98 73 86 5 0 21 0.00 0.0 0 4.2 12 70 M M 4 16 40
18 97 72 85 4 0 20 T 0.0 0 3.7 26 200 M M 2 13 36 200
19 89 75 82 1 0 17 0.55 0.0 0 7.3 22 190 M M 6 138 27 180
20 92 76 84 2 0 19 0.20 0.0 0 12.0 23 200 M M 6 13 34 210
21 91 74 83 1 0 18 T 0.0 0 8.5 22 200 M M 4 27 200
22 85 73 79 -3 0 14 0.43 0.0 0 7.0 20 210 M M 8 18 26 190
23 92 71 82 0 0 17 T 0.0 0 3.5 20 200 M M 6 13 23 200
24 90 72 81 -1 0 16 0.00 M M 8.8 18 70 M M 8 1 23 110
25 93 68 81 -1 0 16 0.00 M M 6.9 17 90 M M 1 22 90
26 94 73 84 2 0 19 0.00 M M 7.0 18 140 M M 3 23 150
27 94 75 85 3 0 20 0.02 0.0 0 6.6 23 130 M M 4 28 130
28 89 73 81 -1 0 16 T 0.0 0 4.9 14 50 M M 3 16 50
29 96 72 84 2 0 19 0.73 0.0 0 4.7 31 150 M M 3 13 40 150
30 90 73 82 0 0 17 0.20 0.0 0 4.9 25 70 M M 4 13 33 80
================================================================================
SM 2806 2167 0 546 3.12 0.0 167.1 M 99
================================================================================
AV 93.5 72.2 5.6 FASTST M M 3 MAX(MPH)
MISC ----> # 31 190 40 150
================================================================================
NOTES:
# LAST OF SEVERAL OCCURRENCES
COLUMN 17 PEAK WIND IN M.P.H.
PRELIMINARY LOCAL CLIMATOLOGICAL DATA (WS FORM: F-6) , PAGE 2
STATION: ALBANY
MONTH: JUNE
YEAR: 2021
LATITUDE: 31 31 N
LONGITUDE: 84 11 W
[TEMPERATURE DATA] [PRECIPITATION DATA] SYMBOLS USED IN COLUMN 16
AVERAGE MONTHLY: 82.9 TOTAL FOR MONTH: 3.12 1 = FOG OR MIST
DPTR FM NORMAL: 2.0 DPTR FM NORMAL: -1.94 2 = FOG REDUCING VISIBILITY
HIGHEST: 101 ON 15 GRTST 24HR 0.78 ON 29-30 TO 1/4 MILE OR LESS
LOWEST: 63 ON 1 3 = THUNDER
SNOW, ICE PELLETS, HAIL 4 = ICE PELLETS
TOTAL MONTH: 0.0 INCH 5 = HAIL
GRTST 24HR 0.0 6 = FREEZING RAIN OR DRIZZLE
GRTST DEPTH: 0 7 = DUSTSTORM OR SANDSTORM:
VSBY 1/2 MILE OR LESS
8 = SMOKE OR HAZE
[NO. OF DAYS WITH] [WEATHER - DAYS WITH] 9 = BLOWING SNOW
X = TORNADO
MAX 32 OR BELOW: 0 0.01 INCH OR MORE: 10
MAX 90 OR ABOVE: 27 0.10 INCH OR MORE: 8
MIN 32 OR BELOW: 0 0.50 INCH OR MORE: 2
MIN 0 OR BELOW: 0 1.00 INCH OR MORE: 0
[HDD (BASE 65) ]
TOTAL THIS MO. 0 CLEAR (SCALE 0-3) 15
DPTR FM NORMAL 0 PTCLDY (SCALE 4-7) 15
TOTAL FM JUL 1 1455 CLOUDY (SCALE 8-10) 0
DPTR FM NORMAL -229
[CDD (BASE 65) ]
TOTAL THIS MO. 546
DPTR FM NORMAL 69 [PRESSURE DATA]
TOTAL FM JAN 1 1109 HIGHEST SLP 30.25 ON 1
DPTR FM NORMAL 131 LOWEST SLP 29.74 ON 12
[REMARKS]
#FINAL-06-21#