000
CXUS54 KFWD 010830
CF6ACT
PRELIMINARY LOCAL CLIMATOLOGICAL DATA (WS FORM: F-6)
STATION: WACO
MONTH: NOVEMBER
YEAR: 2021
LATITUDE: 31 37 N
LONGITUDE: 97 13 W
TEMPERATURE IN F: :PCPN: SNOW: WIND :SUNSHINE: SKY :PK WND
================================================================================
1 2 3 4 5 6A 6B 7 8 9 10 11 12 13 14 15 16 17 18
12Z AVG MX 2MIN
DY MAX MIN AVG DEP HDD CDD WTR SNW DPTH SPD SPD DIR MIN PSBL S-S WX SPD DR
================================================================================
1 80 48 64 2 1 0 0.00 0.0 0 5.0 15 180 M M 0 20 170
2 68 55 62 0 3 0 0.00 0.0 0 7.0 14 20 M M 8 17 30
3 56 48 52 -10 13 0 0.55 0.0 0 11.4 22 80 M M 10 13 32 60
4 61 40 51 -10 14 0 0.00 0.0 0 7.6 14 40 M M 5 19 20
5 64 35 50 -11 15 0 0.00 0.0 0 2.1 8 110 M M 0 1 11 110
6 68 38 53 -7 12 0 0.00 0.0 0 3.2 8 180 M M 0 11 190
7 74 39 57 -3 8 0 0.00 0.0 0 7.8 15 170 M M 0 1 19 170
8 75 51 63 3 2 0 0.00 0.0 0 10.4 16 180 M M 2 1 22 180
9 76 56 66 7 0 1 0.00 0.0 0 9.0 16 180 M M 1 1 21 180
10 80 62 71 12 0 6 0.00 0.0 0 13.4 24 180 M M 6 1 31 190
11 73 42 58 -1 7 0 0.00 0.0 0 8.6 18 360 M M 1 8 25 350
12 73 39 56 -2 9 0 0.00 0.0 0 8.1 21 360 M M 0 8 28 360
13 67 33 50 -8 15 0 0.00 0.0 0 6.9 18 170 M M 0 24 170
14 77 43 60 2 5 0 0.00 0.0 0 4.1 14 190 M M 0 17 190
15 81 44 63 6 2 0 0.00 0.0 0 7.6 18 190 M M 0 24 180
16 80 64 72 15 0 7 0.00 0.0 0 14.8 26 180 M M 3 34 190
17 83 59 71 14 0 6 0.00 0.0 0 15.5 25 190 M M 3 33 180
18 66 42 54 -2 11 0 0.00 0.0 0 14.4 26 20 M M 4 34 10
19 64 33 49 -7 16 0 0.00 0.0 0 6.3 13 160 M M 0 8 17 170
20 75 48 62 6 3 0 0.00 0.0 0 13.6 25 180 M M 2 32 180
21 77 55 66 11 0 1 T 0.0 0 11.0 23 340 M M 6 30 320
22 70 38 54 -1 11 0 0.00 0.0 0 7.4 15 340 M M 0 8 23 330
23 71 32 52 -3 13 0 0.00 0.0 0 9.3 20 170 M M 0 27 170
24 78 53 66 12 0 1 T 0.0 0 11.7 24 180 M M 6 32 200
25 68 46 57 3 8 0 T 0.0 0 14.2 26 340 M M 2 35 350
26 53 38 46 -8 19 0 0.00 0.0 0 4.2 10 340 M M 0 13 330
27 55 46 51 -3 14 0 0.41 0.0 0 7.8 14 200 M M 8 1 17 210
28 70 38 54 1 11 0 T 0.0 0 7.1 16 20 M M 3 1 22 10
29 73 35 54 1 11 0 0.00 0.0 0 7.1 15 200 M M 0 19 200
30 76 42 59 6 6 0 0.00 0.0 0 7.6 18 190 M M 0 24 180
================================================================================
SM 2132 1342 229 22 0.96 0.0 264.2 M 70
================================================================================
AV 71.1 44.7 8.8 FASTST M M 2 MAX(MPH)
MISC ----> # 26 180 35 350
================================================================================
NOTES:
# LAST OF SEVERAL OCCURRENCES
COLUMN 17 PEAK WIND IN M.P.H.
PRELIMINARY LOCAL CLIMATOLOGICAL DATA (WS FORM: F-6) , PAGE 2
STATION: WACO
MONTH: NOVEMBER
YEAR: 2021
LATITUDE: 31 37 N
LONGITUDE: 97 13 W
[TEMPERATURE DATA] [PRECIPITATION DATA] SYMBOLS USED IN COLUMN 16
AVERAGE MONTHLY: 57.9 TOTAL FOR MONTH: 0.96 1 = FOG OR MIST
DPTR FM NORMAL: 0.7 DPTR FM NORMAL: -1.75 2 = FOG REDUCING VISIBILITY
HIGHEST: 83 ON 17 GRTST 24HR 0.55 ON 3- 3 TO 1/4 MILE OR LESS
LOWEST: 32 ON 23 3 = THUNDER
SNOW, ICE PELLETS, HAIL 4 = ICE PELLETS
TOTAL MONTH: 0.0 INCH 5 = HAIL
GRTST 24HR 0.0 6 = FREEZING RAIN OR DRIZZLE
GRTST DEPTH: 0 7 = DUSTSTORM OR SANDSTORM:
VSBY 1/2 MILE OR LESS
8 = SMOKE OR HAZE
[NO. OF DAYS WITH] [WEATHER - DAYS WITH] 9 = BLOWING SNOW
X = TORNADO
MAX 32 OR BELOW: 0 0.01 INCH OR MORE: 2
MAX 90 OR ABOVE: 0 0.10 INCH OR MORE: 2
MIN 32 OR BELOW: 1 0.50 INCH OR MORE: 1
MIN 0 OR BELOW: 0 1.00 INCH OR MORE: 0
[HDD (BASE 65) ]
TOTAL THIS MO. 229 CLEAR (SCALE 0-3) 21
DPTR FM NORMAL -39 PTCLDY (SCALE 4-7) 8
TOTAL FM JUL 1 257 CLOUDY (SCALE 8-10) 1
DPTR FM NORMAL -78
[CDD (BASE 65) ]
TOTAL THIS MO. 22
DPTR FM NORMAL -12 [PRESSURE DATA]
TOTAL FM JAN 1 2806 HIGHEST SLP 30.48 ON 19
DPTR FM NORMAL -56 LOWEST SLP 29.78 ON 10
[REMARKS]
#FINAL-11-21#