000
CXUS51 KPHI 010815
CF6ACY
PRELIMINARY LOCAL CLIMATOLOGICAL DATA (WS FORM: F-6)
STATION: ATLANTIC CITY NJ
MONTH: MARCH
YEAR: 2020
LATITUDE: 39 27 N
LONGITUDE: 74 34 W
TEMPERATURE IN F: :PCPN: SNOW: WIND :SUNSHINE: SKY :PK WND
================================================================================
1 2 3 4 5 6A 6B 7 8 9 10 11 12 13 14 15 16 17 18
12Z AVG MX 2MIN
DY MAX MIN AVG DEP HDD CDD WTR SNW DPTH SPD SPD DIR MIN PSBL S-S WX SPD DR
================================================================================
1 46 27 37 -1 28 0 0.00 0.0 0 10.8 21 260 M M 2 29 260
2 58 37 48 10 17 0 0.04 0.0 0 11.1 21 200 M M 2 32 240
3 59 45 52 13 13 0 0.01 0.0 0 8.9 40 280 M M 2 63 260
4 60 45 53 14 12 0 0.00 0.0 0 12.2 28 290 M M 2 39 300
5 54 35 45 6 20 0 0.00 0.0 0 8.2 21 320 M M 0 28 360
6 46 30 38 -1 27 0 0.49 0.0 0 9.1 18 360 M M 8 18 29 10
7 49 33 41 1 24 0 0.03 0.0 0 14.5 29 330 M M 4 1 38 330
8 59 27 43 3 22 0 0.00 0.0 0 7.6 17 260 M M 0 24 290
9 74 43 59 19 6 0 0.00 0.0 M 8.3 16 260 M M 0 22 250
10 69 49 59 19 6 0 T 0.0 0 12.8 24 240 M M 5 37 220
11 62 37 50 9 15 0 0.00 0.0 0 7.5 16 360 M M 3 20 290
12 54 34 44 3 21 0 T 0.0 0 7.1 14 80 M M 8 1 19 90
13 75 52 64 23 1 0 0.24 0.0 0 12.0 32 290 M M 5 1 48 280
14 60 41 51 9 14 0 0.03 0.0 0 9.3 21 350 M M 3 28 360
15 53 31 42 0 23 0 0.05 0.0 0 5.6 15 110 M M 5 20 110
16 50 28 39 -3 26 0 0.00 0.0 0 10.1 23 60 M M 5 32 60
17 63 43 53 11 12 0 0.01 0.0 0 7.0 16 310 M M 9 18 22 260
18 54 38 46 3 19 0 0.01 0.0 0 9.2 15 110 M M 2 23 70
19 58 48 53 10 12 0 0.76 0.0 0 8.0 16 170 M M 10 1 25 170
20 83 48 66 23 0 1 T 0.0 0 11.4 24 230 M M 5 12 35 210
21 70 34 52 8 13 0 0.02 0.0 0 8.1 21 350 M M 6 28 350
22 47 30 39 -5 26 0 0.01 0.0 0 11.9 23 60 M M 6 33 80
23 53 40 47 3 18 0 0.94 0.0 0 13.6 22 100 M M 10 18 31 70
24 59 36 48 4 17 0 0.00 0.0 0 7.3 16 340 M M 2 24 350
25 48 38 43 -2 22 0 0.09 0.0 0 14.0 28 70 M M 10 18 39 60
26 60 33 47 2 18 0 0.00 0.0 M 7.5 15 170 M M 0 24 190
27 71 49 60 14 5 0 T 0.0 0 5.5 15 300 M M 2 23 360
28 54 49 52 6 13 0 0.34 0.0 0 8.1 20 100 M M 9 18 27 110
29 58 48 53 7 12 0 0.00 0.0 0 6.9 14 10 M M 10 128 20 20
30 57 45 51 5 14 0 0.17 0.0 0 6.1 14 150 M M 9 12 M M
31 48 42 45 -2 20 0 0.02 0.0 M 10.8 17 80 M M 9 1 23 70
================================================================================
SM 1811 1215 496 1 3.26 0.0 290.5 M 153
================================================================================
AV 58.4 39.2 9.4 FASTST M M 5 MAX(MPH)
MISC ----> 40 280 63 260
================================================================================
NOTES:
# LAST OF SEVERAL OCCURRENCES
COLUMN 17 PEAK WIND IN M.P.H.
PRELIMINARY LOCAL CLIMATOLOGICAL DATA (WS FORM: F-6) , PAGE 2
STATION: ATLANTIC CITY NJ
MONTH: MARCH
YEAR: 2020
LATITUDE: 39 27 N
LONGITUDE: 74 34 W
[TEMPERATURE DATA] [PRECIPITATION DATA] SYMBOLS USED IN COLUMN 16
AVERAGE MONTHLY: 48.8 TOTAL FOR MONTH: 3.26 1 = FOG OR MIST
DPTR FM NORMAL: 6.6 DPTR FM NORMAL: -0.95 2 = FOG REDUCING VISIBILITY
HIGHEST: 83 ON 20 GRTST 24HR 0.94 ON 23-23 TO 1/4 MILE OR LESS
LOWEST: 27 ON 8, 1 3 = THUNDER
SNOW, ICE PELLETS, HAIL 4 = ICE PELLETS
TOTAL MONTH: T 5 = HAIL
GRTST 24HR 0.0 6 = FREEZING RAIN OR DRIZZLE
GRTST DEPTH: 0 7 = DUSTSTORM OR SANDSTORM:
VSBY 1/2 MILE OR LESS
8 = SMOKE OR HAZE
[NO. OF DAYS WITH] [WEATHER - DAYS WITH] 9 = BLOWING SNOW
X = TORNADO
MAX 32 OR BELOW: 0 0.01 INCH OR MORE: 17
MAX 90 OR ABOVE: 0 0.10 INCH OR MORE: 6
MIN 32 OR BELOW: 6 0.50 INCH OR MORE: 2
MIN 0 OR BELOW: 0 1.00 INCH OR MORE: 0
[HDD (BASE 65) ]
TOTAL THIS MO. 496 CLEAR (SCALE 0-3) 11
DPTR FM NORMAL -210 PTCLDY (SCALE 4-7) 12
TOTAL FM JUL 1 3502 CLOUDY (SCALE 8-10) 8
DPTR FM NORMAL -795
[CDD (BASE 65) ]
TOTAL THIS MO. 1
DPTR FM NORMAL 1 [PRESSURE DATA]
TOTAL FM JAN 1 1 HIGHEST SLP 30.65 ON 22
DPTR FM NORMAL 1 LOWEST SLP 29.78 ON 29
[REMARKS]
#FINAL-03-20#