000
CXUS54 KLZK 011230
CF6ADF
PRELIMINARY LOCAL CLIMATOLOGICAL DATA (WS FORM: F-6)
STATION: ARKADELPHIA AIRPORT
MONTH: NOVEMBER
YEAR: 2021
LATITUDE: 34 9 N
LONGITUDE: 93 4 W
TEMPERATURE IN F: :PCPN: SNOW: WIND :SUNSHINE: SKY :PK WND
================================================================================
1 2 3 4 5 6A 6B 7 8 9 10 11 12 13 14 15 16 17 18
12Z AVG MX 2MIN
DY MAX MIN AVG DEP HDD CDD WTR SNW DPTH SPD SPD DIR MIN PSBL S-S WX SPD DR
================================================================================
1 71 47 59 2 6 0 T M M 4.6 8 30 M M 2 M M
2 55 47 51 -6 14 0 0.06 M M 5.8 12 20 M M 10 3 M M
3 47 34 41 -16 24 0 0.45 M M 4.3 8 40 M M 8 M M
4 57 28 43 -13 22 0 0.00 M M 2.3 10 10 M M 0 1 16 10
5 59 25 42 -14 23 0 0.00 M M 2.4 9 360 M M 1 12 M M
6 63 25 44 -12 21 0 0.00 M M 0.3 5 240 M M 2 12 M M
7 69 28 49 -6 16 0 0.00 M M 1.2 8 170 M M 1 1 M M
8 75 34 55 0 10 0 0.00 M M 1.7 9 180 M M 3 12 M M
9 70 35 53 -1 12 0 0.00 M M 1.3 7 180 M M 2 12 M M
10 74 41 58 4 7 0 0.04 M M 3.0 12 190 M M 7 1 17 190
11 69 35 52 -2 13 0 0.91 M M 4.8 22 290 M M 4 13 29 290
12 65 30 48 -5 17 0 T M M 4.6 14 240 M M 2 22 230
13 59 29 44 -9 21 0 0.00 M M 3.8 10 350 M M 0 M M
14 70 29 50 -3 15 0 0.00 M M 1.7 8 20 M M 0 M M
15 74 32 53 1 12 0 0.00 M M 1.4 7 190 M M 0 M M
16 74 48 61 9 4 0 0.00 M M 4.7 12 200 M M 6 1 18 200
17 80 51 66 14 0 1 0.06 M M 4.5 13 190 M M 8 1 21 200
18 61 25 43 -8 22 0 T M M 8.4 21 30 M M 4 35 10
19 58 20 39 -12 26 0 0.00 M M 1.2 7 70 M M 0 M M
20 67 27 47 -3 18 0 0.00 M M 1.6 8 140 M M 2 M M
21 69 53 61 11 4 0 0.01 M M 3.3 15 350 M M 8 22 350
22 62 31 47 -3 18 0 0.00 M M 4.1 12 20 M M 0 M M
23 64 26 45 -4 20 0 0.00 M M 2.2 9 170 M M 0 M M
24 70 29 50 1 15 0 0.00 M M 5.5 13 180 M M 7 18 170
25 64 29 47 -2 18 0 0.40 M M 5.1 13 330 M M 7 1 18 310
26 54 24 39 -9 26 0 0.00 M M 1.5 8 40 M M 0 M M
27 55 23 39 -9 26 0 0.00 M M 2.6 12 220 M M 2 M M
28 66 32 49 1 16 0 0.00 M M 2.6 8 340 M M 0 1 M M
29 67 28 48 1 17 0 0.00 M M 2.7 10 230 M M 0 M M
30 74 30 52 5 13 0 0.00 M M 2.0 9 190 M M 0 1 M M
================================================================================
SM 1962 975 476 1 1.93 M 95.1 M 86
================================================================================
AV 65.4 32.5 3.2 FASTST M M 3 MAX(MPH)
MISC ----> 22 290 35 10
================================================================================
NOTES:
# LAST OF SEVERAL OCCURRENCES
COLUMN 17 PEAK WIND IN M.P.H.
PRELIMINARY LOCAL CLIMATOLOGICAL DATA (WS FORM: F-6) , PAGE 2
STATION: ARKADELPHIA AIRPORT
MONTH: NOVEMBER
YEAR: 2021
LATITUDE: 34 9 N
LONGITUDE: 93 4 W
[TEMPERATURE DATA] [PRECIPITATION DATA] SYMBOLS USED IN COLUMN 16
AVERAGE MONTHLY: 49.0 TOTAL FOR MONTH: 1.93 1 = FOG OR MIST
DPTR FM NORMAL: -3.2 DPTR FM NORMAL: -3.23 2 = FOG REDUCING VISIBILITY
HIGHEST: 80 ON 17 GRTST 24HR 0.91 ON 11-11 TO 1/4 MILE OR LESS
LOWEST: 20 ON 19 3 = THUNDER
SNOW, ICE PELLETS, HAIL 4 = ICE PELLETS
TOTAL MONTH: M 5 = HAIL
GRTST 24HR M ON M 6 = FREEZING RAIN OR DRIZZLE
GRTST DEPTH: M ON M 7 = DUSTSTORM OR SANDSTORM:
VSBY 1/2 MILE OR LESS
8 = SMOKE OR HAZE
[NO. OF DAYS WITH] [WEATHER - DAYS WITH] 9 = BLOWING SNOW
X = TORNADO
MAX 32 OR BELOW: 0 0.01 INCH OR MORE: 7
MAX 90 OR ABOVE: 0 0.10 INCH OR MORE: 3
MIN 32 OR BELOW: 20 0.50 INCH OR MORE: 1
MIN 0 OR BELOW: 0 1.00 INCH OR MORE: 0
[HDD (BASE 65) ]
TOTAL THIS MO. 476 CLEAR (SCALE 0-3) 19
DPTR FM NORMAL 84 PTCLDY (SCALE 4-7) 9
TOTAL FM JUL 1 554 CLOUDY (SCALE 8-10) 2
DPTR FM NORMAL 5
[CDD (BASE 65) ]
TOTAL THIS MO. 1
DPTR FM NORMAL -5 [PRESSURE DATA]
TOTAL FM JAN 1 2203 HIGHEST SLP M ON M
DPTR FM NORMAL 286 LOWEST SLP M ON M
[REMARKS]
#FINAL-11-21#