000
CXUS54 KLZK 011130
CF6ADF
PRELIMINARY LOCAL CLIMATOLOGICAL DATA (WS FORM: F-6)
STATION: Arkadelphia Airport
MONTH: JULY
YEAR: 2020
LATITUDE: 34 9 N
LONGITUDE: 93 4 W
TEMPERATURE IN F: :PCPN: SNOW: WIND :SUNSHINE: SKY :PK WND
================================================================================
1 2 3 4 5 6A 6B 7 8 9 10 11 12 13 14 15 16 17 18
12Z AVG MX 2MIN
DY MAX MIN AVG DEP HDD CDD WTR SNW DPTH SPD SPD DIR MIN PSBL S-S WX SPD DR
================================================================================
1 91 73 82 2 0 17 M M M 3.9 12 220 M M 5 8 M M
2 94 75 85 5 0 20 M M M 3.9 14 70 M M 3 138 23 70
3 89 72 81 1 0 16 M M M 2.2 6 190 M M 0 13 M M
4 85 73 79 -1 0 14 M M M 1.5 5 350 M M 6 1238 M M
5 91 73 82 2 0 17 M M M 1.6 7 50 M M 3 138 M M
6 90 75 83 3 0 18 T M M 0.8 6 99 M M 3 18 M M
7 87 73 80 0 0 15 M M M 2.7 9 210 M M 7 128 M M
8 91 74 83 3 0 18 M M M 1.6 6 230 M M 5 M M
9 90 73 82 1 0 17 M M M 2.8 9 230 M M 5 138 M M
10 94 71 83 2 0 18 M M M 2.0 6 290 M M 2 3 M M
11 94 72 83 2 0 18 M M M 3.1 13 220 M M 1 M M
12 83 82 83 2 0 18 M M M 10.4 20 280 M M 0 29 280
13 M M M M M M M M M M M M M M M M M
14 M M M M M M M M M M M M M M M M M
15 M M M M M M M M M M M M M M M M M
16 95 78 87 6 0 22 0.00 M M 2.5 6 170 M M 1 M M
17 93 74 84 3 0 19 0.00 M M 1.6 8 160 M M 0 18 M M
18 94 72 83 2 0 18 0.00 M M 3.7 9 180 M M 2 M M
19 95 71 83 2 0 18 0.00 M M 2.0 8 230 M M 1 1 M M
20 95 72 84 3 0 19 T M M 2.2 8 330 M M 1 13 M M
21 93 70 82 1 0 17 T M M 1.7 9 180 M M 3 3 M M
22 86 74 80 -1 0 15 0.01 M M 0.8 5 350 M M 6 3 M M
23 91 75 83 2 0 18 0.52 M M 3.0 6 60 M M 5 3 M M
24 92 74 83 2 0 18 0.06 M M 2.5 6 30 M M 3 M M
25 91 75 83 2 0 18 0.03 M M 1.2 5 80 M M 6 M M
26 92 72 82 1 0 17 0.00 M M 1.5 7 180 M M 5 18 M M
27 90 70 80 -1 0 15 0.00 M M 0.9 8 210 M M 4 128 M M
28 92 70 81 0 0 16 0.00 M M 1.8 7 99 M M 2 128 M M
29 87 71 79 -2 0 14 0.11 M M 2.0 8 220 M M 5 1238 M M
30 M M M M M M 0.01 M M 7.0 15 240 M M 5 13 21 240
31 M M M M M M M M M M M M M M M M M
================================================================================
SM 2365 1904 0 450 0.74 M 70.9 M 89
================================================================================
AV 91.0 73.2 2.6 FASTST M M 3 MAX(MPH)
MISC ----> # 20 280 # 29 280
================================================================================
NOTES:
# LAST OF SEVERAL OCCURRENCES
COLUMN 17 PEAK WIND IN M.P.H.
PRELIMINARY LOCAL CLIMATOLOGICAL DATA (WS FORM: F-6) , PAGE 2
STATION: Arkadelphia Airport
MONTH: JULY
YEAR: 2020
LATITUDE: 34 9 N
LONGITUDE: 93 4 W
[TEMPERATURE DATA] [PRECIPITATION DATA] SYMBOLS USED IN COLUMN 16
AVERAGE MONTHLY: 82.1 TOTAL FOR MONTH: 0.74 1 = FOG OR MIST
DPTR FM NORMAL: 1.2 DPTR FM NORMAL: -3.63 2 = FOG REDUCING VISIBILITY
HIGHEST: 95 ON 20,19 GRTST 24HR 0.52 ON 23-23 TO 1/4 MILE OR LESS
LOWEST: 70 ON 28,27 3 = THUNDER
SNOW, ICE PELLETS, HAIL 4 = ICE PELLETS
TOTAL MONTH: M 5 = HAIL
GRTST 24HR M ON M 6 = FREEZING RAIN OR DRIZZLE
GRTST DEPTH: M ON M 7 = DUSTSTORM OR SANDSTORM:
VSBY 1/2 MILE OR LESS
8 = SMOKE OR HAZE
[NO. OF DAYS WITH] [WEATHER - DAYS WITH] 9 = BLOWING SNOW
X = TORNADO
MAX 32 OR BELOW: 0 0.01 INCH OR MORE: 6
MAX 90 OR ABOVE: 20 0.10 INCH OR MORE: 2
MIN 32 OR BELOW: 0 0.50 INCH OR MORE: 1
MIN 0 OR BELOW: 0 1.00 INCH OR MORE: 0
[HDD (BASE 65) ]
TOTAL THIS MO. 0 CLEAR (SCALE 0-3) 12
DPTR FM NORMAL 0 PTCLDY (SCALE 4-7) 15
TOTAL FM JUL 1 0 CLOUDY (SCALE 8-10) 0
DPTR FM NORMAL 0
[CDD (BASE 65) ]
TOTAL THIS MO. 450
DPTR FM NORMAL -41 [PRESSURE DATA]
TOTAL FM JAN 1 956 HIGHEST SLP M ON M
DPTR FM NORMAL -143 LOWEST SLP M ON M
[REMARKS]
#FINAL-07-20#