000
CXAK56 PAFC 020114
CF6ADQ
PRELIMINARY LOCAL CLIMATOLOGICAL DATA (WS FORM: F-6)
STATION: KODIAK
MONTH: MAY
YEAR: 2021
LATITUDE: 57 45 N
LONGITUDE: 152 31 W
TEMPERATURE IN F: :PCPN: SNOW: WIND :SUNSHINE: SKY :PK WND
================================================================================
1 2 3 4 5 6A 6B 7 8 9 10 11 12 13 14 15 16 17 18
12Z AVG MX 2MIN
DY MAX MIN AVG DEP HDD CDD WTR SNW DPTH SPD SPD DIR MIN PSBL S-S WX SPD DR
================================================================================
1 47 29 38 -5 27 0 0.01 M M 8.6 22 110 M M 5 25 100
2 42 39 41 -2 24 0 0.28 M M 16.1 23 30 M M 10 1 29 30
3 43 38 41 -3 24 0 0.99 M M 12.5 22 40 M M 10 1 27 350
4 45 39 42 -2 23 0 0.02 M M 12.2 26 100 M M 8 1 30 100
5 46 31 39 -5 26 0 0.05 M M 9.7 23 50 M M 8 1 27 50
6 52 28 40 -4 25 0 0.00 M M 5.8 15 270 M M 3 18 260
7 43 30 37 -7 28 0 0.65 M M 14.4 24 50 M M 8 1 30 100
8 49 40 45 0 20 0 1.09 M M 10.5 21 50 M M 9 1 30 40
9 45 32 39 -6 26 0 0.47 M M 10.4 18 100 M M 8 12 22 80
10 43 39 41 -4 24 0 0.67 M M 9.4 18 110 M M 10 1 22 100
11 45 39 42 -3 23 0 0.05 M M 4.6 9 90 M M 10 M M
12 48 41 45 0 20 0 0.01 M M 9.1 16 50 M M 10 20 30
13 48 42 45 0 20 0 T M M 8.4 18 50 M M 10 23 30
14 45 41 43 -3 22 0 0.20 M M 9.8 17 70 M M 10 18 21 30
15 51 33 42 -4 23 0 0.17 M M 5.8 15 290 M M 9 17 280
16 50 33 42 -4 23 0 T M M 4.8 8 290 M M 9 12 40
17 58 32 45 -1 20 0 0.00 M M 6.5 12 300 M M 3 14 100
18 56 35 46 0 19 0 0.00 M M 6.1 13 30 M M 0 15 110
19 43 39 41 -5 24 0 0.62 M M 17.1 26 90 M M 8 1 34 120
20 45 43 44 -2 21 0 1.99 M M 15.5 24 60 M M 10 1 28 60
21 48 42 45 -2 20 0 0.03 M M 7.4 14 160 M M 10 1 19 140
22 54 41 48 1 17 0 0.00 M M 5.7 14 310 M M 4 17 320
23 58 35 47 0 18 0 0.00 M M 7.5 18 300 M M 0 24 300
24 59 42 51 4 14 0 0.00 M M 8.3 20 310 M M 0 24 310
25 66 37 52 5 13 0 0.00 M M 7.4 16 300 M M 0 21 310
26 60 45 53 6 12 0 0.00 M M 9.2 21 300 M M 0 27 320
27 59 39 49 1 16 0 T M M 7.1 15 320 M M 2 18 320
28 55 46 51 3 14 0 0.03 M M 6.9 14 40 M M 10 128 18 30
29 48 46 47 -1 18 0 0.48 M M 7.4 12 40 M M 10 1 15 20
30 53 46 50 2 15 0 0.02 M M 6.3 14 50 M M 10 1 17 40
31 50 47 49 1 16 0 0.69 M M 11.2 23 20 M M 10 18 29 30
================================================================================
SM 1554 1189 635 0 8.52 M 281.7 M 214
================================================================================
AV 50.1 38.4 9.1 FASTST M M 7 MAX(MPH)
MISC ----> # 26 100 34 120
================================================================================
NOTES:
# LAST OF SEVERAL OCCURRENCES
COLUMN 17 PEAK WIND IN M.P.H.
PRELIMINARY LOCAL CLIMATOLOGICAL DATA (WS FORM: F-6) , PAGE 2
STATION: KODIAK
MONTH: MAY
YEAR: 2021
LATITUDE: 57 45 N
LONGITUDE: 152 31 W
[TEMPERATURE DATA] [PRECIPITATION DATA] SYMBOLS USED IN COLUMN 16
AVERAGE MONTHLY: 44.2 TOTAL FOR MONTH: 8.52 1 = FOG OR MIST
DPTR FM NORMAL: -1.6 DPTR FM NORMAL: 2.67 2 = FOG REDUCING VISIBILITY
HIGHEST: 66 ON 25 GRTST 24HR 2.07 ON 19-20 TO 1/4 MILE OR LESS
LOWEST: 28 ON 6 3 = THUNDER
SNOW, ICE PELLETS, HAIL 4 = ICE PELLETS
TOTAL MONTH: M 5 = HAIL
GRTST 24HR M ON M 6 = FREEZING RAIN OR DRIZZLE
GRTST DEPTH: M ON M 7 = DUSTSTORM OR SANDSTORM:
VSBY 1/2 MILE OR LESS
8 = SMOKE OR HAZE
[NO. OF DAYS WITH] [WEATHER - DAYS WITH] 9 = BLOWING SNOW
X = TORNADO
MAX 32 OR BELOW: 0 0.01 INCH OR MORE: 20
MAX 90 OR ABOVE: 0 0.10 INCH OR MORE: 12
MIN 32 OR BELOW: 6 0.50 INCH OR MORE: 7
MIN 0 OR BELOW: 0 1.00 INCH OR MORE: 2
[HDD (BASE 65) ]
TOTAL THIS MO. 635 CLEAR (SCALE 0-3) 8
DPTR FM NORMAL 40 PTCLDY (SCALE 4-7) 6
TOTAL FM JUL 1 7707 CLOUDY (SCALE 8-10) 17
DPTR FM NORMAL -200
[CDD (BASE 65) ]
TOTAL THIS MO. 0
DPTR FM NORMAL 0 [PRESSURE DATA]
TOTAL FM JAN 1 0 HIGHEST SLP 30.18 ON 24
DPTR FM NORMAL 0 LOWEST SLP 29.34 ON 29
[REMARKS]
#FINAL-05-21#