000
CXUS54 KLCH 010830
CF6AEX
PRELIMINARY LOCAL CLIMATOLOGICAL DATA (WS FORM: F-6)
STATION: ALEXANDRIA
MONTH: MAY
YEAR: 2022
LATITUDE: 31 19 N
LONGITUDE: 92 33 W
TEMPERATURE IN F: :PCPN: SNOW: WIND :SUNSHINE: SKY :PK WND
================================================================================
1 2 3 4 5 6A 6B 7 8 9 10 11 12 13 14 15 16 17 18
12Z AVG MX 2MIN
DY MAX MIN AVG DEP HDD CDD WTR SNW DPTH SPD SPD DIR MIN PSBL S-S WX SPD DR
================================================================================
1 90 68 79 9 0 14 0.91 0.0 M 6.7 28 190 M M 5 13 36 170
2 85 66 76 5 0 11 T 0.0 M 7.9 18 170 M M 3 128 25 170
3 86 69 78 7 0 13 0.07 0.0 0 6.9 18 350 M M 6 1 26 340
4 88 68 78 7 0 13 0.00 0.0 0 6.2 15 160 M M 4 12 20 160
5 87 67 77 5 0 12 0.47 0.0 M 11.3 29 320 M M 5 138 38 320
6 86 62 74 2 0 9 0.00 0.0 M 4.7 14 310 M M 3 1 21 270
7 91 63 77 5 0 12 0.00 0.0 M 3.1 9 70 M M 1 14 60
8 92 72 82 10 0 17 0.00 0.0 M 8.7 16 180 M M 4 24 170
9 95 73 84 11 0 19 0.00 0.0 M 10.0 17 180 M M 4 1 24 170
10 93 75 84 11 0 19 0.00 0.0 M 7.4 14 140 M M 4 18 18 150
11 92 69 81 8 0 16 0.00 0.0 M 4.1 12 150 M M 1 18 18 140
12 94 69 82 8 0 17 0.00 0.0 M 3.0 9 260 M M 0 14 260
13 94 69 82 8 0 17 T 0.0 M 7.0 28 130 M M 2 3 35 120
14 89 67 78 4 0 13 0.00 0.0 M 5.6 14 220 M M 2 24 230
15 93 70 82 8 0 17 0.00 0.0 M 5.2 14 250 M M 1 17 240
16 95 73 84 9 0 19 0.00 0.0 M 5.7 14 360 M M 1 20 290
17 93 71 82 7 0 17 0.00 0.0 M 4.6 14 180 M M 2 20 180
18 95 70 83 8 0 18 0.00 0.0 M 8.7 17 200 M M 2 1 25 190
19 95 71 83 7 0 18 0.00 0.0 M 10.9 22 190 M M 0 1 29 180
20 95 71 83 7 0 18 0.00 0.0 M 12.7 24 200 M M 2 32 220
21 97 77 87 11 0 22 T 0.0 M 12.4 20 160 M M 5 29 160
22 84 69 77 1 0 12 0.19 0.0 M 7.7 18 30 M M 8 1 27 60
23 78 67 73 -3 0 8 0.00 0.0 M 6.6 13 20 M M 9 18 17 30
24 84 70 77 0 0 12 0.60 0.0 M 8.7 24 230 M M 7 138 36 240
25 84 66 75 -2 0 10 0.28 0.0 M 7.7 29 300 M M 5 1 39 300
26 91 60 76 -1 0 11 0.00 0.0 M 6.6 24 290 M M 0 33 300
27 88 58 73 -4 0 8 0.00 0.0 M 5.4 17 300 M M 0 25 300
28 88 57 73 -5 0 8 0.00 0.0 0 4.0 12 110 M M 0 16 110
29 91 63 77 -1 0 12 0.00 0.0 0 7.7 17 160 M M 0 24 150
30 92 71 82 4 0 17 0.00 0.0 0 9.8 18 160 M M 1 1 26 170
31 93 74 84 6 0 19 0.01 0.0 M 8.3 22 170 M M 4 18 28 160
================================================================================
SM 2798 2115 0 448 2.53 0.0 225.3 M 91
================================================================================
AV 90.3 68.2 7.3 FASTST M M 3 MAX(MPH)
MISC ----> # 29 320 39 300
================================================================================
NOTES:
# LAST OF SEVERAL OCCURRENCES
COLUMN 17 PEAK WIND IN M.P.H.
PRELIMINARY LOCAL CLIMATOLOGICAL DATA (WS FORM: F-6) , PAGE 2
STATION: ALEXANDRIA
MONTH: MAY
YEAR: 2022
LATITUDE: 31 19 N
LONGITUDE: 92 33 W
[TEMPERATURE DATA] [PRECIPITATION DATA] SYMBOLS USED IN COLUMN 16
AVERAGE MONTHLY: 79.2 TOTAL FOR MONTH: 2.53 1 = FOG OR MIST
DPTR FM NORMAL: 4.6 DPTR FM NORMAL: -1.41 2 = FOG REDUCING VISIBILITY
HIGHEST: 97 ON 21 GRTST 24HR 0.91 ON 1- 1 TO 1/4 MILE OR LESS
LOWEST: 57 ON 28 3 = THUNDER
SNOW, ICE PELLETS, HAIL 4 = ICE PELLETS
TOTAL MONTH: 0.0 INCH 5 = HAIL
GRTST 24HR 0.0 6 = FREEZING RAIN OR DRIZZLE
GRTST DEPTH: 0 7 = DUSTSTORM OR SANDSTORM:
VSBY 1/2 MILE OR LESS
8 = SMOKE OR HAZE
[NO. OF DAYS WITH] [WEATHER - DAYS WITH] 9 = BLOWING SNOW
X = TORNADO
MAX 32 OR BELOW: 0 0.01 INCH OR MORE: 7
MAX 90 OR ABOVE: 19 0.10 INCH OR MORE: 5
MIN 32 OR BELOW: 0 0.50 INCH OR MORE: 2
MIN 0 OR BELOW: 0 1.00 INCH OR MORE: 0
[HDD (BASE 65) ]
TOTAL THIS MO. 0 CLEAR (SCALE 0-3) 18
DPTR FM NORMAL -6 PTCLDY (SCALE 4-7) 12
TOTAL FM JUL 1 1571 CLOUDY (SCALE 8-10) 1
DPTR FM NORMAL -318
[CDD (BASE 65) ]
TOTAL THIS MO. 448
DPTR FM NORMAL 146 [PRESSURE DATA]
TOTAL FM JAN 1 662 HIGHEST SLP 30.19 ON 22
DPTR FM NORMAL 185 LOWEST SLP 29.72 ON 25
[REMARKS]
#FINAL-05-22#