000
CXUS52 KCAE 011723
CLMAGS
CLIMATE REPORT
NATIONAL WEATHER SERVICE COLUMBIA SC
123 PM EDT TUE AUG 01 2023
...................................
...THE AUGUSTA BUSH FIELD GA CLIMATE SUMMARY FOR THE MONTH OF JULY 2023...
CLIMATE NORMAL PERIOD: 1991 TO 2020
CLIMATE RECORD PERIOD: 1873 TO 2023
WEATHER OBSERVED NORMAL DEPART LAST YEAR`S
VALUE DATE(S) VALUE FROM VALUE
NORMAL
..............................................................
TEMPERATURE (F)
RECORD
HIGH 107 07/13/1980
LOW 54 07/02/2008
HIGHEST 96 07/02 MM MM
LOWEST 65 07/11 MM MM
AVG. MAXIMUM 92.6 94.1 -1.5
AVG. MINIMUM 71.2 71.6 -0.4
MEAN 81.9 82.8 -0.9
DAYS MAX >= 90 28 25.1 2.9
DAYS MAX <= 32 0 0.0 0.0
DAYS MIN <= 32 0 0.0 0.0
DAYS MIN <= 0 0 0.0 0.0
PRECIPITATION (INCHES)
RECORD
MAXIMUM 14.00 1906
MINIMUM 1.02 1987
TOTALS 7.62 4.48 3.14
DAILY AVG. 0.25 0.14 0.11
DAYS >= .01 14 11.3 2.7
DAYS >= .10 6 6.8 -0.8
DAYS >= .50 4 2.9 1.1
DAYS >= 1.00 3 1.5 1.5
GREATEST
24 HR. TOTAL 3.21 07/28 TO 07/29
STORM TOTAL 3.20
(MM/DD(HH))
SNOWFALL (INCHES)
RECORDS
TOTAL MM MM
TOTALS 0.0 0.0 0.0
SINCE 7/1 0.0 0.0 0.0
DAYS >= TRACE 0 0.0 0.0
DAYS >= 1.0 0 0.0 0.0
GREATEST
SNOW DEPTH 0
DEGREE DAYS
HEATING TOTAL 0 0 0
SINCE 7/1 0 0 0
COOLING TOTAL 532 553 -21
SINCE 1/1 1066 1363 -297
FREEZE DATES
RECORD
EARLIEST MM
LATEST MM
EARLIEST 10/19
LATEST 04/10
..............................................................
WIND (MPH)
AVERAGE WIND SPEED 3.9
RESULTANT WIND SPEED/DIRECTION 1/230
HIGHEST WIND SPEED/DIRECTION 39/310 DATE 07/20
HIGHEST GUST SPEED/DIRECTION 52/320 DATE 07/20
SKY COVER
POSSIBLE SUNSHINE (PERCENT) MM
AVERAGE SKY COVER 0.23
NUMBER OF DAYS FAIR 23
NUMBER OF DAYS PC 8
NUMBER OF DAYS CLOUDY 0
AVERAGE RH (PERCENT) 74
WEATHER CONDITIONS. NUMBER OF DAYS WITH
THUNDERSTORM 21 MIXED PRECIP 0
HEAVY RAIN 6 RAIN 6
LIGHT RAIN 17 FREEZING RAIN 0
LT FREEZING RAIN 0 HAIL 0
HEAVY SNOW 0 SNOW 0
LIGHT SNOW 0 SLEET 0
FOG 24 FOG W/VIS <= 1/4 MILE 6
HAZE 7
- INDICATES NEGATIVE NUMBERS.
R INDICATES RECORD WAS SET OR TIED.
MM INDICATES DATA IS MISSING.
T INDICATES TRACE AMOUNT.
$$