000
CXUS55 KCYS 050210 CCA
CF6AIA
PRELIMINARY LOCAL CLIMATOLOGICAL DATA (WS FORM: F-6)...CORRECTED
STATION: ALLIANCE NEBRASKA AIRPORT
MONTH: JUNE
YEAR: 2022
LATITUDE: 42 2 N
LONGITUDE: 102 48 W
TEMPERATURE IN F: :PCPN: SNOW: WIND :SUNSHINE: SKY :PK WND
================================================================================
1 2 3 4 5 6A 6B 7 8 9 10 11 12 13 14 15 16 17 18
12Z AVG MX 2MIN
DY MAX MIN AVG DEP HDD CDD WTR SNW DPTH SPD SPD DIR MIN PSBL S-S WX SPD DR
================================================================================
1 65 45 55 -5 10 0 0.00 M M 4.2 13 240 M M 5 18 230
2 71 37 54 -7 11 0 T M M 4.2 15 360 M M 3 20 50
3 76 49 63 2 2 0 0.00 M M 10.9 28 160 M M 2 39 160
4 82 47 65 4 0 0 T M M 7.5 22 80 M M 0 29 80
5 82 54 68 6 0 3 0.03 M M 10.1 26 290 M M 3 1 36 290
6 78 51 65 3 0 0 0.37 M M 8.3 26 240 M M 3 13 36 220
7 74 50 62 0 3 0 0.14 M M 8.4 58 340 M M 4 138 82 330
8 76 40 58 -5 7 0 0.00 M M 7.4 14 280 M M 0 21 270
9 81 52 67 4 0 2 0.00 M M 6.8 16 10 M M 0 21 30
10 87 48 68 5 0 3 0.00 M M 6.4 15 210 M M 0 22 210
11 87 51 69 5 0 4 0.00 M M 8.0 20 360 M M 0 26 350
12 92 57 75 11 0 10 T M M 11.7 51 150 M M 2 13 72 150
13 94 56 75 11 0 10 0.00 M M 13.2 45 320 M M 1 128 61 320
14 76 49 63 -2 2 0 T M M 13.0 36 240 M M 5 38 55 240
15 84 40 62 -3 3 0 0.00 M M 16.2 40 260 M M 1 53 260
16 90 36 63 -2 2 0 0.00 M M 9.2 22 100 M M 0 30 110
17 98 60 79 13 0 14 0.00 M M 18.7 32 140 M M 0 41 150
18 100 67 84 18 0 19 0.01 M M 17.7 35 170 M M 2 48 190
19 96 56 76 10 0 11 0.04 M M 13.8 31 160 M M 1 3 45 160
20 84 46 65 -1 0 0 0.28 M M 10.3 17 360 M M 1 138 24 350
21 81 39 60 -7 5 0 0.00 M M 7.9 18 290 M M 0 28 280
22 90 46 68 1 0 3 0.00 M M 11.8 24 160 M M 0 34 180
23 96 56 76 9 0 11 0.00 M M 7.0 16 360 M M 0 21 10
24 94 56 75 7 0 10 T M M 9.8 28 290 M M 1 1 40 290
25 74 46 60 -8 5 0 0.00 M M 15.1 35 360 M M 2 48 350
26 71 42 57 -11 8 0 T M M 5.1 14 190 M M 7 22 230
27 89 43 66 -2 0 1 0.00 M M 7.9 17 160 M M 0 24 170
28 94 45 70 1 0 5 0.00 M M 6.5 20 120 M M 0 26 130
29 101 62 82 13 0 17 T M M 13.8 38 240 M M 0 38 53 230
30 84 55 70 1 0 5 1.41 M M 10.5 25 210 M M 2 13 33 10
================================================================================
SM 2547 1481 58 128 2.28 M 301.4 M 45
================================================================================
AV 84.9 49.4 10.0 FASTST M M 2 MAX(MPH)
MISC ----> 58 340 82 330
================================================================================
NOTES:
# LAST OF SEVERAL OCCURRENCES
COLUMN 17 PEAK WIND IN M.P.H.
PRELIMINARY LOCAL CLIMATOLOGICAL DATA (WS FORM: F-6) , PAGE 2
STATION: ALLIANCE NEBRASKA AIRPORT
MONTH: JUNE
YEAR: 2022
LATITUDE: 42 2 N
LONGITUDE: 102 48 W
[TEMPERATURE DATA] [PRECIPITATION DATA] SYMBOLS USED IN COLUMN 16
AVERAGE MONTHLY: 67.1 TOTAL FOR MONTH: 2.28 1 = FOG OR MIST
DPTR FM NORMAL: 2.1 DPTR FM NORMAL: -0.62 2 = FOG REDUCING VISIBILITY
HIGHEST: 101 ON 29 GRTST 24HR 1.41 ON 30-30 TO 1/4 MILE OR LESS
LOWEST: 36 ON 16 3 = THUNDER
SNOW, ICE PELLETS, HAIL 4 = ICE PELLETS
TOTAL MONTH: M 5 = HAIL
GRTST 24HR M ON M 6 = FREEZING RAIN OR DRIZZLE
GRTST DEPTH: M ON M 7 = DUSTSTORM OR SANDSTORM:
VSBY 1/2 MILE OR LESS
8 = SMOKE OR HAZE
[NO. OF DAYS WITH] [WEATHER - DAYS WITH] 9 = BLOWING SNOW
X = TORNADO
MAX 32 OR BELOW: 0 0.01 INCH OR MORE: 7
MAX 90 OR ABOVE: 11 0.10 INCH OR MORE: 4
MIN 32 OR BELOW: 0 0.50 INCH OR MORE: 1
MIN 0 OR BELOW: 0 1.00 INCH OR MORE: 1
[HDD (BASE 65) ]
TOTAL THIS MO. 58 CLEAR (SCALE 0-3) 25
DPTR FM NORMAL -32 PTCLDY (SCALE 4-7) 5
TOTAL FM JUL 1 6805 CLOUDY (SCALE 8-10) 0
DPTR FM NORMAL -592
[CDD (BASE 65) ]
TOTAL THIS MO. 128
DPTR FM NORMAL 38 [PRESSURE DATA]
TOTAL FM JAN 1 138 HIGHEST SLP 30.45 ON 26
DPTR FM NORMAL 39 LOWEST SLP 29.28 ON 13
[REMARKS]
JUNE 18...RECORD HIGH LOW 67 DEGREES (PREVIOUS 64 DEGREES IN 1918)
#FINAL-06-22#