000
CXUS53 KGRB 190435
CF6AIG
PRELIMINARY LOCAL CLIMATOLOGICAL DATA (WS FORM: F-6)
STATION: ANTIGO AWOS
MONTH: DECEMBER
YEAR: 2022
LATITUDE: 45 9 N
LONGITUDE: 89 8 W
TEMPERATURE IN F: :PCPN: SNOW: WIND :SUNSHINE: SKY :PK WND
================================================================================
1 2 3 4 5 6A 6B 7 8 9 10 11 12 13 14 15 16 17 18
12Z AVG MX 2MIN
DY MAX MIN AVG DEP HDD CDD WTR SNW DPTH SPD SPD DIR MIN PSBL S-S WX SPD DR
================================================================================
1 28 7 18 -4 47 0 0.10 M M 9.9 17 140 M M 3 22 290
2 39 22 31 9 34 0 M M M 10.5 17 270 M M 4 23 270
3 36 8 22 1 43 0 M M M 14.2 30 280 M M 4 37 280
4 30 6 18 -3 47 0 M M M 10.9 20 230 M M 0 25 230
5 32 24 28 8 37 0 M M M 7.1 12 220 M M 6 18 230
6 28 14 21 1 44 0 M M M 5.4 9 50 M M 9 M M
7 28 11 20 1 45 0 M M M 5.3 12 350 M M 9 M M
8 29 3 16 -3 49 0 M M M 4.1 8 120 M M 2 1 M M
9 28 18 23 5 42 0 M M M 12.0 17 80 M M 9 22 100
10 29 26 28 10 37 0 M M M 7.2 12 120 M M 10 1 17 90
11 31 26 29 11 36 0 M M M 2.0 7 350 M M 10 1 M M
12 31 28 30 13 35 0 M M M 7.4 18 130 M M 10 20 140
13 30 28 29 12 36 0 M M M 15.8 22 100 M M 10 29 90
14 32 29 31 15 34 0 0.08 M M 14.8 28 100 M M 10 1 38 100
15 32 28 30 14 35 0 0.06 M M 3.4 5 150 M M 10 1 M M
16 28 16 22 6 43 0 M M M 2.0 5 140 M M 10 M M
17 24 -1 12 -3 53 0 M M M 0.1 4 270 M M 10 12 M M
18 24 9 17 2 48 0 M M M 2.2 5 270 M M 10 M M
19 13 7 10 -5 55 0 0.01 M M 0.1 4 140 M M 10 M M
20 15 -6 5 -9 60 0 M M M 2.1 5 260 M M 5 M M
21 6 -15 -4 -18 69 0 M M M 0.1 4 100 M M 3 M M
22 15 -8 4 -10 61 0 M M M 2.0 6 290 M M 0 8 M M
23 2 -13 -5 -19 70 0 0.18 M M 5.7 7 290 M M 0 8 M M
24 6 -1 3 -11 62 0 0.07 M M 5.8 8 290 M M 0 18 M M
25 3 -4 0 -13 65 0 M M M 1.7 5 290 M M 0 M M
26 15 -1 7 -6 58 0 0.03 M M 0.1 3 350 M M 2 M M
27 16 1 9 -4 56 0 0.01 M M 1.8 5 170 M M 6 M M
28 30 16 23 10 42 0 0.02 M M 3.3 6 170 M M 0 M M
29 38 30 34 22 31 0 0.15 M M 5.8 9 190 M M 7 12 M M
30 41 21 31 19 34 0 M M M 9.9 15 250 M M 10 1 23 260
31 25 18 22 10 43 0 M M M 3.2 10 150 M M 9 12 M M
================================================================================
SM 764 347 1451 0 0.71 M 175.9 M 188
================================================================================
AV 24.6 11.2 5.7 FASTST M M 6 MAX(MPH)
MISC ----> 30 280 38 100
================================================================================
NOTES:
# LAST OF SEVERAL OCCURRENCES
COLUMN 17 PEAK WIND IN M.P.H.
PRELIMINARY LOCAL CLIMATOLOGICAL DATA (WS FORM: F-6) , PAGE 2
STATION: ANTIGO AWOS
MONTH: DECEMBER
YEAR: 2022
LATITUDE: 45 9 N
LONGITUDE: 89 8 W
[TEMPERATURE DATA] [PRECIPITATION DATA] SYMBOLS USED IN COLUMN 16
AVERAGE MONTHLY: 17.9 TOTAL FOR MONTH: 0.71 1 = FOG OR MIST
DPTR FM NORMAL: 1.7 DPTR FM NORMAL: -0.35 2 = FOG REDUCING VISIBILITY
HIGHEST: 41 ON 30 GRTST 24HR 0.18 ON 23-23 TO 1/4 MILE OR LESS
LOWEST: -15 ON 21 3 = THUNDER
SNOW, ICE PELLETS, HAIL 4 = ICE PELLETS
TOTAL MONTH: M 5 = HAIL
GRTST 24HR M ON M 6 = FREEZING RAIN OR DRIZZLE
GRTST DEPTH: M ON M 7 = DUSTSTORM OR SANDSTORM:
VSBY 1/2 MILE OR LESS
8 = SMOKE OR HAZE
[NO. OF DAYS WITH] [WEATHER - DAYS WITH] 9 = BLOWING SNOW
X = TORNADO
MAX 32 OR BELOW: 27 0.01 INCH OR MORE: 10
MAX 90 OR ABOVE: 0 0.10 INCH OR MORE: 3
MIN 32 OR BELOW: 31 0.50 INCH OR MORE: 0
MIN 0 OR BELOW: 8 1.00 INCH OR MORE: 0
[HDD (BASE 65) ]
TOTAL THIS MO. 1451 CLEAR (SCALE 0-3) 10
DPTR FM NORMAL -62 PTCLDY (SCALE 4-7) 6
TOTAL FM JUL 1 3306 CLOUDY (SCALE 8-10) 15
DPTR FM NORMAL -307
[CDD (BASE 65) ]
TOTAL THIS MO. 0
DPTR FM NORMAL 0 [PRESSURE DATA]
TOTAL FM JAN 1 238 HIGHEST SLP M ON M
DPTR FM NORMAL -22 LOWEST SLP M ON M
[REMARKS]
#FINAL-12-22#