000
CXAK56 PAJK 011310
CF6AJN
PRELIMINARY LOCAL CLIMATOLOGICAL DATA (WS FORM: F-6)
STATION: JUNEAU
MONTH: MARCH
YEAR: 2021
LATITUDE: 58 22 N
LONGITUDE: 134 35 W
TEMPERATURE IN F: :PCPN: SNOW: WIND :SUNSHINE: SKY :PK WND
================================================================================
1 2 3 4 5 6A 6B 7 8 9 10 11 12 13 14 15 16 17 18
12Z AVG MX 2MIN
DY MAX MIN AVG DEP HDD CDD WTR SNW DPTH SPD SPD DIR MIN PSBL S-S WX SPD DR
================================================================================
1 38 34 36 5 29 0 0.26 0.1 T 16.1 39 120 M M 10 1 48 110
2 39 34 37 5 28 0 0.16 T 0 11.0 23 110 M M 10 1 29 120
3 41 33 37 5 28 0 0.02 T T 4.5 16 140 M M 9 1 20 140
4 43 33 38 6 27 0 0.09 0.3 T 6.0 17 130 M M 8 1 24 120
5 42 31 37 5 28 0 0.21 T 0 10.8 23 120 M M 10 1 28 120
6 44 29 37 5 28 0 0.14 T 0 7.8 21 110 M M 8 1 24 110
7 44 30 37 5 28 0 0.00 0.0 0 2.3 10 210 M M 9 14 240
8 38 23 31 -1 34 0 0.00 0.0 0 5.8 18 90 M M 4 23 100
9 37 18 28 -4 37 0 0.00 0.0 0 2.3 10 240 M M 1 12 230
10 36 19 28 -5 37 0 0.21 1.9 0 9.8 31 110 M M 7 19 38 110
11 37 29 33 0 32 0 0.18 0.2 2 7.4 29 110 M M 9 15 35 120
12 34 22 28 -5 37 0 0.07 1.5 2 3.0 13 270 M M 8 18 15 250
13 29 22 26 -7 39 0 0.00 0.0 2 5.8 18 90 M M 9 23 90
14 29 19 24 -9 41 0 0.00 0.0 2 6.4 17 110 M M 7 21 110
15 36 27 32 -1 33 0 0.69 5.1 2 16.6 24 120 M M 10 1 29 110
16 38 33 36 2 29 0 0.31 2.1 5 4.7 22 110 M M 10 1 29 120
17 40 33 37 3 28 0 0.63 5.0 8 16.6 47 110 M M 9 1 59 110
18 41 26 34 0 31 0 0.01 0.2 4 2.6 12 270 M M 7 14 280
19 36 25 31 -3 34 0 0.25 4.4 3 9.1 29 110 M M 8 1 34 120
20 34 21 28 -6 37 0 0.05 1.1 6 7.8 22 110 M M 10 1 25 110
21 35 30 33 -2 32 0 0.30 4.0 8 0.9 6 240 M M 10 1 7 60
22 34 31 33 -2 32 0 0.30 2.7 10 1.9 10 230 M M 10 1 13 230
23 37 31 34 -1 31 0 0.68 1.9 10 8.4 21 110 M M 10 1 26 110
24 38 28 33 -2 32 0 0.09 0.5 9 2.6 14 240 M M 9 1 17 230
25 37 26 32 -4 33 0 0.03 T 7 9.8 21 120 M M 9 12 26 120
26 40 35 38 2 27 0 0.07 0.0 7 8.9 16 110 M M 10 1 20 80
27 38 33 36 0 29 0 0.39 0.5 6 6.7 20 260 M M 9 1 23 110
28 39 22 31 -5 34 0 0.02 0.4 6 3.3 16 290 M M 5 1 19 280
29 35 21 28 -8 37 0 0.02 1.7 5 14.8 24 120 M M 9 1 30 120
30 39 35 37 0 28 0 0.37 0.0 5 11.4 23 110 M M 10 1 28 120
31 38 34 36 -1 29 0 0.83 T 3 20.5 40 120 M M 10 1 48 120
================================================================================
SM 1166 867 989 0 6.38 33.6 245.6 M 264
================================================================================
AV 37.6 28.0 7.9 FASTST M M 9 MAX(MPH)
MISC ----> 47 110 59 110
================================================================================
NOTES:
# LAST OF SEVERAL OCCURRENCES
COLUMN 17 PEAK WIND IN M.P.H.
PRELIMINARY LOCAL CLIMATOLOGICAL DATA (WS FORM: F-6) , PAGE 2
STATION: JUNEAU
MONTH: MARCH
YEAR: 2021
LATITUDE: 58 22 N
LONGITUDE: 134 35 W
[TEMPERATURE DATA] [PRECIPITATION DATA] SYMBOLS USED IN COLUMN 16
AVERAGE MONTHLY: 32.8 TOTAL FOR MONTH: 6.38 1 = FOG OR MIST
DPTR FM NORMAL: -1.0 DPTR FM NORMAL: 2.60 2 = FOG REDUCING VISIBILITY
HIGHEST: 44 ON 7, 6 GRTST 24HR 1.11 ON 30-31 TO 1/4 MILE OR LESS
LOWEST: 18 ON 9 3 = THUNDER
SNOW, ICE PELLETS, HAIL 4 = ICE PELLETS
TOTAL MONTH: 33.6 INCHES 5 = HAIL
GRTST 24HR 5.1 ON 15-15 6 = FREEZING RAIN OR DRIZZLE
GRTST DEPTH: 10 ON 23,22 7 = DUSTSTORM OR SANDSTORM:
VSBY 1/2 MILE OR LESS
8 = SMOKE OR HAZE
[NO. OF DAYS WITH] [WEATHER - DAYS WITH] 9 = BLOWING SNOW
X = TORNADO
MAX 32 OR BELOW: 2 0.01 INCH OR MORE: 26
MAX 90 OR ABOVE: 0 0.10 INCH OR MORE: 16
MIN 32 OR BELOW: 21 0.50 INCH OR MORE: 4
MIN 0 OR BELOW: 0 1.00 INCH OR MORE: 0
[HDD (BASE 65) ]
TOTAL THIS MO. 989 CLEAR (SCALE 0-3) 1
DPTR FM NORMAL 22 PTCLDY (SCALE 4-7) 8
TOTAL FM JUL 1 6580 CLOUDY (SCALE 8-10) 22
DPTR FM NORMAL -223
[CDD (BASE 65) ]
TOTAL THIS MO. 0
DPTR FM NORMAL 0 [PRESSURE DATA]
TOTAL FM JAN 1 0 HIGHEST SLP 30.37 ON 29
DPTR FM NORMAL 0 LOWEST SLP 29.30 ON 2
[REMARKS]
#FINAL-03-21#