000
CXUS51 KALY 020033
CLSALB
CLIMATE REPORT
NATIONAL WEATHER SERVICE ALBANY NY
833 PM EDT TUE SEP 01 2020
...................................
...THE ALBANY NY CLIMATE SUMMARY FOR THE SEASON, FROM
6/1/2020 TO 8/31/2020...
CLIMATE NORMAL PERIOD: 1981 TO 2010
CLIMATE RECORD PERIOD: 1874 TO 2020
WEATHER OBSERVED NORMAL DEPART LAST YEAR`S
VALUE DATE(S) VALUE FROM VALUE DATE(S)
NORMAL
................................................................
TEMPERATURE (F)
RECORD
HIGH 104 07/04/1911
LOW 34 08/29/1982
HIGHEST 95 06/22 95 07/20
LOWEST 41 06/01 44 06/03
AVG. MAXIMUM 82.8 80.2 2.6 82.6
AVG. MINIMUM 61.0 59.3 1.7 61.3
MEAN 71.9 69.7 2.2 72.0
DAYS MAX >= 90 12 6.4 5.6 12
DAYS MAX <= 32 0 0.0 0.0 0
DAYS MIN <= 32 0 0.0 0.0 0
DAYS MIN <= 0 0 0.0 0.0 0
PRECIPITATION (INCHES)
RECORD
MAXIMUM 27.21 1871
MINIMUM 4.29 1929
TOTALS 11.62 11.37 0.25 13.26
DAILY AVG. 0.13 0.14
DAYS >= .01 29 33.7 -4.7 40
DAYS >= .10 18 21.3 -3.3 24
DAYS >= .50 4 7.6 -3.6 11
DAYS >= 1.00 2 2.5 -0.5 1
GREATEST
24 HR. TOTAL 3.92
DEGREE DAYS
HEATING TOTAL 57 75 -18 29
SINCE 7/1 22 19 3 2
COOLING TOTAL 713 512 201 701
SINCE 1/1 793 543 250 723
................................................................
WIND (MPH)
AVERAGE WIND SPEED 6.0
HIGHEST WIND SPEED/DIRECTION 33/280 DATE 08/29
HIGHEST GUST SPEED/DIRECTION 44/290 DATE 08/29
WEATHER CONDITIONS. NUMBER OF DAYS WITH
THUNDERSTORM 21 MIXED PRECIP 0
HEAVY RAIN 11 RAIN 11
LIGHT RAIN 40 FREEZING RAIN 0
LT FREEZING RAIN 0 HAIL 0
HEAVY SNOW 0 SNOW 0
LIGHT SNOW 0 SLEET 0
FOG 34 FOG W/VIS <= 1/4 MILE 5
HAZE 2
- INDICATES NEGATIVE NUMBERS.
R INDICATES RECORD WAS SET OR TIED.
MM INDICATES DATA IS MISSING.
T INDICATES TRACE AMOUNT.
$$