000
CXUS55 KPUB 011631 RRA
CF6ALS
PRELIMINARY LOCAL CLIMATOLOGICAL DATA (WS FORM: F-6)
STATION: ALAMOSA CO
MONTH: JANUARY
YEAR: 2024
LATITUDE: 37 27 N
LONGITUDE: 105 52 W
TEMPERATURE IN F: :PCPN: SNOW: WIND :SUNSHINE: SKY :PK WND
================================================================================
1 2 3 4 5 6A 6B 7 8 9 10 11 12 13 14 15 16 17 18
12Z AVG MX 2MIN
DY MAX MIN AVG DEP HDD CDD WTR SNW DPTH SPD SPD DIR MIN PSBL S-S WX SPD DR
================================================================================
1 35 1 18 2 47 0 0.00 0.0 0 2.5 9 200 M M 0 11 200
2 40 1 21 5 44 0 0.00 0.0 0 2.9 9 170 M M 0 11 170
3 36 -3 17 1 48 0 0.00 0.0 0 2.0 7 300 M M 1 12 230
4 29 13 21 5 44 0 0.09 1.3 T 3.5 12 350 M M 9 12 14 350
5 32 -1 16 0 49 0 0.00 0.0 1 4.1 13 230 M M 5 12 15 230
6 31 0 16 0 49 0 0.00 0.0 T 5.7 18 200 M M 2 24 190
7 26 12 19 3 46 0 0.00 0.0 T 12.2 25 190 M M 3 34 180
8 28 2 15 -1 50 0 0.14 1.8 2 15.7 29 360 M M 5 1 41 340
9 22 -15 4 -12 61 0 0.00 0.0 1 4.5 10 230 M M 0 13 230
10 31 -11 10 -6 55 0 0.00 0.0 1 9.9 24 210 M M 1 37 220
11 29 6 18 2 47 0 T T T 14.3 30 210 M M 5 1 40 200
12 26 -18 4 -12 61 0 0.00 0.0 T 8.2 21 240 M M 0 27 230
13 36 0 18 2 47 0 0.00 0.0 T 10.6 22 170 M M 1 30 170
14 43 9 26 10 39 0 0.00 0.0 0 5.9 23 180 M M 1 30 190
15 37 2 20 4 45 0 0.00 0.0 0 8.7 28 250 M M 1 36 260
16 32 -6 13 -3 52 0 0.00 0.0 0 4.5 12 220 M M 0 14 220
17 36 -4 16 -1 49 0 0.00 0.0 0 4.8 12 210 M M 2 15 310
18 45 6 26 9 39 0 0.00 0.0 0 4.9 13 360 M M 0 16 360
19 41 6 24 7 41 0 0.00 0.0 0 3.2 9 220 M M 0 10 230
20 41 12 27 10 38 0 0.00 0.0 0 3.6 12 200 M M 0 17 200
21 41 21 31 14 34 0 0.00 0.0 0 4.6 10 220 M M 5 1 14 210
22 40 19 30 13 35 0 0.00 0.0 0 3.0 12 220 M M 6 12 14 230
23 43 17 30 12 35 0 T T 0 3.1 9 170 M M 8 1 12 180
24 44 16 30 12 35 0 T 0.0 0 3.9 15 230 M M 6 23 240
25 38 27 33 15 32 0 T T 0 2.5 9 190 M M 10 1 13 290
26 42 19 31 13 34 0 0.02 T 0 4.9 16 20 M M 7 1 20 360
27 42 7 25 7 40 0 0.00 0.0 0 3.7 9 260 M M 1 1 10 260
28 49 5 27 8 38 0 0.00 0.0 0 2.5 9 250 M M 0 10 250
29 54 9 32 13 33 0 0.00 0.0 0 4.0 12 130 M M 0 14 130
30 52 10 31 12 34 0 0.00 0.0 0 2.5 8 140 M M 0 9 180
31 45 8 27 8 38 0 0.00 0.0 0 1.7 7 280 M M 1 12 9 270
================================================================================
SM 1166 170 1339 0 0.25 3.1 168.1 M 80
================================================================================
AV 37.6 5.5 5.4 FASTST M M 3 MAX(MPH)
MISC ----> 30 210 41 340
================================================================================
NOTES:
COLUMN 17 PEAK WIND IN M.P.H.
PRELIMINARY LOCAL CLIMATOLOGICAL DATA (WS FORM: F-6) , PAGE 2
STATION: ALAMOSA CO
MONTH: JANUARY
YEAR: 2024
LATITUDE: 37 27 N
LONGITUDE: 105 52 W
[TEMPERATURE DATA] [PRECIPITATION DATA] SYMBOLS USED IN COLUMN 16
AVERAGE MONTHLY: 21.5 TOTAL FOR MONTH: 0.25 1 = FOG OR MIST
DPTR FM NORMAL: 4.7 DPTR FM NORMAL: -0.07 2 = FOG REDUCING VISIBILITY
HIGHEST: 54 ON 29 GRTST 24HR 0.14 ON 8 TO 1/4 MILE OR LESS
LOWEST: -18 ON 12 3 = THUNDER
SNOW, ICE PELLETS, HAIL 4 = ICE PELLETS
TOTAL MONTH: 3.1 INCHES 5 = HAIL
GRTST 24HR 1.8 ON 8 6 = FREEZING RAIN OR DRIZZLE
GRTST DEPTH: 2 ON 8 7 = DUSTSTORM OR SANDSTORM:
VSBY 1/2 MILE OR LESS
8 = SMOKE OR HAZE
[NO. OF DAYS WITH] [WEATHER - DAYS WITH] 9 = BLOWING SNOW
X = TORNADO
MAX 32 OR BELOW: 10 0.01 INCH OR MORE: 3
MAX 90 OR ABOVE: 0 0.10 INCH OR MORE: 1
MIN 32 OR BELOW: 31 0.50 INCH OR MORE: 0
MIN 0 OR BELOW: 9 1.00 INCH OR MORE: 0
[HDD (BASE 65) ]
TOTAL THIS MO. 1339 CLEAR (SCALE 0-3) 21
DPTR FM NORMAL -154 PTCLDY (SCALE 4-7) 7
TOTAL FM JUL 1 4516 CLOUDY (SCALE 8-10) 3
DPTR FM NORMAL -512
[CDD (BASE 65) ]
TOTAL THIS MO. 0
DPTR FM NORMAL 0 [PRESSURE DATA]
TOTAL FM JAN 1 0 HIGHEST SLP 30.68 ON 28
DPTR FM NORMAL 0 LOWEST SLP 29.44 ON 11
[REMARKS]
#FINAL-01-24#