000
CXUS55 KPUB 032010 RRA
CLSALS
CLIMATE REPORT
NATIONAL WEATHER SERVICE
210 PM MDT SAT JUN 03 2023
...................................
...THE ALAMOSA CO CLIMATE SUMMARY FOR THE SEASON, FROM
3/1/2023 TO 5/31/2023...
CLIMATE NORMAL PERIOD 1991 TO 2020
CLIMATE RECORD PERIOD 1932 TO 2023
WEATHER OBSERVED NORMAL DEPART LAST YEAR`S
VALUE DATE(S) VALUE FROM VALUE DATE(S)
NORMAL
................................................................
TEMPERATURE (F)
RECORD
HIGH 90 05/31/2002
LOW -20 03/04/1964
HIGHEST 79 05/29 84 05/27
LOWEST 03/28 -3 03/11
AVG. MAXIMUM 59.5 60.9 -1.4 63.0
AVG. MINIMUM 24.4 25.4 -1.0 23.0
MEAN 42.0 43.1 -1.1 43.0
DAYS MAX >= 90 0 0.0 0.0
DAYS MAX <= 32 0 0.7 -0.7
DAYS MIN <= 32 69 70.0 -1.0
DAYS MIN <= 0 1 0.9 0.1
PRECIPITATION (INCHES)
RECORD
MAXIMUM 3.74 1942
MINIMUM 0.19 1972
TOTALS 1.37 1.68 -0.31 1.27
DAILY AVG. 0.01 0.02 -0.01
DAYS >= .01 10 15.2 -5.2
DAYS >= .10 5 5.3 -0.3
DAYS >= .50 0 0.6 -0.6
DAYS >= 1.00 0 0.0 0.0
GREATEST
24 HR. TOTAL 0.30 03/16 TO 03/17
SNOWFALL (INCHES)
RECORDS
MAXIMUM 48.3 1973
MINIMUM T 1934
TOTALS 5.3 MM MM 7.4
SINCE 7/1 20.5 MM MM 19.5
SNOWDEPTH AVG. 0
DAYS >= 1.0 0 MM MM
GREATEST
SNOW DEPTH 4 03/17 2
24 HR TOTAL 4.0 03/16 TO 03/17 2.0
DEGREE DAYS
HEATING TOTAL 2096 2010 86 2001
SINCE 7/1 7903 8180 -277 7654
COOLING TOTAL 0 0 0 0
SINCE 1/1 0 0 0 0
................................................................
WIND (MPH)
AVERAGE WIND SPEED 10.2
HIGHEST WIND SPEED/DIRECTION 51/230 DATE 04/03
HIGHEST GUST SPEED/DIRECTION 71/220 DATE 04/03
SKY COVER
POSSIBLE SUNSHINE (PERCENT) MM
AVERAGE SKY COVER 0.24
NUMBER OF DAYS FAIR 69
NUMBER OF DAYS PC 16
NUMBER OF DAYS CLOUDY 7
AVERAGE RH (PERCENT) 50
WEATHER CONDITIONS. NUMBER OF DAYS WITH
THUNDERSTORM 11 MIXED PRECIP 0
HEAVY RAIN 1 RAIN 5
LIGHT RAIN 27 FREEZING RAIN 0
LT FREEZING RAIN 0 HAIL 0
HEAVY SNOW 0 SNOW 2
LIGHT SNOW 15 SLEET 0
FOG 19 FOG W/VIS <= 1/4 MILE 4
HAZE 10
- INDICATES NEGATIVE NUMBERS.
R INDICATES RECORD WAS SET OR TIED.
MM INDICATES DATA IS MISSING.
T INDICATES TRACE AMOUNT.
$$