000
CXUS56 KPDT 011810
CF6ALW
PRELIMINARY LOCAL CLIMATOLOGICAL DATA (WS FORM: F-6)
STATION: WALLA WALLA WA
MONTH: MAY
YEAR: 2023
LATITUDE: 46 5 N
LONGITUDE: 118 17 W
TEMPERATURE IN F: :PCPN: SNOW: WIND :SUNSHINE: SKY :PK WND
================================================================================
1 2 3 4 5 6A 6B 7 8 9 10 11 12 13 14 15 16 17 18
12Z AVG MX 2MIN
DY MAX MIN AVG DEP HDD CDD WTR SNW DPTH SPD SPD DIR MIN PSBL S-S WX SPD DR
================================================================================
1 65 50 58 2 7 0 T M M 9.2 20 190 M M 0 27 210
2 64 45 55 -1 10 0 0.00 M M 4.8 15 190 M M 1 19 190
3 85 50 68 11 0 3 0.00 M M 5.6 21 200 M M 0 26 210
4 72 52 62 5 3 0 0.07 M M 11.4 20 190 M M 2 1 26 200
5 53 49 51 -6 14 0 T M M 13.5 22 200 M M 10 30 220
6 65 49 57 -1 8 0 T M M 10.4 17 200 M M 7 23 200
7 58 45 52 -6 13 0 T M M 9.6 18 180 M M 4 26 180
8 63 40 52 -6 13 0 0.05 M M 6.7 21 60 M M 5 3 27 60
9 62 48 55 -4 10 0 0.13 M M 6.9 13 200 M M 6 1 16 180
10 71 43 57 -2 8 0 0.00 M M 4.8 14 80 M M 0 17 80
11 76 49 63 4 2 0 0.00 M M 4.2 12 100 M M 0 15 90
12 81 50 66 6 0 1 0.00 M M 6.0 15 20 M M 0 21 10
13 84 51 68 8 0 3 0.00 M M 11.1 31 50 M M 0 42 30
14 87 55 71 11 0 6 T M M 5.1 17 60 M M 0 22 70
15 85 60 73 13 0 8 T M M 7.6 23 180 M M 2 34 170
16 80 57 69 8 0 4 0.00 M M 7.0 17 210 M M 2 25 220
17 79 57 68 7 0 3 0.00 M M 5.5 15 120 M M 1 3 21 130
18 87 58 73 12 0 8 0.00 M M 5.3 10 110 M M 0 8 12 110
19 91 61 76 15 0 11 0.00 M M 5.5 20 240 M M 0 8 28 230
20 92 63 78 16 0 13 0.03 M M 5.4 25 220 M M 0 38 34 230
21 80 54 67 5 0 2 T M M 13.4 26 220 M M 1 8 35 260
22 67 49 58 -4 7 0 0.00 M M 15.3 25 190 M M 3 36 200
23 69 45 57 -5 8 0 0.00 M M 5.6 13 210 M M 1 19 200
24 73 49 61 -1 4 0 0.00 M M 5.1 10 70 M M 1 12 180
25 79 47 63 0 2 0 0.00 M M 4.6 15 330 M M 0 18 330
26 77 52 65 2 0 0 0.00 M M 7.0 12 220 M M 3 15 130
27 78 61 70 7 0 5 0.01 M M 7.6 17 200 M M 5 24 200
28 81 59 70 7 0 5 0.00 M M 6.5 16 190 M M 3 25 190
29 83 57 70 7 0 5 0.00 M M 7.2 16 240 M M 0 22 260
30 80 57 69 5 0 4 0.00 M M 10.5 22 240 M M 0 32 250
31 72 52 62 -2 3 0 0.00 M M 11.5 23 210 M M 1 31 210
================================================================================
SM 2339 1614 112 81 0.29 M 239.9 M 58
================================================================================
AV 75.5 52.1 7.7 FASTST M M 2 MAX(MPH)
MISC ----> 31 50 42 30
================================================================================
NOTES:
# LAST OF SEVERAL OCCURRENCES
COLUMN 17 PEAK WIND IN M.P.H.
PRELIMINARY LOCAL CLIMATOLOGICAL DATA (WS FORM: F-6) , PAGE 2
STATION: WALLA WALLA WA
MONTH: MAY
YEAR: 2023
LATITUDE: 46 5 N
LONGITUDE: 118 17 W
[TEMPERATURE DATA] [PRECIPITATION DATA] SYMBOLS USED IN COLUMN 16
AVERAGE MONTHLY: 63.8 TOTAL FOR MONTH: 0.29 1 = FOG OR MIST
DPTR FM NORMAL: 3.4 DPTR FM NORMAL: -1.78 2 = FOG REDUCING VISIBILITY
HIGHEST: 92 ON 20 GRTST 24HR 0.18 ON 8- 9 TO 1/4 MILE OR LESS
LOWEST: 40 ON 8 3 = THUNDER
SNOW, ICE PELLETS, HAIL 4 = ICE PELLETS
TOTAL MONTH: M 5 = HAIL
GRTST 24HR M ON M 6 = FREEZING RAIN OR DRIZZLE
GRTST DEPTH: M ON M 7 = DUSTSTORM OR SANDSTORM:
VSBY 1/2 MILE OR LESS
8 = SMOKE OR HAZE
[NO. OF DAYS WITH] [WEATHER - DAYS WITH] 9 = BLOWING SNOW
X = TORNADO
MAX 32 OR BELOW: 0 0.01 INCH OR MORE: 5
MAX 90 OR ABOVE: 2 0.10 INCH OR MORE: 1
MIN 32 OR BELOW: 0 0.50 INCH OR MORE: 0
MIN 0 OR BELOW: 0 1.00 INCH OR MORE: 0
[HDD (BASE 65) ]
TOTAL THIS MO. 112 CLEAR (SCALE 0-3) 25
DPTR FM NORMAL -70 PTCLDY (SCALE 4-7) 5
TOTAL FM JUL 1 5141 CLOUDY (SCALE 8-10) 1
DPTR FM NORMAL 397
[CDD (BASE 65) ]
TOTAL THIS MO. 81
DPTR FM NORMAL 44 [PRESSURE DATA]
TOTAL FM JAN 1 85 HIGHEST SLP 30.25 ON 13
DPTR FM NORMAL 46 LOWEST SLP 29.53 ON 3
[REMARKS]
#FINAL-05-23#