000
CXUS54 KAMA 280710
CF6AMA
PRELIMINARY LOCAL CLIMATOLOGICAL DATA (WS FORM: F-6)
STATION: AMARILLO
MONTH: MARCH
YEAR: 2024
LATITUDE: 35 13 N
LONGITUDE: 101 42 W
TEMPERATURE IN F: :PCPN: SNOW: WIND :SUNSHINE: SKY :PK WND
================================================================================
1 2 3 4 5 6A 6B 7 8 9 10 11 12 13 14 15 16 17 18
12Z AVG MX 2MIN
DY MAX MIN AVG DEP HDD CDD WTR SNW DPTH SPD SPD DIR MIN PSBL S-S WX SPD DR
================================================================================
1 73 30 52 7 13 0 0.00 0.0 0 12.4 21 250 M M 0 1 28 250
2 76 43 60 15 5 0 0.00 0.0 0 19.3 31 230 M M 0 44 250
3 79 47 63 17 2 0 0.00 0.0 0 20.9 38 260 M M 0 54 270
4 62 37 50 4 15 0 0.00 0.0 0 12.1 25 270 M M 0 36 260
5 63 29 46 0 19 0 0.00 0.0 0 9.0 16 80 M M 0 22 70
6 69 29 49 2 16 0 0.00 0.0 0 9.1 21 220 M M 0 1 27 220
7 71 39 55 8 10 0 0.00 0.0 0 14.9 36 200 M M 3 1 47 190
8 39 30 35 -12 30 0 T T 0 22.0 29 360 M M 10 1 38 10
9 53 26 40 -8 25 0 0.00 0.0 0 8.4 21 10 M M 3 28 10
10 66 26 46 -2 19 0 0.00 0.0 0 12.3 22 220 M M 0 30 220
11 74 36 55 7 10 0 0.00 0.0 0 16.8 28 230 M M 0 42 230
12 77 44 61 12 4 0 0.00 0.0 0 12.4 21 300 M M 0 27 300
13 75 44 60 11 5 0 0.00 0.0 0 15.7 35 240 M M 2 59 260
14 62 36 49 0 16 0 0.00 0.0 0 12.6 29 20 M M 1 39 20
15 51 37 44 -6 21 0 0.01 0.0 0 16.4 30 30 M M 9 40 40
16 47 34 41 -9 24 0 0.16 0.0 0 4.8 13 40 M M 9 1 14 40
17 60 42 51 1 14 0 0.00 0.0 0 10.0 21 70 M M 9 27 70
18 62 28 45 -6 20 0 0.00 0.0 0 6.0 15 160 M M 1 20 160
19 70 37 54 3 11 0 0.00 0.0 0 14.5 24 250 M M 0 35 240
20 74 39 57 6 8 0 0.00 0.0 0 9.7 22 250 M M 1 34 240
21 71 42 57 6 8 0 0.02 0.0 0 12.5 22 150 M M 3 3 33 150
22 66 36 51 -1 14 0 0.00 0.0 0 13.7 29 20 M M 0 37 340
23 60 33 47 -5 18 0 0.00 0.0 0 16.8 31 180 M M 0 39 180
24 75 43 59 7 6 0 T 0.0 0 24.5 46 230 M M 5 128 64 230
25 48 29 39 -13 26 0 0.03 0.1 0 19.0 36 250 M M 8 1 50 260
26 52 24 38 -15 27 0 0.02 0.0 0 9.4 28 150 M M 4 37 150
27 55 30 43 -10 22 0 0.00 0.0 0 10.6 24 140 M M 2 30 140
================================================================================
SM 1730 950 408 0 0.24 0.1 365.8 M 70
================================================================================
AV 64.1 35.2 13.5 FASTST M M 3 MAX(MPH)
MISC ----> 46 230 64 230
================================================================================
NOTES:
# LAST OF SEVERAL OCCURRENCES
COLUMN 17 PEAK WIND IN M.P.H.
PRELIMINARY LOCAL CLIMATOLOGICAL DATA (WS FORM: F-6) , PAGE 2
STATION: AMARILLO
MONTH: MARCH
YEAR: 2024
LATITUDE: 35 13 N
LONGITUDE: 101 42 W
[TEMPERATURE DATA] [PRECIPITATION DATA] SYMBOLS USED IN COLUMN 16
AVERAGE MONTHLY: 49.6 TOTAL FOR MONTH: 0.24 1 = FOG OR MIST
DPTR FM NORMAL: 0.4 DPTR FM NORMAL: -0.84 2 = FOG REDUCING VISIBILITY
HIGHEST: 79 ON 3 GRTST 24HR 0.16 ON 16-16 TO 1/4 MILE OR LESS
LOWEST: 24 ON 26 3 = THUNDER
SNOW, ICE PELLETS, HAIL 4 = ICE PELLETS
TOTAL MONTH: 1.1 INCHES 5 = HAIL
GRTST 24HR 0.1 ON 25-25 6 = FREEZING RAIN OR DRIZZLE
GRTST DEPTH: 0 7 = DUSTSTORM OR SANDSTORM:
VSBY 1/2 MILE OR LESS
8 = SMOKE OR HAZE
[NO. OF DAYS WITH] [WEATHER - DAYS WITH] 9 = BLOWING SNOW
X = TORNADO
MAX 32 OR BELOW: 0 0.01 INCH OR MORE: 5
MAX 90 OR ABOVE: 0 0.10 INCH OR MORE: 1
MIN 32 OR BELOW: 10 0.50 INCH OR MORE: 0
MIN 0 OR BELOW: 0 1.00 INCH OR MORE: 0
[HDD (BASE 65) ]
TOTAL THIS MO. 408 CLEAR (SCALE 0-3) 20
DPTR FM NORMAL -22 PTCLDY (SCALE 4-7) 3
TOTAL FM JUL 1 3212 CLOUDY (SCALE 8-10) 4
DPTR FM NORMAL -281
[CDD (BASE 65) ]
TOTAL THIS MO. 0
DPTR FM NORMAL 0 [PRESSURE DATA]
TOTAL FM JAN 1 2 HIGHEST SLP M ON M
DPTR FM NORMAL 2 LOWEST SLP 29.18 ON 24
[REMARKS]