000
CXUS54 KBMX 011600
CLMANB
CLIMATE REPORT
NATIONAL WEATHER SERVICE BIRMINGHAM AL
1100 AM CDT FRI SEP 01 2023
...................................
...THE ANNISTON CLIMATE SUMMARY FOR THE MONTH OF AUGUST 2023...
CLIMATE NORMAL PERIOD 1991 TO 2020
CLIMATE RECORD PERIOD 1903 TO 2023
WEATHER OBSERVED NORMAL DEPART LAST YEAR`S
VALUE DATE(S) VALUE FROM VALUE DATE(S)
NORMAL
................................................................
TEMPERATURE (F)
RECORD
HIGH 106 08/21/1983
LOW 50 08/28/1952
HIGHEST 100 08/26 MM MM 94 08/06
LOWEST 62 08/16 MM MM 66 08/13
08/17
08/31
AVG. MAXIMUM 92.4 89.8 2.6 88.1
AVG. MINIMUM 69.2 70.0 -0.8 70.6
MEAN 80.8 79.4
DAYS MAX >= 90 22 17.7 4.3 13
DAYS MAX <= 32 0 0.0 0.0 0
DAYS MIN <= 32 0 0.0 0.0 0
DAYS MIN <= 0 0 0.0 0.0 0
PRECIPITATION (INCHES)
RECORD
MAXIMUM 12.73 1967
MINIMUM 0.40 2011
TOTALS 3.98 3.51 0.47 1.24
DAILY AVG. 0.13 0.11 0.02
DAYS >= .01 13 9.6 3.4
DAYS >= .10 8 6.0 2.0
DAYS >= .50 2 2.7 -0.7
DAYS >= 1.00 1 0.9 0.1
DEGREE DAYS
COOLING TOTAL 498 462 36 454
SINCE 1/1 1594 1580 14 MM
................................................................
WIND (MPH)
AVERAGE WIND SPEED 3.6
HIGHEST WIND SPEED/DIRECTION 30/240 DATE 08/06
30/290 08/07
HIGHEST GUST SPEED/DIRECTION 51/300 DATE 08/07
AVERAGE RH (PERCENT) 75
WEATHER CONDITIONS. NUMBER OF DAYS WITH
THUNDERSTORM 17 MIXED PRECIP 0
HEAVY RAIN 7 RAIN 8
LIGHT RAIN 15 FREEZING RAIN 0
LT FREEZING RAIN 0 HAIL 0
HEAVY SNOW 0 SNOW 0
LIGHT SNOW 0 SLEET 0
FOG 19 FOG W/VIS <= 1/4 MILE 3
HAZE 2
- INDICATES NEGATIVE NUMBERS.
R INDICATES RECORD WAS SET OR TIED.
MM INDICATES DATA IS MISSING.
T INDICATES TRACE AMOUNT.
$$