000
CXUS53 KAPX 010830
CF6ANJ
PRELIMINARY LOCAL CLIMATOLOGICAL DATA (WS FORM: F-6)
STATION: SAULT STE MARIE MI
MONTH: DECEMBER
YEAR: 2022
LATITUDE: 46 28 N
LONGITUDE: 84 21 W
TEMPERATURE IN F: :PCPN: SNOW: WIND :SUNSHINE: SKY :PK WND
================================================================================
1 2 3 4 5 6A 6B 7 8 9 10 11 12 13 14 15 16 17 18
12Z AVG MX 2MIN
DY MAX MIN AVG DEP HDD CDD WTR SNW DPTH SPD SPD DIR MIN PSBL S-S WX SPD DR
================================================================================
1 32 28 30 1 35 0 0.09 3.2 6 12.6 29 300 M M 10 18 45 290
2 40 30 35 6 30 0 0.00 0.0 5 8.7 15 150 M M 7 22 140
3 40 18 29 1 36 0 0.27 T 1 16.4 32 310 M M 10 128 52 290
4 35 17 26 -2 39 0 0.00 0.0 2 10.5 23 240 M M 6 34 220
5 36 30 33 5 32 0 0.02 0.0 2 9.6 23 240 M M 6 1 37 240
6 32 24 28 1 37 0 T 0.1 2 5.1 9 120 M M 7 1 16 100
7 34 19 27 0 38 0 0.11 1.1 T 5.3 15 320 M M 10 1 27 320
8 26 15 21 -5 44 0 T 0.1 2 3.7 8 260 M M 8 18 13 60
9 29 14 22 -4 43 0 0.00 0.0 2 4.9 10 140 M M 4 20 120
10 27 13 20 -6 45 0 T 0.0 2 6.3 13 100 M M 6 18 20 90
11 32 22 27 2 38 0 0.02 0.1 2 3.4 8 310 M M 7 18 12 60
12 26 14 20 -5 45 0 0.00 0.0 2 3.8 8 140 M M 0 12 70
13 27 12 20 -5 45 0 T T 2 4.7 10 100 M M 3 17 110
14 33 22 28 4 37 0 0.00 0.0 2 11.0 20 100 M M 0 36 100
15 35 30 33 9 32 0 0.30 2.7 2 13.7 25 100 M M 7 12 45 100
16 35 31 33 9 32 0 0.05 0.3 4 6.0 13 150 M M 9 1 18 140
17 31 24 28 5 37 0 0.15 1.7 5 4.1 10 190 M M 10 1 15 200
18 32 16 24 1 41 0 0.17 1.8 6 7.4 20 290 M M 8 12 30 290
19 27 23 25 2 40 0 0.26 2.7 9 6.4 18 310 M M 10 18 28 310
20 29 12 21 -1 44 0 0.07 0.5 9 10.1 18 280 M M 10 1 28 230
21 19 8 14 -8 51 0 T T 9 7.4 15 230 M M 9 1 21 240
22 33 18 26 4 39 0 0.29 2.4 8 8.6 16 110 M M 10 1 29 120
23 33 19 26 5 39 0 0.41 8.2 12 9.9 24 310 M M 10 1 36 320
24 20 16 18 -3 47 0 0.88 17.6 20 18.1 29 300 M M 10 12 44 300
25 24 17 21 0 44 0 0.70 10.9 36 13.0 23 300 M M 10 128 39 290
26 24 17 21 1 44 0 0.25 4.0 36 8.4 18 310 M M 10 12 28 300
27 25 17 21 1 44 0 0.18 3.9 39 9.4 16 240 M M 10 1 24 250
28 35 24 30 10 35 0 0.14 2.3 39 7.7 15 130 M M 8 16 21 110
29 43 35 39 19 26 0 0.01 0.0 32 4.9 10 150 M M 6 12 15 130
30 48 34 41 22 24 0 0.04 0.0 24 7.2 15 300 M M 10 12 25 230
31 35 32 34 15 31 0 0.00 0.0 20 2.2 7 300 M M 10 10 320
================================================================================
SM 977 651 1194 0 4.41 63.6 250.5 M 241
================================================================================
AV 31.5 21.0 8.1 FASTST M M 8 MAX(MPH)
MISC ----> 32 310 52 290
================================================================================
NOTES:
# LAST OF SEVERAL OCCURRENCES
COLUMN 17 PEAK WIND IN M.P.H.
PRELIMINARY LOCAL CLIMATOLOGICAL DATA (WS FORM: F-6) , PAGE 2
STATION: SAULT STE MARIE MI
MONTH: DECEMBER
YEAR: 2022
LATITUDE: 46 28 N
LONGITUDE: 84 21 W
[TEMPERATURE DATA] [PRECIPITATION DATA] SYMBOLS USED IN COLUMN 16
AVERAGE MONTHLY: 26.3 TOTAL FOR MONTH: 4.41 1 = FOG OR MIST
DPTR FM NORMAL: 2.5 DPTR FM NORMAL: 1.61 2 = FOG REDUCING VISIBILITY
HIGHEST: 48 ON 30 GRTST 24HR 0.91 ON 23-24 TO 1/4 MILE OR LESS
LOWEST: 8 ON 21 3 = THUNDER
SNOW, ICE PELLETS, HAIL 4 = ICE PELLETS
TOTAL MONTH: 65.8 INCHES 5 = HAIL
GRTST 24HR 17.6 ON 24-24 6 = FREEZING RAIN OR DRIZZLE
GRTST DEPTH: 39 ON 28,27 7 = DUSTSTORM OR SANDSTORM:
VSBY 1/2 MILE OR LESS
8 = SMOKE OR HAZE
[NO. OF DAYS WITH] [WEATHER - DAYS WITH] 9 = BLOWING SNOW
X = TORNADO
MAX 32 OR BELOW: 17 0.01 INCH OR MORE: 20
MAX 90 OR ABOVE: 0 0.10 INCH OR MORE: 13
MIN 32 OR BELOW: 29 0.50 INCH OR MORE: 2
MIN 0 OR BELOW: 0 1.00 INCH OR MORE: 0
[HDD (BASE 65) ]
TOTAL THIS MO. 1194 CLEAR (SCALE 0-3) 2
DPTR FM NORMAL -83 PTCLDY (SCALE 4-7) 13
TOTAL FM JUL 1 2816 CLOUDY (SCALE 8-10) 16
DPTR FM NORMAL -295
[CDD (BASE 65) ]
TOTAL THIS MO. 0
DPTR FM NORMAL 0 [PRESSURE DATA]
TOTAL FM JAN 1 225 HIGHEST SLP 30.51 ON 9
DPTR FM NORMAL -11 LOWEST SLP 28.95 ON 23
[REMARKS]
#FINAL-12-22#