000
CXUS53 KIWX 010910
CF6AOH
PRELIMINARY LOCAL CLIMATOLOGICAL DATA (WS FORM: F-6)
STATION: LIMA
MONTH: JANUARY
YEAR: 2022
LATITUDE: 40 42 N
LONGITUDE: 84 1 W
TEMPERATURE IN F: :PCPN: SNOW: WIND :SUNSHINE: SKY :PK WND
================================================================================
1 2 3 4 5 6A 6B 7 8 9 10 11 12 13 14 15 16 17 18
12Z AVG MX 2MIN
DY MAX MIN AVG DEP HDD CDD WTR SNW DPTH SPD SPD DIR MIN PSBL S-S WX SPD DR
================================================================================
1 56 32 44 16 21 0 0.35 M M 9.9 20 60 M M 10 12 27 10
2 32 20 26 -2 39 0 0.01 M M 11.8 18 20 M M 10 16 26 20
3 30 16 23 -5 42 0 0.00 M M 5.7 10 250 M M 2 14 220
4 39 24 32 4 33 0 0.00 M M 12.3 23 200 M M 0 35 200
5 39 14 27 -1 38 0 T M M 22.6 35 260 M M 6 48 250
6 19 13 16 -12 49 0 T M M 13.4 30 270 M M 10 37 260
7 22 8 15 -13 50 0 T M M 11.4 22 260 M M 7 27 250
8 39 10 25 -3 40 0 0.01 M M 14.3 26 160 M M 4 36 190
9 42 21 32 5 33 0 0.32 M M 16.2 29 280 M M 6 1 37 290
10 26 14 20 -7 45 0 T M M 16.5 29 280 M M 5 38 260
11 31 13 22 -5 43 0 T M M 12.2 29 210 M M 4 52 180
12 43 31 37 10 28 0 T M M 12.9 23 230 M M 4 37 230
13 41 29 35 8 30 0 0.00 M M 6.5 10 20 M M 6 18 15 40
14 34 19 27 0 38 0 0.00 M M 10.6 18 50 M M 10 18 26 60
15 23 15 19 -8 46 0 T M M 12.0 20 60 M M 6 26 50
16 36 11 24 -3 41 0 0.00 M M 6.9 13 330 M M 2 17 20
17 30 22 26 -1 39 0 T M M 17.0 26 300 M M 9 16 38 290
18 35 25 30 3 35 0 T M M 13.9 23 180 M M 8 35 180
19 45 21 33 6 32 0 T M M 17.9 25 250 M M 5 35 210
20 23 15 19 -8 46 0 T M M 8.9 18 340 M M 7 26 350
21 24 9 17 -10 48 0 0.00 M M 5.2 13 90 M M 6 17 60
22 29 8 19 -8 46 0 0.00 M M 11.7 23 210 M M 3 32 210
23 28 8 18 -9 47 0 0.06 M M 8.6 20 350 M M 9 12 29 190
24 31 3 17 -10 48 0 0.04 M M 11.9 21 310 M M 8 168 27 190
25 25 3 14 -13 51 0 T M M 9.4 18 310 M M 8 8 23 300
26 13 -4 5 -22 60 0 0.00 M M 6.3 10 180 M M 0 14 180
27 29 5 17 -10 48 0 T M M 12.1 20 240 M M 6 18 28 200
28 28 6 17 -10 48 0 T M M 9.4 18 20 M M 10 18 23 10
29 18 -8 5 -22 60 0 0.00 M M 5.1 9 150 M M 4 18 12 180
30 29 12 21 -6 44 0 0.00 M M 5.6 12 160 M M 4 18 14 150
31 32 8 20 -7 45 0 0.00 M M 3.7 12 140 M M 0 128 15 120
================================================================================
SM 971 423 1313 0 0.79 M 341.9 M 179
================================================================================
AV 31.3 13.6 11.0 FASTST M M 6 MAX(MPH)
MISC ----> 35 260 52 180
================================================================================
NOTES:
# LAST OF SEVERAL OCCURRENCES
COLUMN 17 PEAK WIND IN M.P.H.
PRELIMINARY LOCAL CLIMATOLOGICAL DATA (WS FORM: F-6) , PAGE 2
STATION: LIMA
MONTH: JANUARY
YEAR: 2022
LATITUDE: 40 42 N
LONGITUDE: 84 1 W
[TEMPERATURE DATA] [PRECIPITATION DATA] SYMBOLS USED IN COLUMN 16
AVERAGE MONTHLY: 22.5 TOTAL FOR MONTH: 0.79 1 = FOG OR MIST
DPTR FM NORMAL: -4.6 DPTR FM NORMAL: -1.44 2 = FOG REDUCING VISIBILITY
HIGHEST: 56 ON 1 GRTST 24HR 0.35 ON 1- 1 TO 1/4 MILE OR LESS
LOWEST: -8 ON 29 3 = THUNDER
SNOW, ICE PELLETS, HAIL 4 = ICE PELLETS
TOTAL MONTH: M 5 = HAIL
GRTST 24HR M ON M 6 = FREEZING RAIN OR DRIZZLE
GRTST DEPTH: M ON M 7 = DUSTSTORM OR SANDSTORM:
VSBY 1/2 MILE OR LESS
8 = SMOKE OR HAZE
[NO. OF DAYS WITH] [WEATHER - DAYS WITH] 9 = BLOWING SNOW
X = TORNADO
MAX 32 OR BELOW: 20 0.01 INCH OR MORE: 6
MAX 90 OR ABOVE: 0 0.10 INCH OR MORE: 2
MIN 32 OR BELOW: 31 0.50 INCH OR MORE: 0
MIN 0 OR BELOW: 2 1.00 INCH OR MORE: 0
[HDD (BASE 65) ]
TOTAL THIS MO. 1313 CLEAR (SCALE 0-3) 5
DPTR FM NORMAL 138 PTCLDY (SCALE 4-7) 18
TOTAL FM JUL 1 3028 CLOUDY (SCALE 8-10) 8
DPTR FM NORMAL -319
[CDD (BASE 65) ]
TOTAL THIS MO. 0
DPTR FM NORMAL 0 [PRESSURE DATA]
TOTAL FM JAN 1 0 HIGHEST SLP M ON M
DPTR FM NORMAL 0 LOWEST SLP 29.51 ON 17
[REMARKS]
#FINAL-01-22#