000
CXUS51 KCTP 012335
CF6AOO
PRELIMINARY LOCAL CLIMATOLOGICAL DATA (WS FORM: F-6)
STATION: ALTOONA
MONTH: JUNE
YEAR: 2022
LATITUDE: 40 17 N
LONGITUDE: 78 19 W
TEMPERATURE IN F: :PCPN: SNOW: WIND :SUNSHINE: SKY :PK WND
================================================================================
1 2 3 4 5 6A 6B 7 8 9 10 11 12 13 14 15 16 17 18
12Z AVG MX 2MIN
DY MAX MIN AVG DEP HDD CDD WTR SNW DPTH SPD SPD DIR MIN PSBL S-S WX SPD DR
================================================================================
1 89 66 78 13 0 13 0.17 M M 8.0 35 300 M M 3 3 43 290
2 75 61 68 3 0 3 0.34 M M 5.3 16 320 M M 9 13 22 310
3 76 54 65 0 0 0 0.00 M M 8.2 17 300 M M 2 23 320
4 76 53 65 -1 0 0 0.00 M M 6.7 16 300 M M 0 24 300
5 76 49 63 -3 2 0 0.00 M M 3.5 12 150 M M 1 14 170
6 81 54 68 2 0 3 0.00 M M 9.3 21 160 M M 3 26 160
7 69 62 66 0 0 1 0.32 M M 9.8 17 210 M M 6 18 22 200
8 78 59 69 2 0 4 0.78 M M 4.6 13 140 M M 4 13 16 120
9 68 56 62 -5 3 0 0.01 M M 12.8 24 280 M M 7 1 32 280
10 75 52 64 -3 1 0 0.00 M M 6.3 14 320 M M 2 23 260
11 69 54 62 -6 3 0 0.01 M M 4.3 12 130 M M 4 15 270
12 79 57 68 0 0 3 0.37 M M 4.8 13 230 M M 5 1 17 230
13 85 66 76 8 0 11 0.40 M M 3.8 12 290 M M 5 13 16 280
14 80 66 73 5 0 8 0.21 M M 3.5 16 250 M M 5 138 23 250
15 84 65 75 6 0 10 0.00 M M 5.3 14 160 M M 6 12 18 180
16 91 71 81 12 0 16 0.00 M M 6.3 17 290 M M 3 138 22 300
17 86 69 78 9 0 13 0.00 M M 14.4 31 310 M M 0 39 280
18 71 55 63 -6 2 0 T M M 14.0 24 340 M M 5 37 320
19 73 50 62 -8 3 0 0.00 M M 12.3 23 300 M M 0 32 320
20 77 53 65 -5 0 0 0.00 M M 5.3 16 290 M M 7 24 300
21 88 60 74 4 0 9 0.30 M M 6.3 14 360 M M 4 13 18 280
22 91 69 80 10 0 15 2.37 M M 7.7 28 50 M M 3 13 50 30
23 79 66 73 3 0 8 0.01 M M 4.8 10 90 M M 5 1 13 90
24 84 65 75 4 0 10 0.00 M M 2.8 9 90 M M 5 12 200
25 85 62 74 3 0 9 0.00 M M 3.8 13 170 M M 0 16 190
26 84 67 76 5 0 11 T M M 5.4 12 210 M M 4 13 14 150
27 78 57 68 -3 0 3 0.22 M M 9.1 20 300 M M 3 1 25 290
28 78 51 65 -6 0 0 0.00 M M 3.2 12 330 M M 0 17 330
29 82 53 68 -4 0 3 0.00 M M 3.1 13 270 M M 0 19 280
30 84 56 70 -2 0 5 0.00 M M 2.9 10 160 M M 0 15 150
================================================================================
SM 2391 1778 14 158 5.51 M 197.6 M 101
================================================================================
AV 79.7 59.3 6.6 FASTST M M 3 MAX(MPH)
MISC ----> 35 300 50 30
================================================================================
NOTES:
# LAST OF SEVERAL OCCURRENCES
COLUMN 17 PEAK WIND IN M.P.H.
PRELIMINARY LOCAL CLIMATOLOGICAL DATA (WS FORM: F-6) , PAGE 2
STATION: ALTOONA
MONTH: JUNE
YEAR: 2022
LATITUDE: 40 17 N
LONGITUDE: 78 19 W
[TEMPERATURE DATA] [PRECIPITATION DATA] SYMBOLS USED IN COLUMN 16
AVERAGE MONTHLY: 69.5 TOTAL FOR MONTH: 5.51 1 = FOG OR MIST
DPTR FM NORMAL: 1.0 DPTR FM NORMAL: 2.09 2 = FOG REDUCING VISIBILITY
HIGHEST: 91 ON 22,16 GRTST 24HR 2.37 ON 22-22 TO 1/4 MILE OR LESS
LOWEST: 49 ON 5 3 = THUNDER
SNOW, ICE PELLETS, HAIL 4 = ICE PELLETS
TOTAL MONTH: M 5 = HAIL
GRTST 24HR M ON M 6 = FREEZING RAIN OR DRIZZLE
GRTST DEPTH: M ON M 7 = DUSTSTORM OR SANDSTORM:
VSBY 1/2 MILE OR LESS
8 = SMOKE OR HAZE
[NO. OF DAYS WITH] [WEATHER - DAYS WITH] 9 = BLOWING SNOW
X = TORNADO
MAX 32 OR BELOW: 0 0.01 INCH OR MORE: 13
MAX 90 OR ABOVE: 2 0.10 INCH OR MORE: 10
MIN 32 OR BELOW: 0 0.50 INCH OR MORE: 2
MIN 0 OR BELOW: 0 1.00 INCH OR MORE: 1
[HDD (BASE 65) ]
TOTAL THIS MO. 14 CLEAR (SCALE 0-3) 14
DPTR FM NORMAL -23 PTCLDY (SCALE 4-7) 15
TOTAL FM JUL 1 5262 CLOUDY (SCALE 8-10) 1
DPTR FM NORMAL -500
[CDD (BASE 65) ]
TOTAL THIS MO. 158
DPTR FM NORMAL 16 [PRESSURE DATA]
TOTAL FM JAN 1 217 HIGHEST SLP 30.27 ON 30
DPTR FM NORMAL 20 LOWEST SLP 29.60 ON 9
[REMARKS]
#FINAL-06-22#
CHANGED PRECIP FOR 02/22/22 TO 2.37" WHICH MATCHES WITH THE AVAILABLE DATA IN THE ACIS DATABASE. COMMS OUTAGE (DURING/AFTER TSRA) LIMITED THE DATA COLLECTION/QC PROCESS THAT DAY.