000
CXUS55 KBOU 280900
CF6APA
PRELIMINARY LOCAL CLIMATOLOGICAL DATA (WS FORM: F-6)
STATION: CENTENNIAL CO
MONTH: MARCH
YEAR: 2024
LATITUDE: 39 33 N
LONGITUDE: 104 51 W
TEMPERATURE IN F: :PCPN: SNOW: WIND :SUNSHINE: SKY :PK WND
================================================================================
1 2 3 4 5 6A 6B 7 8 9 10 11 12 13 14 15 16 17 18
12Z AVG MX 2MIN
DY MAX MIN AVG DEP HDD CDD WTR SNW DPTH SPD SPD DIR MIN PSBL S-S WX SPD DR
================================================================================
1 64 34 49 13 16 0 0.00 M M 7.4 17 200 M M 3 23 210
2 66 34 50 14 15 0 0.00 M M 14.9 35 230 M M 3 47 220
3 54 24 39 2 26 0 0.01 M M 11.2 30 270 M M 5 1 46 260
4 49 19 34 -3 31 0 0.00 M M 8.2 18 130 M M 2 29 130
5 49 20 35 -3 30 0 0.00 M M 7.3 18 160 M M 4 25 150
6 59 27 43 5 22 0 0.00 M M 6.8 16 20 M M 4 24 30
7 43 29 36 -2 29 0 T M M 6.2 15 40 M M 9 12 20 50
8 30 20 25 -13 40 0 0.02 M M 7.6 15 360 M M 9 1 20 320
9 53 17 35 -4 30 0 0.00 M M 3.0 12 170 M M 0 16 190
10 65 24 45 6 20 0 0.00 M M 4.8 14 210 M M 2 19 170
11 60 32 46 6 19 0 0.00 M M 6.7 16 230 M M 6 8 21 70
12 61 30 46 6 19 0 0.00 M M 8.1 17 20 M M 6 24 20
13 52 32 42 2 23 0 1.36 M M 7.5 18 200 M M 8 13 24 210
14 32 30 31 -9 34 0 1.51 M M 12.1 24 350 M M 10 1 35 350
15 39 27 33 -8 32 0 0.03 M M 9.1 23 170 M M 8 1 31 180
16 46 26 36 -5 29 0 0.00 M M 5.8 13 350 M M 5 19 360
17 44 32 38 -3 27 0 0.00 M M 4.8 14 350 M M 8 16 350
18 50 31 41 -1 24 0 0.00 M M 5.3 12 180 M M 2 12 180
19 54 29 42 0 23 0 0.00 M M 4.0 13 170 M M 2 8 16 350
20 59 31 45 3 20 0 0.00 M M 5.4 16 160 M M 3 23 170
21 64 31 48 6 17 0 0.00 M M 7.4 23 320 M M 3 32 30
22 59 29 44 1 21 0 0.00 M M 10.2 26 170 M M 5 39 170
23 65 32 49 6 16 0 0.00 M M 7.2 24 210 M M 5 31 190
24 55 20 38 -5 27 0 0.14 M M 10.1 25 10 M M 7 139 34 350
25 25 16 21 -22 44 0 0.11 M M 8.6 21 20 M M 9 1 29 20
26 44 14 29 -15 36 0 0.00 M M 3.6 10 350 M M 6 15 10
27 51 23 37 -7 28 0 0.00 M M 6.9 15 250 M M 5 23 250
================================================================================
SM 1392 713 698 0 3.18 M 200.2 M 139
================================================================================
AV 51.6 26.4 7.4 FASTST M M 5 MAX(MPH)
MISC ----> 35 230 47 220
================================================================================
NOTES:
# LAST OF SEVERAL OCCURRENCES
COLUMN 17 PEAK WIND IN M.P.H.
PRELIMINARY LOCAL CLIMATOLOGICAL DATA (WS FORM: F-6) , PAGE 2
STATION: CENTENNIAL CO
MONTH: MARCH
YEAR: 2024
LATITUDE: 39 33 N
LONGITUDE: 104 51 W
[TEMPERATURE DATA] [PRECIPITATION DATA] SYMBOLS USED IN COLUMN 16
AVERAGE MONTHLY: 39.0 TOTAL FOR MONTH: 3.18 1 = FOG OR MIST
DPTR FM NORMAL: -1.3 DPTR FM NORMAL: 2.32 2 = FOG REDUCING VISIBILITY
HIGHEST: 66 ON 2 GRTST 24HR 2.67 ON 13-14 TO 1/4 MILE OR LESS
LOWEST: 14 ON 26 3 = THUNDER
SNOW, ICE PELLETS, HAIL 4 = ICE PELLETS
TOTAL MONTH: M 5 = HAIL
GRTST 24HR M ON M 6 = FREEZING RAIN OR DRIZZLE
GRTST DEPTH: M ON M 7 = DUSTSTORM OR SANDSTORM:
VSBY 1/2 MILE OR LESS
8 = SMOKE OR HAZE
[NO. OF DAYS WITH] [WEATHER - DAYS WITH] 9 = BLOWING SNOW
X = TORNADO
MAX 32 OR BELOW: 3 0.01 INCH OR MORE: 7
MAX 90 OR ABOVE: 0 0.10 INCH OR MORE: 4
MIN 32 OR BELOW: 25 0.50 INCH OR MORE: 2
MIN 0 OR BELOW: 0 1.00 INCH OR MORE: 2
[HDD (BASE 65) ]
TOTAL THIS MO. 698 CLEAR (SCALE 0-3) 8
DPTR FM NORMAL 32 PTCLDY (SCALE 4-7) 13
TOTAL FM JUL 1 4564 CLOUDY (SCALE 8-10) 6
DPTR FM NORMAL -452
[CDD (BASE 65) ]
TOTAL THIS MO. 0
DPTR FM NORMAL 0 [PRESSURE DATA]
TOTAL FM JAN 1 0 HIGHEST SLP M ON M
DPTR FM NORMAL 0 LOWEST SLP 29.16 ON 24
[REMARKS]