000
CXUS56 KMTR 081625
CF6APC
PRELIMINARY LOCAL CLIMATOLOGICAL DATA (WS FORM: F-6)
STATION: NAPA AIRPORT
MONTH: JANUARY
YEAR: 2023
LATITUDE: 38 13 N
LONGITUDE: 122 17 W
TEMPERATURE IN F: :PCPN: SNOW: WIND :SUNSHINE: SKY :PK WND
================================================================================
1 2 3 4 5 6A 6B 7 8 9 10 11 12 13 14 15 16 17 18
12Z AVG MX 2MIN
DY MAX MIN AVG DEP HDD CDD WTR SNW DPTH SPD SPD DIR MIN PSBL S-S WX SPD DR
================================================================================
1 65 40 53 6 12 0 0.00 M M 8.9 24 360 M M 0 1 29 350
2 49 40 45 -2 20 0 0.22 M M 10.0 28 80 M M 6 18 37 80
3 51 46 49 2 16 0 0.01 M M 10.6 20 60 M M 9 18 26 70
4 61 49 55 8 10 0 1.06 M M 16.1 37 140 M M 9 18 53 130
5 57 46 52 5 13 0 0.64 M M 9.0 26 290 M M 10 1 32 280
6 57 49 53 6 12 0 0.03 M M 9.2 15 100 M M 7 18 19 100
7 61 51 56 9 9 0 0.27 M M 12.3 30 120 M M 10 3 37 110
8 62 48 55 8 10 0 0.41 M M 10.9 30 190 M M 7 13 42 190
9 60 45 53 6 12 0 1.55 M M 6.9 20 100 M M 6 1 26 90
10 56 50 53 6 12 0 0.67 M M 15.5 35 190 M M 9 1 43 200
11 55 50 53 6 12 0 0.53 M M 14.5 21 90 M M 10 18 30 90
12 64 54 59 12 6 0 0.00 M M 8.7 15 100 M M 2 18 90
13 61 53 57 10 8 0 0.44 M M 6.4 17 200 M M 9 18 20 210
14 59 47 53 6 12 0 1.64 M M 10.0 22 270 M M 9 18 28 190
15 54 45 50 3 15 0 0.94 M M 5.3 21 200 M M 9 1 27 200
16 57 42 50 3 15 0 0.17 M M 10.0 23 290 M M 4 1 27 280
17 56 34 45 -3 20 0 0.00 M M 3.7 9 200 M M 0 1 13 210
18 54 36 45 -3 20 0 0.20 M M 5.4 20 290 M M 5 18 24 270
19 57 36 47 -1 18 0 0.00 M M 6.5 23 350 M M 0 28 350
20 60 36 48 0 17 0 0.00 M M 8.9 22 10 M M 0 28 10
21 58 31 45 -3 20 0 0.00 M M 3.5 9 90 M M 0 12 90
22 62 35 49 1 16 0 0.00 M M 8.3 31 20 M M 0 39 10
23 68 39 54 6 11 0 0.00 M M 10.6 28 360 M M 0 33 360
24 62 38 50 2 15 0 0.00 M M 5.9 17 90 M M 0 23 90
25 66 35 51 3 14 0 0.00 M M 5.6 22 360 M M 0 1 26 10
26 66 41 54 6 11 0 0.00 M M 8.0 21 20 M M 0 24 20
27 M 35 M M M M 0.00 M M 3.6 14 220 M M 0 18 16 220
28 58 35 47 -1 18 0 0.00 M M 3.1 14 190 M M 6 128 17 190
29 53 36 45 -4 20 0 T M M 8.9 30 350 M M 7 40 360
30 60 39 50 1 15 0 0.00 M M 7.7 29 360 M M 0 38 360
31 58 29 44 -5 21 0 0.00 M M 3.0 10 230 M M 0 12 220
================================================================================
SM 1767 1290 430 0 8.78 M 257.0 M 134
================================================================================
AV 58.9 41.6 8.3 FASTST M M 4 MAX(MPH)
MISC ----> 37 140 53 130
================================================================================
NOTES:
# LAST OF SEVERAL OCCURRENCES
COLUMN 17 PEAK WIND IN M.P.H.
PRELIMINARY LOCAL CLIMATOLOGICAL DATA (WS FORM: F-6) , PAGE 2
STATION: NAPA AIRPORT
MONTH: JANUARY
YEAR: 2023
LATITUDE: 38 13 N
LONGITUDE: 122 17 W
[TEMPERATURE DATA] [PRECIPITATION DATA] SYMBOLS USED IN COLUMN 16
AVERAGE MONTHLY: 50.3 TOTAL FOR MONTH: 8.78 1 = FOG OR MIST
DPTR FM NORMAL: 2.7 DPTR FM NORMAL: 4.61 2 = FOG REDUCING VISIBILITY
HIGHEST: 68 ON 23 GRTST 24HR 2.06 ON 8- 9 TO 1/4 MILE OR LESS
LOWEST: 29 ON 31 3 = THUNDER
SNOW, ICE PELLETS, HAIL 4 = ICE PELLETS
TOTAL MONTH: M 5 = HAIL
GRTST 24HR M ON M 6 = FREEZING RAIN OR DRIZZLE
GRTST DEPTH: M ON M 7 = DUSTSTORM OR SANDSTORM:
VSBY 1/2 MILE OR LESS
8 = SMOKE OR HAZE
[NO. OF DAYS WITH] [WEATHER - DAYS WITH] 9 = BLOWING SNOW
X = TORNADO
MAX 32 OR BELOW: 0 0.01 INCH OR MORE: 15
MAX 90 OR ABOVE: 0 0.10 INCH OR MORE: 13
MIN 32 OR BELOW: 2 0.50 INCH OR MORE: 7
MIN 0 OR BELOW: 0 1.00 INCH OR MORE: 3
[HDD (BASE 65) ]
TOTAL THIS MO. 430 CLEAR (SCALE 0-3) 14
DPTR FM NORMAL -111 PTCLDY (SCALE 4-7) 8
TOTAL FM JUL 1 1580 CLOUDY (SCALE 8-10) 9
DPTR FM NORMAL -107
[CDD (BASE 65) ]
TOTAL THIS MO. 0
DPTR FM NORMAL 0 [PRESSURE DATA]
TOTAL FM JAN 1 0 HIGHEST SLP 30.42 ON 26
DPTR FM NORMAL 0 LOWEST SLP 29.48 ON 16
[REMARKS]
#FINAL-01-23#