000
CXUS56 KMTR 011000
CF6APC
PRELIMINARY LOCAL CLIMATOLOGICAL DATA (WS FORM: F-6)
STATION: NAPA AIRPORT
MONTH: NOVEMBER
YEAR: 2023
LATITUDE: 38 13 N
LONGITUDE: 122 17 W
TEMPERATURE IN F: :PCPN: SNOW: WIND :SUNSHINE: SKY :PK WND
================================================================================
1 2 3 4 5 6A 6B 7 8 9 10 11 12 13 14 15 16 17 18
12Z AVG MX 2MIN
DY MAX MIN AVG DEP HDD CDD WTR SNW DPTH SPD SPD DIR MIN PSBL S-S WX SPD DR
================================================================================
1 78 38 58 1 7 0 0.00 M M 3.5 12 100 M M 0 14 90
2 78 42 60 4 5 0 0.00 M M 2.7 10 200 M M 0 16 210
3 80 49 65 9 0 0 0.00 M M 3.0 8 200 M M 0 8 14 280
4 75 50 63 7 2 0 T M M 7.2 29 290 M M 2 12 35 280
5 68 56 62 6 3 0 0.07 M M 5.3 13 210 M M 10 1 17 190
6 69 50 60 5 5 0 0.10 M M 9.4 17 210 M M 6 1 22 190
7 68 42 55 0 10 0 0.01 M M 2.3 16 10 M M 4 12 22 10
8 72 38 55 0 10 0 0.00 M M 2.9 13 210 M M 0 16 210
9 67 33 50 -4 15 0 0.00 M M 3.4 7 320 M M 0 15 220
10 70 38 54 0 11 0 0.00 M M 2.9 8 200 M M 2 12 280
11 72 41 57 3 8 0 0.00 M M 3.6 9 10 M M 0 13 210
12 73 43 58 4 7 0 0.00 M M 5.1 13 210 M M 0 17 90
13 67 44 56 3 9 0 0.00 M M 3.5 13 220 M M 1 16 220
14 70 47 59 6 6 0 0.03 M M 5.3 13 10 M M 5 15 100
15 69 53 61 8 4 0 0.01 M M 8.9 20 90 M M 8 26 80
16 69 54 62 10 3 0 0.00 M M 6.0 15 90 M M 6 19 80
17 72 47 60 8 5 0 0.22 M M 6.9 21 90 M M 5 13 27 90
18 63 50 57 5 8 0 0.69 M M 10.6 23 250 M M 9 1 29 240
19 66 40 53 1 12 0 0.00 M M 5.7 13 320 M M 0 16 340
20 69 44 57 6 8 0 0.00 M M 6.2 15 90 M M 0 8 22 340
21 68 41 55 4 10 0 0.00 M M 7.0 17 60 M M 0 23 90
22 67 36 52 1 13 0 0.00 M M 2.7 8 180 M M 0 11 290
23 74 39 57 6 8 0 0.00 M M 5.4 23 350 M M 0 29 350
24 64 33 49 -1 16 0 0.00 M M 6.1 26 360 M M 0 33 360
25 65 32 49 -1 16 0 0.00 M M 4.1 10 360 M M 0 8 14 360
26 66 31 49 -1 16 0 0.00 M M 4.7 13 100 M M 0 16 110
27 63 33 48 -2 17 0 T M M 7.8 18 80 M M 0 23 90
28 64 34 49 -1 16 0 0.06 M M 6.1 15 90 M M 1 8 20 90
29 62 40 51 2 14 0 0.07 M M 3.5 10 230 M M 5 1 13 250
30 65 38 52 3 13 0 0.00 M M 6.7 23 290 M M 0 1 29 320
================================================================================
SM 2073 1256 277 0 1.26 M 158.5 M 64
================================================================================
AV 69.1 41.9 5.3 FASTST M M 2 MAX(MPH)
MISC ----> 29 290 35 280
================================================================================
NOTES:
# LAST OF SEVERAL OCCURRENCES
COLUMN 17 PEAK WIND IN M.P.H.
PRELIMINARY LOCAL CLIMATOLOGICAL DATA (WS FORM: F-6) , PAGE 2
STATION: NAPA AIRPORT
MONTH: NOVEMBER
YEAR: 2023
LATITUDE: 38 13 N
LONGITUDE: 122 17 W
[TEMPERATURE DATA] [PRECIPITATION DATA] SYMBOLS USED IN COLUMN 16
AVERAGE MONTHLY: 55.5 TOTAL FOR MONTH: 1.26 1 = FOG OR MIST
DPTR FM NORMAL: 2.8 DPTR FM NORMAL: -0.71 2 = FOG REDUCING VISIBILITY
HIGHEST: 80 ON 3 GRTST 24HR 0.90 ON 17-18 TO 1/4 MILE OR LESS
LOWEST: 31 ON 26 3 = THUNDER
SNOW, ICE PELLETS, HAIL 4 = ICE PELLETS
TOTAL MONTH: M 5 = HAIL
GRTST 24HR M ON M 6 = FREEZING RAIN OR DRIZZLE
GRTST DEPTH: M ON M 7 = DUSTSTORM OR SANDSTORM:
VSBY 1/2 MILE OR LESS
8 = SMOKE OR HAZE
[NO. OF DAYS WITH] [WEATHER - DAYS WITH] 9 = BLOWING SNOW
X = TORNADO
MAX 32 OR BELOW: 0 0.01 INCH OR MORE: 9
MAX 90 OR ABOVE: 0 0.10 INCH OR MORE: 3
MIN 32 OR BELOW: 2 0.50 INCH OR MORE: 1
MIN 0 OR BELOW: 0 1.00 INCH OR MORE: 0
[HDD (BASE 65) ]
TOTAL THIS MO. 277 CLEAR (SCALE 0-3) 21
DPTR FM NORMAL -91 PTCLDY (SCALE 4-7) 7
TOTAL FM JUL 1 406 CLOUDY (SCALE 8-10) 2
DPTR FM NORMAL -196
[CDD (BASE 65) ]
TOTAL THIS MO. 0
DPTR FM NORMAL 0 [PRESSURE DATA]
TOTAL FM JAN 1 389 HIGHEST SLP M ON M
DPTR FM NORMAL 75 LOWEST SLP 29.70 ON 15
[REMARKS]
#FINAL-11-23#