000
CXUS53 KAPX 010730
CF6APN
PRELIMINARY LOCAL CLIMATOLOGICAL DATA (WS FORM: F-6)
STATION: ALPENA MI
MONTH: JULY
YEAR: 2022
LATITUDE: 45 4 N
LONGITUDE: 83 34 W
TEMPERATURE IN F: :PCPN: SNOW: WIND :SUNSHINE: SKY :PK WND
================================================================================
1 2 3 4 5 6A 6B 7 8 9 10 11 12 13 14 15 16 17 18
12Z AVG MX 2MIN
DY MAX MIN AVG DEP HDD CDD WTR SNW DPTH SPD SPD DIR MIN PSBL S-S WX SPD DR
================================================================================
1 80 56 68 1 0 3 0.36 0.0 0 6.4 12 350 M M 5 13 M M
2 76 53 65 -2 0 0 0.00 0.0 0 8.0 16 310 M M 2 35 320
3 77 44 61 -6 4 0 0.00 0.0 0 4.5 14 90 M M 0 M M
4 74 52 63 -4 2 0 0.03 0.0 0 4.1 13 120 M M 7 18 120
5 79 60 70 3 0 5 0.92 0.0 0 7.8 14 60 M M 9 1 16 320
6 69 52 61 -7 4 0 0.00 0.0 0 6.1 15 100 M M 7 1 20 100
7 81 49 65 -3 0 0 T 0.0 0 3.5 13 30 M M 3 12 16 170
8 74 53 64 -4 1 0 0.00 0.0 0 6.0 15 30 M M 2 19 50
9 76 47 62 -6 3 0 0.00 0.0 0 3.6 10 110 M M 0 15 90
10 85 46 66 -2 0 1 0.00 0.0 0 5.6 15 190 M M 0 21 180
11 78 63 71 3 0 6 0.06 0.0 0 6.8 15 220 M M 7 3 30 250
12 74 55 65 -3 0 0 0.03 0.0 0 7.1 20 330 M M 7 26 290
13 75 53 64 -4 1 0 0.00 0.0 0 5.2 13 40 M M 4 18 60
14 78 51 65 -3 0 0 0.00 0.0 0 4.1 15 350 M M 1 23 50
15 76 45 61 -7 4 0 0.00 0.0 0 4.1 16 100 M M 1 23 90
16 76 52 64 -4 1 0 0.00 0.0 0 2.8 12 90 M M 4 12 17 120
17 79 57 68 -1 0 3 0.00 0.0 0 3.4 12 140 M M 0 1 17 120
18 89 57 73 4 0 8 0.00 0.0 0 2.9 14 140 M M 1 18 330
19 94 66 80 11 0 15 0.00 0.0 0 6.2 17 180 M M 0 24 200
20 90 67 79 10 0 14 0.32 0.0 0 10.0 23 280 M M 3 13 38 290
21 87 60 74 5 0 9 T 0.0 0 8.3 18 270 M M 4 34 280
22 90 59 75 6 0 10 0.00 0.0 0 5.4 18 280 M M 3 32 270
23 93 69 81 12 0 16 0.00 0.0 0 6.8 17 30 M M 2 24 320
24 82 64 73 4 0 8 0.09 0.0 0 8.3 17 220 M M 6 1 27 200
25 76 53 65 -4 0 0 0.00 0.0 0 6.6 20 320 M M 3 31 330
26 80 48 64 -5 1 0 0.00 0.0 0 4.3 13 110 M M 3 17 110
27 84 53 69 0 0 4 0.07 0.0 0 4.6 21 180 M M 4 13 28 310
28 78 60 69 0 0 4 0.07 0.0 0 7.1 17 260 M M 5 13 32 300
29 77 55 66 -3 0 1 0.00 0.0 0 6.3 15 310 M M 6 24 290
30 79 56 68 0 0 3 0.00 0.0 0 5.1 16 70 M M 3 1 22 70
31 87 52 70 2 0 5 0.00 0.0 0 5.6 17 190 M M 2 25 180
================================================================================
SM 2493 1707 21 115 1.95 0.0 176.6 M 104
================================================================================
AV 80.4 55.1 5.7 FASTST M M 3 MAX(MPH)
MISC ----> 23 280 38 290
================================================================================
NOTES:
# LAST OF SEVERAL OCCURRENCES
COLUMN 17 PEAK WIND IN M.P.H.
PRELIMINARY LOCAL CLIMATOLOGICAL DATA (WS FORM: F-6) , PAGE 2
STATION: ALPENA MI
MONTH: JULY
YEAR: 2022
LATITUDE: 45 4 N
LONGITUDE: 83 34 W
[TEMPERATURE DATA] [PRECIPITATION DATA] SYMBOLS USED IN COLUMN 16
AVERAGE MONTHLY: 67.7 TOTAL FOR MONTH: 1.95 1 = FOG OR MIST
DPTR FM NORMAL: -0.5 DPTR FM NORMAL: -1.25 2 = FOG REDUCING VISIBILITY
HIGHEST: 94 ON 19 GRTST 24HR 0.95 ON 4- 5 TO 1/4 MILE OR LESS
LOWEST: 44 ON 3 3 = THUNDER
SNOW, ICE PELLETS, HAIL 4 = ICE PELLETS
TOTAL MONTH: 0.0 INCH 5 = HAIL
GRTST 24HR 0.0 6 = FREEZING RAIN OR DRIZZLE
GRTST DEPTH: 0 7 = DUSTSTORM OR SANDSTORM:
VSBY 1/2 MILE OR LESS
8 = SMOKE OR HAZE
[NO. OF DAYS WITH] [WEATHER - DAYS WITH] 9 = BLOWING SNOW
X = TORNADO
MAX 32 OR BELOW: 0 0.01 INCH OR MORE: 9
MAX 90 OR ABOVE: 4 0.10 INCH OR MORE: 3
MIN 32 OR BELOW: 0 0.50 INCH OR MORE: 1
MIN 0 OR BELOW: 0 1.00 INCH OR MORE: 0
[HDD (BASE 65) ]
TOTAL THIS MO. 21 CLEAR (SCALE 0-3) 18
DPTR FM NORMAL -13 PTCLDY (SCALE 4-7) 12
TOTAL FM JUL 1 21 CLOUDY (SCALE 8-10) 1
DPTR FM NORMAL -16
[CDD (BASE 65) ]
TOTAL THIS MO. 115
DPTR FM NORMAL -18 [PRESSURE DATA]
TOTAL FM JAN 1 226 HIGHEST SLP 30.28 ON 9
DPTR FM NORMAL 13 LOWEST SLP 29.32 ON 20
[REMARKS]
#FINAL-07-22#