000
CXUS54 KLCH 010930
CF6ARA
PRELIMINARY LOCAL CLIMATOLOGICAL DATA (WS FORM: F-6)
STATION: NEW IBERIA
MONTH: NOVEMBER
YEAR: 2021
LATITUDE: 30 1 N
LONGITUDE: 91 53 W
TEMPERATURE IN F: :PCPN: SNOW: WIND :SUNSHINE: SKY :PK WND
================================================================================
1 2 3 4 5 6A 6B 7 8 9 10 11 12 13 14 15 16 17 18
12Z AVG MX 2MIN
DY MAX MIN AVG DEP HDD CDD WTR SNW DPTH SPD SPD DIR MIN PSBL S-S WX SPD DR
================================================================================
1 79 49 64 -1 1 0 0.00 0.0 M 2.2 9 90 M M 0 12 12 100
2 79 50 65 0 0 0 0.00 0.0 M 4.6 10 40 M M 0 1 14 70
3 73 52 63 -1 2 0 0.00 0.0 M 7.6 15 30 M M 1 18 30
4 64 48 56 -8 9 0 0.00 0.0 M 11.7 17 10 M M 5 24 10
5 60 46 53 -11 12 0 M 0.0 M 8.4 13 10 M M 6 M M
6 62 47 55 -8 10 0 0.00 0.0 M 7.4 16 10 M M 6 1 21 20
7 71 42 57 -6 8 0 0.00 0.0 M 3.3 9 10 M M 1 12 12 10
8 76 42 59 -4 6 0 0.00 0.0 M 1.9 8 320 M M 0 1 11 10
9 76 41 59 -3 6 0 0.00 0.0 M 1.4 7 40 M M 1 12 10 110
10 80 50 65 3 0 0 M 0.0 M 5.8 13 170 M M 5 1 M M
11 76 51 64 2 1 0 0.10 0.0 M 5.0 26 340 M M 3 12 34 330
12 72 46 59 -3 6 0 0.00 0.0 M 1.2 7 260 M M 6 12 M M
13 61 39 50 -11 15 0 0.00 0.0 M 7.0 20 350 M M 0 29 350
14 71 36 54 -7 11 0 0.00 0.0 M 2.3 12 230 M M 0 1 14 190
15 77 46 62 1 3 0 0.00 0.0 M 4.1 13 200 M M 3 12 18 200
16 79 51 65 5 0 0 0.00 0.0 M 7.6 16 170 M M 1 1 22 160
17 81 58 70 10 0 5 0.00 0.0 M 6.3 15 210 M M 3 1 22 200
18 82 51 67 7 0 2 0.01 0.0 M 12.0 25 360 M M 7 13 32 360
19 67 45 56 -4 9 0 0.00 0.0 M 9.8 18 40 M M 0 26 50
20 76 43 60 0 5 0 0.00 M M 2.7 10 130 M M 0 1 13 140
21 80 56 68 9 0 3 0.00 0.0 0 4.2 9 170 M M 6 12 12 100
22 71 48 60 1 5 0 0.01 M M 11.4 23 360 M M 4 12 35 10
23 67 41 54 -5 11 0 0.00 M M 5.8 13 90 M M 0 8 18 110
24 76 41 59 0 6 0 0.00 M M 8.0 16 140 M M 2 8 23 150
25 78 57 68 10 0 3 0.01 M M 8.3 21 360 M M 6 1 29 10
26 62 45 54 -4 11 0 0.00 M M 10.7 23 20 M M 2 33 20
27 59 38 49 -9 16 0 0.04 M M 3.0 12 30 M M 4 1 13 150
28 66 48 57 -1 8 0 0.21 M M 6.1 13 30 M M 6 1 16 30
29 68 41 55 -3 10 0 0.00 0.0 M 2.6 8 60 M M 1 12 15 330
30 72 39 56 -2 9 0 0.00 M M 2.7 10 230 M M 0 12 14 230
================================================================================
SM 2161 1387 180 13 0.38 0.0 175.1 M 79
================================================================================
AV 72.0 46.2 5.8 FASTST M M 3 MAX(MPH)
MISC ----> 26 340 35 10
================================================================================
NOTES:
# LAST OF SEVERAL OCCURRENCES
COLUMN 17 PEAK WIND IN M.P.H.
PRELIMINARY LOCAL CLIMATOLOGICAL DATA (WS FORM: F-6) , PAGE 2
STATION: NEW IBERIA
MONTH: NOVEMBER
YEAR: 2021
LATITUDE: 30 1 N
LONGITUDE: 91 53 W
[TEMPERATURE DATA] [PRECIPITATION DATA] SYMBOLS USED IN COLUMN 16
AVERAGE MONTHLY: 59.1 TOTAL FOR MONTH: 0.38 1 = FOG OR MIST
DPTR FM NORMAL: -1.7 DPTR FM NORMAL: -4.12 2 = FOG REDUCING VISIBILITY
HIGHEST: 82 ON 18 GRTST 24HR 0.25 ON 27-28 TO 1/4 MILE OR LESS
LOWEST: 36 ON 14 3 = THUNDER
SNOW, ICE PELLETS, HAIL 4 = ICE PELLETS
TOTAL MONTH: 0.0 INCH 5 = HAIL
GRTST 24HR 0.0 6 = FREEZING RAIN OR DRIZZLE
GRTST DEPTH: 0 7 = DUSTSTORM OR SANDSTORM:
VSBY 1/2 MILE OR LESS
8 = SMOKE OR HAZE
[NO. OF DAYS WITH] [WEATHER - DAYS WITH] 9 = BLOWING SNOW
X = TORNADO
MAX 32 OR BELOW: 0 0.01 INCH OR MORE: 6
MAX 90 OR ABOVE: 0 0.10 INCH OR MORE: 2
MIN 32 OR BELOW: 0 0.50 INCH OR MORE: 0
MIN 0 OR BELOW: 0 1.00 INCH OR MORE: 0
[HDD (BASE 65) ]
TOTAL THIS MO. 180 CLEAR (SCALE 0-3) 17
DPTR FM NORMAL 6 PTCLDY (SCALE 4-7) 13
TOTAL FM JUL 1 196 CLOUDY (SCALE 8-10) 0
DPTR FM NORMAL -9
[CDD (BASE 65) ]
TOTAL THIS MO. 13
DPTR FM NORMAL -35 [PRESSURE DATA]
TOTAL FM JAN 1 2914 HIGHEST SLP 30.39 ON 19
DPTR FM NORMAL 8 LOWEST SLP 29.92 ON 11
[REMARKS]
#FINAL-11-21#