000
CXUS54 KMAF 011210
CF6ATS
PRELIMINARY LOCAL CLIMATOLOGICAL DATA (WS FORM: F-6)
STATION: ARTESIA
MONTH: FEBRUARY
YEAR: 2024
LATITUDE: 32 54 N
LONGITUDE: 104 30 W
TEMPERATURE IN F: :PCPN: SNOW: WIND :SUNSHINE: SKY :PK WND
================================================================================
1 2 3 4 5 6A 6B 7 8 9 10 11 12 13 14 15 16 17 18
12Z AVG MX 2MIN
DY MAX MIN AVG DEP HDD CDD WTR SNW DPTH SPD SPD DIR MIN PSBL S-S WX SPD DR
================================================================================
1 75 37 56 M 9 0 0.00 M M 8.4 21 240 M M 0 29 220
2 64 41 53 M 12 0 0.00 M M 16.6 31 230 M M 1 39 240
3 61 41 51 M 14 0 0.00 M M 22.1 32 300 M M 0 44 290
4 64 39 52 M 13 0 0.00 M M 18.4 37 340 M M 0 46 340
5 59 30 45 M 20 0 0.00 M M 8.3 15 140 M M 0 21 140
6 59 34 47 M 18 0 0.00 M M 8.8 22 160 M M 0 28 160
7 64 43 54 M 11 0 0.00 M M 16.0 36 230 M M 1 8 49 230
8 63 39 51 M 14 0 0.00 M M 14.7 28 220 M M 0 36 240
9 59 43 51 M 14 0 0.00 M M 10.0 20 250 M M 0 26 250
10 61 37 49 M 16 0 0.00 M M 9.7 28 260 M M 1 37 220
11 41 30 36 M 29 0 0.04 M M 16.0 37 330 M M 7 1 49 350
12 54 25 40 M 25 0 0.00 M M 5.0 10 290 M M 0 M M
13 64 27 46 M 19 0 0.00 M M 5.6 13 200 M M 0 16 130
14 72 30 51 M 14 0 0.00 M M 8.6 20 310 M M 0 23 210
15 72 34 53 M 12 0 0.00 M M 12.0 23 230 M M 0 30 230
16 64 41 53 M 12 0 0.00 M M 13.2 21 270 M M 0 25 330
17 34 32 33 M 32 0 0.00 M M 5.8 10 10 M M 9 M M
18 57 25 41 M 24 0 0.00 M M 8.6 17 140 M M 0 23 140
19 73 30 52 M 13 0 0.00 M M 6.6 18 250 M M 0 24 250
20 82 41 62 M 3 0 0.00 M M 9.6 28 230 M M 0 33 230
21 82 37 60 M 5 0 0.00 M M 15.5 37 250 M M 0 46 250
22 70 43 57 M 8 0 0.00 M M 10.8 22 350 M M 0 29 350
23 64 37 51 M 14 0 0.00 M M 7.2 13 320 M M 0 17 140
24 75 34 55 M 10 0 0.00 M M 8.7 18 140 M M 0 26 140
25 84 41 63 M 2 0 0.00 M M 8.6 23 310 M M 0 31 310
26 86 59 73 M 0 8 0.00 M M 16.4 26 260 M M 0 8 37 260
27 77 57 67 M 0 2 0.00 M M 24.2 44 260 M M 0 54 260
28 61 36 49 M 16 0 0.00 M M 10.1 21 20 M M 2 29 20
29 50 32 41 M 24 0 0.13 M M 5.4 18 150 M M 6 1 17 150
================================================================================
SM 1891 1075 403 10 0.17 M 330.8 M 27
================================================================================
AV 65.2 37.1 11.4 FASTST M M 1 MAX(MPH)
MISC ----> 44 260 54 260
================================================================================
NOTES:
# LAST OF SEVERAL OCCURRENCES
COLUMN 17 PEAK WIND IN M.P.H.
PRELIMINARY LOCAL CLIMATOLOGICAL DATA (WS FORM: F-6) , PAGE 2
STATION: ARTESIA
MONTH: FEBRUARY
YEAR: 2024
LATITUDE: 32 54 N
LONGITUDE: 104 30 W
[TEMPERATURE DATA] [PRECIPITATION DATA] SYMBOLS USED IN COLUMN 16
AVERAGE MONTHLY: 51.1 TOTAL FOR MONTH: 0.17 1 = FOG OR MIST
DPTR FM NORMAL: 0.0 DPTR FM NORMAL: M 2 = FOG REDUCING VISIBILITY
HIGHEST: 86 ON 26 GRTST 24HR 0.13 ON 29-29 TO 1/4 MILE OR LESS
LOWEST: 25 ON 18,12 3 = THUNDER
SNOW, ICE PELLETS, HAIL 4 = ICE PELLETS
TOTAL MONTH: M 5 = HAIL
GRTST 24HR M ON M 6 = FREEZING RAIN OR DRIZZLE
GRTST DEPTH: M ON M 7 = DUSTSTORM OR SANDSTORM:
VSBY 1/2 MILE OR LESS
8 = SMOKE OR HAZE
[NO. OF DAYS WITH] [WEATHER - DAYS WITH] 9 = BLOWING SNOW
X = TORNADO
MAX 32 OR BELOW: 0 0.01 INCH OR MORE: 2
MAX 90 OR ABOVE: 0 0.10 INCH OR MORE: 1
MIN 32 OR BELOW: 9 0.50 INCH OR MORE: 0
MIN 0 OR BELOW: 0 1.00 INCH OR MORE: 0
[HDD (BASE 65) ]
TOTAL THIS MO. 403 CLEAR (SCALE 0-3) 26
DPTR FM NORMAL M PTCLDY (SCALE 4-7) 2
TOTAL FM JUL 1 2159 CLOUDY (SCALE 8-10) 1
DPTR FM NORMAL M
[CDD (BASE 65) ]
TOTAL THIS MO. 10
DPTR FM NORMAL M [PRESSURE DATA]
TOTAL FM JAN 1 10 HIGHEST SLP M ON M
DPTR FM NORMAL M LOWEST SLP M ON M
[REMARKS]
#FINAL-02-24#