573
CXUS54 KEWX 100047
CF6ATT
PRELIMINARY LOCAL CLIMATOLOGICAL DATA (WS FORM: F-6)
STATION: AUSTIN CAMP MABRY
MONTH: DECEMBER
YEAR: 2020
LATITUDE: 30 17 N
LONGITUDE: 97 42 W
TEMPERATURE IN F: :PCPN: SNOW: WIND :SUNSHINE: SKY :PK WND
================================================================================
1 2 3 4 5 6A 6B 7 8 9 10 11 12 13 14 15 16 17 18
12Z AVG MX 2MIN
DY MAX MIN AVG DEP HDD CDD WTR SNW DPTH SPD SPD DIR MIN PSBL S-S WX SPD DR
================================================================================
1 64 30 47 -8 18 0 0.00 0.0 0 3.6 14 160 M M 0 27 160
2 66 44 55 0 10 0 T 0.0 0 4.4 15 360 M M 3 27 360
3 59 40 50 -5 15 0 0.00 0.0 0 6.2 14 320 M M 1 27 300
4 60 36 48 -7 17 0 0.00 0.0 0 3.2 9 10 M M 0 16 310
5 54 36 45 -9 20 0 0.01 0.0 0 0.5 7 330 M M 6 1 11 310
6 68 42 55 1 10 0 0.00 0.0 0 5.5 13 350 M M 0 23 330
7 72 41 57 3 8 0 0.00 0.0 0 3.3 12 20 M M 0 18 10
8 79 43 61 7 4 0 0.00 0.0 0 3.1 10 290 M M 0 19 290
9 82 46 64 11 1 0 0.00 0.0 0 2.3 8 210 M M 0 16 280
10 78 44 61 8 4 0 0.00 0.0 0 4.0 13 160 M M 0 23 200
11 71 57 64 11 1 0 0.06 0.0 0 1.6 8 350 M M 5 1 15 190
12 64 48 56 3 9 0 0.00 0.0 0 3.8 14 10 M M 1 1 22 10
13 69 42 56 3 9 0 T 0.0 0 6.8 23 360 M M 6 18 41 360
14 52 36 44 -8 21 0 0.00 0.0 0 4.6 20 350 M M 2 37 20
15 59 40 50 -2 15 0 0.00 0.0 0 2.7 12 340 M M 6 8 23 350
16 58 36 47 -5 18 0 0.00 0.0 0 3.8 13 340 M M 0 22 330
17 66 30 48 -4 17 0 0.00 0.0 0 2.0 9 170 M M 0 17 150
18 64 38 51 -1 14 0 T 0.0 0 3.6 12 180 M M 6 1 27 170
19 69 44 57 5 8 0 0.77 0.0 0 1.8 9 340 M M 6 13 17 310
20 69 42 56 4 9 0 0.00 0.0 0 2.1 10 310 M M 0 18 300
21 75 40 58 6 7 0 0.00 0.0 0 1.3 9 210 M M 0 17 200
22 75 43 59 8 6 0 0.00 0.0 0 4.5 12 170 M M 3 24 180
23 82 47 65 14 0 0 0.00 0.0 0 6.9 21 360 M M 6 39 350
24 57 34 46 -5 19 0 0.00 0.0 0 7.1 21 340 M M 0 39 10
25 71 41 56 5 9 0 0.00 0.0 0 3.5 10 290 M M 0 18 290
26 71 35 53 2 12 0 0.00 0.0 0 3.6 14 190 M M 0 27 190
27 77 47 62 11 3 0 0.00 0.0 0 3.3 14 210 M M 0 29 220
28 75 56 66 15 0 1 T 0.0 0 4.7 14 140 M M 9 1 23 140
29 77 63 70 19 0 5 T 0.0 0 10.0 20 160 M M 6 37 170
30 75 44 60 9 5 0 1.45 0.0 0 8.4 20 10 M M 7 1 31 360
31 44 37 41 -10 24 0 1.78 0.0 0 7.4 15 340 M M 10 13 28 360
================================================================================
SM 2102 1302 313 6 4.07 0.0 129.6 M 83
================================================================================
AV 67.8 42.0 4.2 FASTST M M 3 MAX(MPH)
MISC ----> 23 360 41 360
================================================================================
NOTES:
# LAST OF SEVERAL OCCURRENCES
COLUMN 17 PEAK WIND IN M.P.H.
PRELIMINARY LOCAL CLIMATOLOGICAL DATA (WS FORM: F-6) , PAGE 2
STATION: AUSTIN CAMP MABRY
MONTH: DECEMBER
YEAR: 2020
LATITUDE: 30 17 N
LONGITUDE: 97 42 W
[TEMPERATURE DATA] [PRECIPITATION DATA] SYMBOLS USED IN COLUMN 16
AVERAGE MONTHLY: 54.9 TOTAL FOR MONTH: 4.07 1 = FOG OR MIST
DPTR FM NORMAL: 2.4 DPTR FM NORMAL: 1.67 2 = FOG REDUCING VISIBILITY
HIGHEST: 82 ON 23, 9 GRTST 24HR 3.10 ON 30-31 TO 1/4 MILE OR LESS
LOWEST: 30 ON 17, 1 3 = THUNDER
SNOW, ICE PELLETS, HAIL 4 = ICE PELLETS
TOTAL MONTH: 0.0 INCH 5 = HAIL
GRTST 24HR 0.0 6 = FREEZING RAIN OR DRIZZLE
GRTST DEPTH: 0 7 = DUSTSTORM OR SANDSTORM:
VSBY 1/2 MILE OR LESS
8 = SMOKE OR HAZE
[NO. OF DAYS WITH] [WEATHER - DAYS WITH] 9 = BLOWING SNOW
X = TORNADO
MAX 32 OR BELOW: 0 0.01 INCH OR MORE: 5
MAX 90 OR ABOVE: 0 0.10 INCH OR MORE: 3
MIN 32 OR BELOW: 2 0.50 INCH OR MORE: 3
MIN 0 OR BELOW: 0 1.00 INCH OR MORE: 2
[HDD (BASE 65) ]
TOTAL THIS MO. 313 CLEAR (SCALE 0-3) 18
DPTR FM NORMAL -87 PTCLDY (SCALE 4-7) 11
TOTAL FM JUL 1 459 CLOUDY (SCALE 8-10) 2
DPTR FM NORMAL -151
[CDD (BASE 65) ]
TOTAL THIS MO. 6
DPTR FM NORMAL -7 [PRESSURE DATA]
TOTAL FM JAN 1 3695 HIGHEST SLP 30.47 ON 24
DPTR FM NORMAL 556 LOWEST SLP 29.68 ON 31
[REMARKS]
#FINAL-12-20#