581
CXUS55 KABR 011200
CF6ATY
PRELIMINARY LOCAL CLIMATOLOGICAL DATA (WS FORM: F-6)
STATION: WATERTOWN SD
MONTH: NOVEMBER
YEAR: 2020
LATITUDE: 44 55 N
LONGITUDE: 97 9 W
TEMPERATURE IN F: :PCPN: SNOW: WIND :SUNSHINE: SKY :PK WND
================================================================================
1 2 3 4 5 6A 6B 7 8 9 10 11 12 13 14 15 16 17 18
12Z AVG MX 2MIN
DY MAX MIN AVG DEP HDD CDD WTR SNW DPTH SPD SPD DIR MIN PSBL S-S WX SPD DR
================================================================================
1 39 22 31 -7 34 0 0.00 0.0 0 10.9 28 330 M M 1 38 340
2 64 22 43 5 22 0 0.00 0.0 0 6.2 16 270 M M 0 22 260
3 72 35 54 17 11 0 0.00 0.0 0 7.4 13 250 M M 0 17 210
4 78 29 54 18 11 0 0.00 0.0 0 5.9 20 240 M M 0 26 230
5 69 32 51 15 14 0 0.00 0.0 0 6.3 15 220 M M 0 20 200
6 75 47 61 26 4 0 0.00 0.0 0 13.3 22 190 M M 0 33 180
7 70 52 61 26 4 0 0.00 0.0 0 16.1 29 170 M M 0 39 160
8 70 44 57 23 8 0 0.21 0.0 0 21.1 43 170 M M 4 1 58 170
9 44 24 34 0 31 0 0.75 T T 15.6 28 340 M M 7 16 35 320
10 25 18 22 -11 43 0 T 0.1 T 7.6 16 310 M M 5 1 20 310
11 42 19 31 -1 34 0 0.00 0.0 T 11.7 21 230 M M 1 28 230
12 28 15 22 -10 43 0 0.00 0.0 0 11.6 20 290 M M 4 27 270
13 36 13 25 -6 40 0 0.00 0.0 T 13.7 26 180 M M 0 36 180
14 43 29 36 5 29 0 0.00 0.0 0 12.9 33 320 M M 2 45 320
15 35 20 28 -2 37 0 T T 0 17.2 33 310 M M 5 8 51 310
16 42 18 30 0 35 0 0.00 0.0 0 11.5 26 310 M M 5 36 300
17 41 14 28 -1 37 0 0.00 0.0 0 9.6 20 150 M M 3 29 140
18 53 32 43 15 22 0 0.00 0.0 0 13.0 24 170 M M 0 30 150
19 59 31 45 17 20 0 T 0.0 0 6.9 15 300 M M 2 21 310
20 38 21 30 3 35 0 0.00 0.0 0 8.0 21 330 M M 1 1 27 330
21 43 19 31 5 34 0 0.03 0.0 0 9.1 17 200 M M 3 18 22 200
22 38 20 29 3 36 0 0.00 0.0 0 8.4 18 300 M M 1 1 25 300
23 41 18 30 5 35 0 0.00 0.0 0 14.1 26 160 M M 5 1 37 170
24 37 25 31 6 34 0 T T 0 11.6 20 340 M M 10 1 27 140
25 32 24 28 4 37 0 0.00 0.0 0 7.8 18 160 M M 8 1 24 180
26 37 20 29 5 36 0 0.00 0.0 0 9.5 14 230 M M 6 1 M M
27 41 16 29 6 36 0 0.00 0.0 0 9.7 20 220 M M 0 27 230
28 52 20 36 14 29 0 0.00 0.0 0 9.4 18 320 M M 0 26 320
29 41 19 30 8 35 0 0.00 0.0 0 18.1 35 330 M M 1 48 340
30 39 8 24 2 41 0 0.00 0.0 0 7.0 15 150 M M 0 20 160
================================================================================
SM 1424 726 867 0 0.99 0.1 331.2 M 74
================================================================================
AV 47.5 24.2 11.0 FASTST M M 2 MAX(MPH)
MISC ----> 43 170 58 170
================================================================================
NOTES:
# LAST OF SEVERAL OCCURRENCES
COLUMN 17 PEAK WIND IN M.P.H.
PRELIMINARY LOCAL CLIMATOLOGICAL DATA (WS FORM: F-6) , PAGE 2
STATION: WATERTOWN SD
MONTH: NOVEMBER
YEAR: 2020
LATITUDE: 44 55 N
LONGITUDE: 97 9 W
[TEMPERATURE DATA] [PRECIPITATION DATA] SYMBOLS USED IN COLUMN 16
AVERAGE MONTHLY: 35.8 TOTAL FOR MONTH: 0.99 1 = FOG OR MIST
DPTR FM NORMAL: 6.0 DPTR FM NORMAL: 0.23 2 = FOG REDUCING VISIBILITY
HIGHEST: 78 ON 4 GRTST 24HR 0.96 ON 8- 9 TO 1/4 MILE OR LESS
LOWEST: 8 ON 30 3 = THUNDER
SNOW, ICE PELLETS, HAIL 4 = ICE PELLETS
TOTAL MONTH: 0.1 INCH 5 = HAIL
GRTST 24HR 0.1 ON 10-10 6 = FREEZING RAIN OR DRIZZLE
GRTST DEPTH: T 7 = DUSTSTORM OR SANDSTORM:
VSBY 1/2 MILE OR LESS
8 = SMOKE OR HAZE
[NO. OF DAYS WITH] [WEATHER - DAYS WITH] 9 = BLOWING SNOW
X = TORNADO
MAX 32 OR BELOW: 3 0.01 INCH OR MORE: 3
MAX 90 OR ABOVE: 0 0.10 INCH OR MORE: 2
MIN 32 OR BELOW: 26 0.50 INCH OR MORE: 1
MIN 0 OR BELOW: 0 1.00 INCH OR MORE: 0
[HDD (BASE 65) ]
TOTAL THIS MO. 867 CLEAR (SCALE 0-3) 19
DPTR FM NORMAL -189 PTCLDY (SCALE 4-7) 10
TOTAL FM JUL 1 1832 CLOUDY (SCALE 8-10) 1
DPTR FM NORMAL -107
[CDD (BASE 65) ]
TOTAL THIS MO. 0
DPTR FM NORMAL 0 [PRESSURE DATA]
TOTAL FM JAN 1 659 HIGHEST SLP 30.58 ON 20
DPTR FM NORMAL 144 LOWEST SLP 29.40 ON 14
[REMARKS]
#FINAL-11-20#