000
CXUS53 KGID 011104 CCB
CF6AUH
PRELIMINARY LOCAL CLIMATOLOGICAL DATA (WS FORM: F-6)
STATION: AURORA NE
MONTH: MARCH
YEAR: 2022
LATITUDE: 40 54 N
LONGITUDE: 97 59 W
TEMPERATURE IN F: :PCPN: SNOW: WIND :SUNSHINE: SKY :PK WND
================================================================================
1 2 3 4 5 6A 6B 7 8 9 10 11 12 13 14 15 16 17 18
12Z AVG MX 2MIN
DY MAX MIN AVG DEP HDD CDD WTR SNW DPTH SPD SPD DIR MIN PSBL S-S WX SPD DR
================================================================================
1 74 34 54 M 11 0 0.00 M M 8.9 15 300 M M 0 20 320
2 77 35 56 M 9 0 0.00 M M 9.4 20 60 M M 0 24 60
3 52 26 39 M 26 0 0.00 M M 14.2 18 70 M M 2 24 70
4 74 30 52 M 13 0 0.00 M M 14.8 21 200 M M 1 30 200
5 57 26 42 M 23 0 0.03 M M 17.5 27 320 M M 8 1 40 320
6 32 18 25 M 40 0 M M M 15.5 22 350 M M 5 27 330
7 38 12 25 M 40 0 M M M 10.6 17 320 M M 1 22 320
8 50 11 31 M 34 0 0.00 M M 12.9 28 350 M M 1 35 350
9 25 10 18 M 47 0 M M M 10.3 16 20 M M 7 1 20 10
10 27 12 20 M 45 0 M M M 4.8 10 250 M M 7 M M
11 30 1 16 M 49 0 0.00 M M 13.0 21 340 M M 1 28 330
12 47 -1 23 M 42 0 0.00 M M 12.3 22 220 M M 1 27 200
13 70 27 49 M 16 0 0.00 M M 9.8 15 170 M M 0 22 190
14 51 29 40 M 25 0 0.00 M M 15.3 30 10 M M 0 37 10
15 64 19 42 M 23 0 0.00 M M 9.2 15 170 M M 0 20 210
16 72 31 52 M 13 0 0.00 M M 11.8 17 20 M M 2 27 10
17 52 37 45 M 20 0 0.08 M M 17.0 28 20 M M 8 33 20
18 56 27 42 M 23 0 0.00 M M 11.9 22 330 M M 2 29 330
19 68 23 46 M 19 0 0.00 M M 7.3 16 300 M M 1 23 300
20 79 35 57 M 8 0 0.00 M M 15.5 27 200 M M 0 38 190
21 65 38 52 M 13 0 0.28 M M 17.4 27 10 M M 4 38 10
22 49 34 42 M 23 0 M M M 28.8 43 10 M M 6 52 10
23 41 28 35 M 30 0 0.00 M M 21.5 38 350 M M 6 46 350
24 53 33 43 M 22 0 0.00 M M 9.3 17 320 M M 6 29 320
25 57 31 44 M 21 0 0.00 M M 17.1 30 340 M M 2 40 330
26 51 24 38 M 27 0 0.00 M M 8.0 13 30 M M 0 18 30
27 47 27 37 M 28 0 0.00 M M 9.8 14 110 M M 3 17 80
28 59 27 43 M 22 0 0.00 M M 15.6 23 130 M M 0 33 150
29 82 36 59 M 6 0 0.00 M M 22.2 43 330 M M 1 51 330
30 41 28 35 M 30 0 M M M 25.9 33 330 M M 10 44 330
31 51 28 40 M 25 0 T M M 13.3 24 330 M M 4 29 330
================================================================================
SM 1691 776 773 0 M M 430.9 M 89
================================================================================
AV 54.5 25.0 13.9 FASTST M M 3 MAX(MPH)
MISC ----> # 43 10 M M
================================================================================
NOTES:
# LAST OF SEVERAL OCCURRENCES
COLUMN 17 PEAK WIND IN M.P.H.
PRELIMINARY LOCAL CLIMATOLOGICAL DATA (WS FORM: F-6) , PAGE 2
STATION: AURORA NE
MONTH: MARCH
YEAR: 2022
LATITUDE: 40 54 N
LONGITUDE: 97 59 W
[TEMPERATURE DATA] [PRECIPITATION DATA] SYMBOLS USED IN COLUMN 16
AVERAGE MONTHLY: 39.8 TOTAL FOR MONTH: M 1 = FOG OR MIST
DPTR FM NORMAL: M DPTR FM NORMAL: M 2 = FOG REDUCING VISIBILITY
HIGHEST: 82 ON 29 GRTST 24HR M ON M TO 1/4 MILE OR LESS
LOWEST: -1 ON 12 3 = THUNDER
SNOW, ICE PELLETS, HAIL 4 = ICE PELLETS
TOTAL MONTH: M 5 = HAIL
GRTST 24HR M ON M 6 = FREEZING RAIN OR DRIZZLE
GRTST DEPTH: M ON M 7 = DUSTSTORM OR SANDSTORM:
VSBY 1/2 MILE OR LESS
8 = SMOKE OR HAZE
[NO. OF DAYS WITH] [WEATHER - DAYS WITH] 9 = BLOWING SNOW
X = TORNADO
MAX 32 OR BELOW: 4 0.01 INCH OR MORE: M
MAX 90 OR ABOVE: 0 0.10 INCH OR MORE: M
MIN 32 OR BELOW: 23 0.50 INCH OR MORE: M
MIN 0 OR BELOW: 1 1.00 INCH OR MORE: M
[HDD (BASE 65) ]
TOTAL THIS MO. 773 CLEAR (SCALE 0-3) 19
DPTR FM NORMAL M PTCLDY (SCALE 4-7) 10
TOTAL FM JUL 1 4802 CLOUDY (SCALE 8-10) 2
DPTR FM NORMAL M
[CDD (BASE 65) ]
TOTAL THIS MO. 0
DPTR FM NORMAL M [PRESSURE DATA]
TOTAL FM JAN 1 0 HIGHEST SLP M ON M
DPTR FM NORMAL M LOWEST SLP M ON M
[REMARKS]
#FINAL-03-22#